{"id":895,"date":"2024-09-15T13:18:49","date_gmt":"2024-09-15T13:18:49","guid":{"rendered":"https:\/\/ensude.com\/?page_id=895"},"modified":"2024-11-02T10:20:53","modified_gmt":"2024-11-02T10:20:53","slug":"lineer-moduller","status":"publish","type":"page","link":"https:\/\/ensude.com\/index.php\/lineer-moduller\/","title":{"rendered":"Lineer Mod\u00fcller"},"content":{"rendered":"<div class='breakdance'><section class=\"bde-section-895-100 bde-section\">\n  \n\t\n\n\n\n<div class=\"section-container\"><h1 class=\"bde-heading-895-101 bde-heading\">\nLineer Mod\u00fcller\n<\/h1><div class=\"bde-rich-text-895-102 bde-rich-text breakdance-rich-text-styles\">\n<ul>\n<li>Kolay Montaj<\/li>\n<li>Sessiz \u00c7al\u0131\u015fma<\/li>\n<li>Y\u00fcksek H\u0131z ve Hassasiyet<\/li>\n<li>Uzun Strok Alternatifi<\/li>\n<li>Y\u00fcksek Ta\u015f\u0131ma Kapasitesi<\/li>\n<li>Uzun \u00c7al\u0131\u015fma \u00d6mr\u00fc<\/li>\n<\/ul>\n<\/div><div class=\"bde-columns-895-103 bde-columns\"><div class=\"bde-column-895-104 bde-column\">\n  \n\t\n\n\n\n<div class=\"bde-image-box-895-110 bde-image-box\">\n<div class=\"ee-imagebox-image\">\n  <img loading=\"lazy\" decoding=\"async\" class=\"breakdance-image-object\" src=\"https:\/\/ensude.com\/wp-content\/uploads\/2024\/08\/KST8080.png\" width=\"471\" height=\"392\" sizes=\"auto, (max-width: 471px) 100vw, 471px\">\n<\/div>\n<div class=\"ee-imagebox-content\">\n      <p class=\"ee-imagebox-title bde-h3\" >KST 8080<\/p>\n    \n      <div class=\"ee-imagebox-text\" >Lineer Mod\u00fcl (Eksen) - Triger Kay\u0131\u015fl\u0131 Yataklama : Rayl\u0131 K\u0131zak ve Araba<\/div>\n    \n          \n                                    \n    \n    \n    \n    \n            \n                    \n            \n            \n\n    \n    \n    \n    \n    \n    <a class=\"breakdance-link button-atom button-atom--custom ee-imagebox-button\" href=\"https:\/\/ensude.com\/?page_id=899\" target=\"_self\" data-type=\"url\"  >\n\n    \n        <span class=\"button-atom__text\">\u00dcR\u00dcN DETAY<\/span>\n\n        \n        \n                <\/a>\n\n    \n\n  <\/div>\n\n<\/div>\n<\/div><div class=\"bde-column-895-105 bde-column\">\n  \n\t\n\n\n\n<div class=\"bde-image-box-895-111 bde-image-box\">\n<div class=\"ee-imagebox-image\">\n  <img loading=\"lazy\" decoding=\"async\" class=\"breakdance-image-object\" src=\"https:\/\/ensude.com\/wp-content\/uploads\/2024\/08\/KST8080M_.png\" width=\"471\" height=\"392\" sizes=\"auto, (max-width: 471px) 100vw, 471px\">\n<\/div>\n<div class=\"ee-imagebox-content\">\n      <p class=\"ee-imagebox-title bde-h3\" >KST 8080 M<\/p>\n    \n      <div class=\"ee-imagebox-text\" >Lineer Mod\u00fcl  (Eksen) - Triger Kay\u0131\u015fl\u0131 Yataklama : Makaral\u0131 Ray ve Araba<\/div>\n    \n          \n                                    \n    \n    \n    \n    \n            \n                    \n            \n            \n\n    \n    \n    \n    \n    \n    <a class=\"breakdance-link button-atom button-atom--custom ee-imagebox-button\" href=\"https:\/\/ensude.com\/?page_id=912\" target=\"_self\" data-type=\"url\"  >\n\n    \n        <span class=\"button-atom__text\">\u00dcR\u00dcN DETAY<\/span>\n\n        \n        \n                <\/a>\n\n    \n\n  <\/div>\n\n<\/div>\n<\/div><div class=\"bde-column-895-106 bde-column\">\n  \n\t\n\n\n\n<div class=\"bde-image-box-895-112 bde-image-box\">\n<div class=\"ee-imagebox-image\">\n  <img loading=\"lazy\" decoding=\"async\" class=\"breakdance-image-object\" src=\"https:\/\/ensude.com\/wp-content\/uploads\/2024\/08\/KST120120.png\" width=\"471\" height=\"392\" sizes=\"auto, (max-width: 471px) 100vw, 471px\">\n<\/div>\n<div class=\"ee-imagebox-content\">\n      <p class=\"ee-imagebox-title bde-h3\" >KST 120120<\/p>\n    \n      <div class=\"ee-imagebox-text\" >Lineer Mod\u00fcl  (Eksen) - Triger Kay\u0131\u015fl\u0131 Yataklama : Rayl\u0131 K\u0131zak ve Araba<\/div>\n    \n          \n                                    \n    \n    \n    \n    \n            \n                    \n            \n            \n\n    \n    \n    \n    \n    \n    <a class=\"breakdance-link button-atom button-atom--custom ee-imagebox-button\" href=\"https:\/\/ensude.com\/?page_id=922\" target=\"_self\" data-type=\"url\"  >\n\n    \n        <span class=\"button-atom__text\">\u00dcR\u00dcN DETAY<\/span>\n\n        \n        \n                <\/a>\n\n    \n\n  <\/div>\n\n<\/div>\n<\/div><\/div><div class=\"bde-columns-895-115 bde-columns\"><div class=\"bde-column-895-116 bde-column\">\n  \n\t\n\n\n\n<div class=\"bde-image-box-895-113 bde-image-box\">\n<div class=\"ee-imagebox-image\">\n  <img loading=\"lazy\" decoding=\"async\" class=\"breakdance-image-object\" src=\"https:\/\/ensude.com\/wp-content\/uploads\/2024\/08\/KST120120M.png\" width=\"471\" height=\"392\" sizes=\"auto, (max-width: 471px) 100vw, 471px\">\n<\/div>\n<div class=\"ee-imagebox-content\">\n      <p class=\"ee-imagebox-title bde-h3\" >KST 120120 M<\/p>\n    \n      <div class=\"ee-imagebox-text\" >Lineer Mod\u00fcl  (Eksen) - Triger Kay\u0131\u015fl\u0131 Yataklama : Makaral\u0131 Ray ve Araba<\/div>\n    \n          \n                                    \n    \n    \n    \n    \n            \n                    \n            \n            \n\n    \n    \n    \n    \n    \n    <a class=\"breakdance-link button-atom button-atom--custom ee-imagebox-button\" href=\"https:\/\/ensude.com\/?page_id=929\" target=\"_self\" data-type=\"url\"  >\n\n    \n        <span class=\"button-atom__text\">\u00dcR\u00dcN DETAY<\/span>\n\n        \n        \n                <\/a>\n\n    \n\n  <\/div>\n\n<\/div>\n<\/div><div class=\"bde-column-895-117 bde-column\">\n  \n\t\n\n\n\n<div class=\"bde-image-box-895-114 bde-image-box\">\n<div class=\"ee-imagebox-image\">\n  <img loading=\"lazy\" decoding=\"async\" class=\"breakdance-image-object\" src=\"https:\/\/ensude.com\/wp-content\/uploads\/2024\/08\/KSB.png\" width=\"471\" height=\"392\" sizes=\"auto, (max-width: 471px) 100vw, 471px\">\n<\/div>\n<div class=\"ee-imagebox-content\">\n      <p class=\"ee-imagebox-title bde-h3\" >KSB 50 - 65 - 100<\/p>\n    \n      <div class=\"ee-imagebox-text\" >Lineer Mod\u00fcl  (Eksen) - Vidal\u0131 Milli Yataklama : Makaral\u0131 Ray ve Araba<\/div>\n    \n          \n                                    \n    \n    \n    \n    \n            \n                    \n            \n            \n\n    \n    \n    \n    \n    \n    <a class=\"breakdance-link button-atom button-atom--custom ee-imagebox-button\" href=\"https:\/\/ensude.com\/?page_id=936\" target=\"_self\" data-type=\"url\"  >\n\n    \n        <span class=\"button-atom__text\">\u00dcR\u00dcN DETAY<\/span>\n\n        \n        \n                <\/a>\n\n    \n\n  <\/div>\n\n<\/div>\n<\/div><div class=\"bde-column-895-118 bde-column\">\n  \n\t\n\n\n\n\n<\/div><\/div><\/div>\n<\/section><\/div>","protected":false},"excerpt":{"rendered":"<p>Lineer Mod\u00fcller Kolay Montaj Sessiz \u00c7al\u0131\u015fma Y\u00fcksek H\u0131z ve Hassasiyet Uzun Strok Alternatifi Y\u00fcksek Ta\u015f\u0131ma Kapasitesi Uzun \u00c7al\u0131\u015fma \u00d6mr\u00fc KST 8080 Lineer Mod\u00fcl (Eksen) &#8211; Triger Kay\u0131\u015fl\u0131 Yataklama : Rayl\u0131 K\u0131zak ve Araba \u00dcR\u00dcN DETAY KST 8080 M Lineer Mod\u00fcl (Eksen) &#8211; Triger Kay\u0131\u015fl\u0131 Yataklama : Makaral\u0131 Ray ve Araba \u00dcR\u00dcN DETAY KST 120120 Lineer [&hellip;]<\/p>\n","protected":false},"author":1,"featured_media":0,"parent":0,"menu_order":0,"comment_status":"closed","ping_status":"closed","template":"","meta":{"_acf_changed":false,"_breakdance_hide_in_design_set":false,"_breakdance_tags":"","footnotes":""},"class_list":["post-895","page","type-page","status-publish","hentry"],"acf":[],"_links":{"self":[{"href":"https:\/\/ensude.com\/index.php\/wp-json\/wp\/v2\/pages\/895","targetHints":{"allow":["GET"]}}],"collection":[{"href":"https:\/\/ensude.com\/index.php\/wp-json\/wp\/v2\/pages"}],"about":[{"href":"https:\/\/ensude.com\/index.php\/wp-json\/wp\/v2\/types\/page"}],"author":[{"embeddable":true,"href":"https:\/\/ensude.com\/index.php\/wp-json\/wp\/v2\/users\/1"}],"replies":[{"embeddable":true,"href":"https:\/\/ensude.com\/index.php\/wp-json\/wp\/v2\/comments?post=895"}],"version-history":[{"count":12,"href":"https:\/\/ensude.com\/index.php\/wp-json\/wp\/v2\/pages\/895\/revisions"}],"predecessor-version":[{"id":2685,"href":"https:\/\/ensude.com\/index.php\/wp-json\/wp\/v2\/pages\/895\/revisions\/2685"}],"wp:attachment":[{"href":"https:\/\/ensude.com\/index.php\/wp-json\/wp\/v2\/media?parent=895"}],"curies":[{"name":"wp","href":"https:\/\/api.w.org\/{rel}","templated":true}]}}