{"id":3312,"date":"2025-06-11T21:15:45","date_gmt":"2025-06-11T21:15:45","guid":{"rendered":"https:\/\/ensude.com\/?page_id=3312"},"modified":"2025-06-11T21:15:45","modified_gmt":"2025-06-11T21:15:45","slug":"anti-statik-guc-unitesi-kaynagi","status":"publish","type":"page","link":"https:\/\/ensude.com\/index.php\/anti-statik-guc-unitesi-kaynagi\/","title":{"rendered":"Anti Statik G\u00fc\u00e7 \u00dcnitesi (Kayna\u011f\u0131)"},"content":{"rendered":"<div class='breakdance'><section class=\"bde-section-3312-100 bde-section\">\n  \n\t\n\n\n\n<div class=\"section-container\"><h1 class=\"bde-heading-3312-101 bde-heading\">\nAnti Statik G\u00fc\u00e7 \u00dcnitesi (Kayna\u011f\u0131)\n<\/h1><div class=\"bde-columns-3312-102 bde-columns\"><div class=\"bde-column-3312-103 bde-column\">\n  \n\t\n\n\n\n<div class=\"bde-image-3312-104 bde-image\">\n<figure class=\"breakdance-image breakdance-image--3318\">\n\t<div class=\"breakdance-image-container\">\n\t\t<div class=\"breakdance-image-clip\"><img loading=\"lazy\" decoding=\"async\" class=\"breakdance-image-object\" src=\"https:\/\/ensude.com\/wp-content\/uploads\/2025\/06\/statik001.png\" width=\"1201\" height=\"501\" srcset=\"https:\/\/ensude.com\/wp-content\/uploads\/2025\/06\/statik001.png 1201w, https:\/\/ensude.com\/wp-content\/uploads\/2025\/06\/statik001-640x267.png 640w, https:\/\/ensude.com\/wp-content\/uploads\/2025\/06\/statik001-768x320.png 768w\" sizes=\"auto, (max-width: 1201px) 100vw, 1201px\"><\/div>\n\t<\/div><\/figure>\n\n<\/div>\n<\/div><\/div><div class=\"bde-rich-text-3312-105 bde-rich-text breakdance-rich-text-styles\">\n<p><strong>Statik Elektrik Jenerat\u00f6r\u00fc<\/strong><\/p>\n<p>Model 100-101 Statik Elektrik Al\u0131c\u0131 G\u00fc\u00e7 Kaynaklar\u0131, son teknoloji y\u00fcksek performansl\u0131 kompakt tip AC statik eliminat\u00f6rler (antistatik bar, antistatik hava tabancas\u0131, antistatik nozul, vb.) i\u00e7in tasarlanm\u0131\u015f g\u00fc\u00e7 kaynaklar\u0131d\u0131r.<\/p>\n<p>Statik elektrik al\u0131c\u0131 g\u00fc\u00e7 kayna\u011f\u0131, AC y\u00fcksek voltaj\u0131, sabit de\u011ferde, kontroll\u00fc ve g\u00fcvenli bir \u015fekilde AC statik iyonizerlere iletir.<\/p>\n<p>Kompakt ve k\u00fc\u00e7\u00fck yap\u0131ya sahip olan Model 101 Statik G\u00fc\u00e7 Kayna\u011f\u0131, konnekt\u00f6rl\u00fc yap\u0131s\u0131yla kolay montaj ve elektriksel ba\u011flant\u0131 sa\u011flar. Konnekt\u00f6rl\u00fc yap\u0131s\u0131 sayesinde i\u00e7erisinde kablo ba\u011flant\u0131s\u0131 yapmaya gerek kalmaz.<\/p>\n<p><img loading=\"lazy\" decoding=\"async\" class=\"alignright size-full wp-image-3319\" src=\"https:\/\/ensude.com\/wp-content\/uploads\/2024\/07\/statik001_01.png\" alt=\"\" width=\"1201\" height=\"332\" srcset=\"https:\/\/ensude.com\/wp-content\/uploads\/2024\/07\/statik001_01.png 1201w, https:\/\/ensude.com\/wp-content\/uploads\/2024\/07\/statik001_01-640x177.png 640w, https:\/\/ensude.com\/wp-content\/uploads\/2024\/07\/statik001_01-768x212.png 768w\" sizes=\"auto, (max-width: 1201px) 100vw, 1201px\" \/><\/p>\n<p>Statik elektrik g\u00fc\u00e7 \u00fcnitesi, bar\u0131nd\u0131rd\u0131\u011f\u0131 koruma devresi sayesinde g\u00fc\u00e7 sa\u011flad\u0131\u011f\u0131 iyonizerlerde veya kablolar\u0131nda olu\u015fabilecek k\u0131sa devre durumunda (antistatik barlar\u0131n a\u015f\u0131r\u0131 kirlenmesi veya kablosunun mekanik darbeye maruz kalmas\u0131 gibi) y\u00fcksek voltaj\u0131 keser ve g\u00fcvenli\u011fi sa\u011flar.<\/p>\n<ul>\n<li><strong>Kompakt ve k\u00fc\u00e7\u00fck yap\u0131<\/strong><\/li>\n<li><strong>Tak-\u00c7al\u0131\u015ft\u0131r: Konnekt\u00f6rl\u00fc ba\u011flant\u0131<\/strong><\/li>\n<li><strong>Kolay montaj ve elektriksel ba\u011flant\u0131<\/strong><\/li>\n<li><strong>Uzun \u00f6m\u00fcrl\u00fc, g\u00fcvenli ve sorunsuz<\/strong><\/li>\n<li><strong>IP54 kasa<\/strong><\/li>\n<li><strong>Operat\u00f6r g\u00fcvenli\u011fi i\u00e7in 5 mA \u00e7\u0131k\u0131\u015f ak\u0131m\u0131 s\u0131n\u0131rlamas\u0131<\/strong><\/li>\n<li><strong>\u00c7\u0131k\u0131\u015f i\u00e7in k\u0131sa devre korumas\u0131<\/strong><\/li>\n<\/ul>\n<table border=\"1\" cellspacing=\"0\" cellpadding=\"10\" align=\"center\"><caption>\n<h3>\u00d6zellikler<\/h3>\n<\/caption>\n<tbody>\n<tr>\n<td scope=\"row\">\n<p style=\"text-align: left;\"><strong>Yap\u0131<\/strong><\/p>\n<\/td>\n<td>\n<p>Ka\u00e7ak ak\u0131mlara kar\u015f\u0131 topraklanm\u0131\u015f, elektrostatik toz boyal\u0131 \u00e7elik kasa. Tamamen yal\u0131t\u0131lm\u0131\u015f transformat\u00f6r.<\/p>\n<\/td>\n<\/tr>\n<tr>\n<td>\n<p style=\"text-align: left;\"><strong>A\u011f\u0131rl\u0131k\u00a0<\/strong><\/p>\n<\/td>\n<td>\n<p>3.9 kg<\/p>\n<\/td>\n<\/tr>\n<tr>\n<td>\n<p style=\"text-align: left;\"><strong>Giri\u015f<\/strong><\/p>\n<\/td>\n<td>\n<p>230 VAC~ | 50 Hz\u00a0 |\u00a0 Yakla\u015f\u0131k 50W<\/p>\n<\/td>\n<\/tr>\n<tr>\n<td>\n<p style=\"text-align: left;\"><strong>\u00c7\u0131k\u0131\u015f<\/strong><\/p>\n<\/td>\n<td>\n<p>4 \u00c7\u0131k\u0131\u015fl\u0131. 7-8 kV~ , 5 mA max.<\/p>\n<\/td>\n<\/tr>\n<tr>\n<td>\n<p style=\"text-align: left;\"><strong>Ortam<\/strong><\/p>\n<\/td>\n<td>\n<p>50\u00b0C Max. \u00e7al\u0131\u015fma s\u0131cakl\u0131\u011f\u0131, 70% rH Max. nem oran\u0131. Ortam kuru ve ya\u011fs\u0131z olmal\u0131.<\/p>\n<\/td>\n<\/tr>\n<tr>\n<td>\n<p style=\"text-align: left;\"><strong>G\u00fcvenlik\u00a0<\/strong><\/p>\n<\/td>\n<td>\n<p>\u00c7al\u0131\u015fan g\u00fcvenli\u011fi i\u00e7in s\u0131n\u0131rland\u0131r\u0131lm\u0131\u015f max 5 mA \u00e7\u0131k\u0131\u015f ak\u0131m\u0131. \u00c7\u0131k\u0131\u015fta k\u0131sa devre korumas\u0131 bulunmaktad\u0131r. K\u0131sa devre durumunda sistem kendini kapat\u0131r ve y\u00fcksek voltaj\u0131 keser. A\u015f\u0131r\u0131 y\u00fck veya ar\u0131za giderildi\u011finde G\u00fc\u00e7 \u00dcnitesi yeniden ba\u015flayacakt\u0131r.<\/p>\n<\/td>\n<\/tr>\n<tr>\n<td>\n<p style=\"text-align: left;\"><strong>Sertifika\u00a0<\/strong><\/p>\n<\/td>\n<td>\n<p>CE<\/p>\n<\/td>\n<\/tr>\n<\/tbody>\n<\/table>\n<\/div><\/div>\n<\/section><\/div>","protected":false},"excerpt":{"rendered":"<p>Anti Statik G\u00fc\u00e7 \u00dcnitesi (Kayna\u011f\u0131) Statik Elektrik Jenerat\u00f6r\u00fc Model 100-101 Statik Elektrik Al\u0131c\u0131 G\u00fc\u00e7 Kaynaklar\u0131, son teknoloji y\u00fcksek performansl\u0131 kompakt tip AC statik eliminat\u00f6rler (antistatik bar, antistatik hava tabancas\u0131, antistatik nozul, vb.) i\u00e7in tasarlanm\u0131\u015f g\u00fc\u00e7 kaynaklar\u0131d\u0131r. Statik elektrik al\u0131c\u0131 g\u00fc\u00e7 kayna\u011f\u0131, AC y\u00fcksek voltaj\u0131, sabit de\u011ferde, kontroll\u00fc ve g\u00fcvenli bir \u015fekilde AC statik iyonizerlere iletir. [&hellip;]<\/p>\n","protected":false},"author":1,"featured_media":0,"parent":0,"menu_order":0,"comment_status":"closed","ping_status":"closed","template":"","meta":{"_acf_changed":false,"_breakdance_hide_in_design_set":false,"_breakdance_tags":"","footnotes":""},"class_list":["post-3312","page","type-page","status-publish","hentry"],"acf":[],"_links":{"self":[{"href":"https:\/\/ensude.com\/index.php\/wp-json\/wp\/v2\/pages\/3312","targetHints":{"allow":["GET"]}}],"collection":[{"href":"https:\/\/ensude.com\/index.php\/wp-json\/wp\/v2\/pages"}],"about":[{"href":"https:\/\/ensude.com\/index.php\/wp-json\/wp\/v2\/types\/page"}],"author":[{"embeddable":true,"href":"https:\/\/ensude.com\/index.php\/wp-json\/wp\/v2\/users\/1"}],"replies":[{"embeddable":true,"href":"https:\/\/ensude.com\/index.php\/wp-json\/wp\/v2\/comments?post=3312"}],"version-history":[{"count":11,"href":"https:\/\/ensude.com\/index.php\/wp-json\/wp\/v2\/pages\/3312\/revisions"}],"predecessor-version":[{"id":3403,"href":"https:\/\/ensude.com\/index.php\/wp-json\/wp\/v2\/pages\/3312\/revisions\/3403"}],"wp:attachment":[{"href":"https:\/\/ensude.com\/index.php\/wp-json\/wp\/v2\/media?parent=3312"}],"curies":[{"name":"wp","href":"https:\/\/api.w.org\/{rel}","templated":true}]}}