{"id":2124,"date":"2024-09-15T12:23:26","date_gmt":"2024-09-15T12:23:26","guid":{"rendered":"https:\/\/ensude.com\/?page_id=2124"},"modified":"2025-04-03T20:06:14","modified_gmt":"2025-04-03T20:06:14","slug":"3d-baski","status":"publish","type":"page","link":"https:\/\/ensude.com\/index.php\/3d-baski\/","title":{"rendered":"3D Bask\u0131"},"content":{"rendered":"<div class='breakdance'><section class=\"bde-section-2124-100 bde-section\">\n  \n\t\n\n\n\n        <div class=\"section-shape-divider-wrapper section-shape-divider-wrapper--1\">\n          <span class=\"section-shape-divider\">\n                      <svg\n                xmlns=\"http:\/\/www.w3.org\/2000\/svg\"\n                viewBox=\"0 0 1440 320\"\n                preserveAspectRatio=\"none\"\n            >\n              \n            <\/svg>\n                    <\/span>\n      <\/div>\n  <div class=\"section-container\"><div class=\"bde-image-2124-101 bde-image\">\n<figure class=\"breakdance-image breakdance-image--2127 breakdance-image--caption-overlap\">\n\t<div class=\"breakdance-image-container\">\n\t\t<div class=\"breakdance-image-clip\"><div class=\"breakdance-image__mask\"><img loading=\"lazy\" decoding=\"async\" class=\"breakdance-image-object\" src=\"https:\/\/ensude.com\/wp-content\/uploads\/2024\/09\/3d-scaled.jpg\" width=\"2560\" height=\"1463\" srcset=\"https:\/\/ensude.com\/wp-content\/uploads\/2024\/09\/3d-scaled.jpg 2560w, https:\/\/ensude.com\/wp-content\/uploads\/2024\/09\/3d-640x366.jpg 640w, https:\/\/ensude.com\/wp-content\/uploads\/2024\/09\/3d-1280x731.jpg 1280w, https:\/\/ensude.com\/wp-content\/uploads\/2024\/09\/3d-768x439.jpg 768w, https:\/\/ensude.com\/wp-content\/uploads\/2024\/09\/3d-1536x878.jpg 1536w, https:\/\/ensude.com\/wp-content\/uploads\/2024\/09\/3d-2048x1170.jpg 2048w\" sizes=\"auto, (max-width: 2560px) 100vw, 2560px\"><\/div><\/div>\n\t<\/div><figcaption class=\"breakdance-image__caption\">3D Bask\u0131 ve Tarama<\/figcaption><\/figure>\n\n<\/div><div class=\"bde-rich-text-2124-102 bde-rich-text breakdance-rich-text-styles\">\n<p>EnSuDe olarak, on y\u0131llad\u0131r edindi\u011fimiz sekt\u00f6r tecr\u00fcbesini yenilik\u00e7i yakla\u015f\u0131mlarla harmanlayarak b\u00fcnyemize katt\u0131\u011f\u0131m\u0131z 3D bask\u0131 teknolojileri ile m\u00fc\u015fterilerimize \u00f6zel \u00e7\u00f6z\u00fcmler ortaya \u00e7\u0131karmaktay\u0131z. \u00dcr\u00fcn geli\u015ftirme d\u00f6g\u00fcs\u00fcn\u00fc h\u0131zland\u0131rmas\u0131n\u0131n yan\u0131s\u0131ra 3D bask\u0131 teknolojisi i\u015fe \u00f6zel karbon fiber destekli kullan\u0131labilir par\u00e7a \u00fcretimi ile \u00f6zel \u00fcretim \u00e7al\u0131\u015fmalarda etkin \u00e7\u00f6z\u00fcmler ortaya \u00e7\u0131karmaktad\u0131r.<\/p>\n<p>3D bask\u0131 ile geleneksel y\u00f6ntemler ile \u00fcretilmesi zor ve maliyetli tasar\u0131mlar hayat bulurken enerji ve i\u015f\u00e7ilik tasarrufunun yan\u0131s\u0131ra h\u0131zl\u0131 \u00e7\u00f6z\u00fcmler ile daha s\u00fcrd\u00fcr\u00fclebilir \u00fcretim s\u00fcreci sa\u011flamaktad\u0131r.<\/p>\n<\/div><div class=\"bde-columns-2124-103 bde-columns\"><div class=\"bde-column-2124-104 bde-column\">\n  \n\t\n\n\n\n<div class=\"bde-rich-text-2124-105 bde-rich-text breakdance-rich-text-styles\">\n<h1>Prototipleme ve H\u0131zl\u0131 \u00dcr\u00fcn Geli\u015ftirme<\/h1>\n<p>Sekt\u00f6rde h\u0131zl\u0131 \u00e7\u00f6z\u00fcmleri ile tan\u0131nan EnSuDe M\u00fchendislik prototiplerinizi ve fonksiyonel numunelerinizi h\u0131zla ve do\u011fru \u00e7\u00f6z\u00fcmler ile ihtiya\u00e7lar\u0131n\u0131z\u0131 kar\u015f\u0131lamaktay\u0131z. 3D bask\u0131 ve tarama s\u00fcre\u00e7lerimizde maliyet ve \u00fcretim s\u00fcre\u00e7lerindeki optimizasyon ile y\u00fcksek kaliteli \u00fcr\u00fcnler ile sekt\u00f6rde avantaj sa\u011flayarak ideal \u00e7\u00f6z\u00fcmler \u00fcretmeyiz.<\/p>\n<\/div>\n<\/div><div class=\"bde-column-2124-106 bde-column\">\n  \n\t\n\n\n\n<div class=\"bde-image-2124-107 bde-image\">\n<figure class=\"breakdance-image breakdance-image--3253\">\n\t<div class=\"breakdance-image-container\">\n\t\t<div class=\"breakdance-image-clip\"><img loading=\"lazy\" decoding=\"async\" class=\"breakdance-image-object\" src=\"https:\/\/ensude.com\/wp-content\/uploads\/2025\/04\/revopoint_.png\" width=\"1112\" height=\"1053\" srcset=\"https:\/\/ensude.com\/wp-content\/uploads\/2025\/04\/revopoint_.png 1112w, https:\/\/ensude.com\/wp-content\/uploads\/2025\/04\/revopoint_-640x606.png 640w, https:\/\/ensude.com\/wp-content\/uploads\/2025\/04\/revopoint_-768x727.png 768w\" sizes=\"auto, (max-width: 1112px) 100vw, 1112px\"><\/div>\n\t<\/div><\/figure>\n\n<\/div>\n<\/div><\/div><div class=\"bde-columns-2124-109 bde-columns\"><div class=\"bde-column-2124-110 bde-column\">\n  \n\t\n\n\n\n<div class=\"bde-image-2124-111 bde-image\">\n<figure class=\"breakdance-image breakdance-image--2161\">\n\t<div class=\"breakdance-image-container\">\n\t\t<div class=\"breakdance-image-clip\"><img loading=\"lazy\" decoding=\"async\" class=\"breakdance-image-object\" src=\"https:\/\/ensude.com\/wp-content\/uploads\/2024\/09\/3d2.jpg\" width=\"2048\" height=\"2048\" srcset=\"https:\/\/ensude.com\/wp-content\/uploads\/2024\/09\/3d2.jpg 2048w, https:\/\/ensude.com\/wp-content\/uploads\/2024\/09\/3d2-640x640.jpg 640w, https:\/\/ensude.com\/wp-content\/uploads\/2024\/09\/3d2-1280x1280.jpg 1280w, https:\/\/ensude.com\/wp-content\/uploads\/2024\/09\/3d2-160x160.jpg 160w, https:\/\/ensude.com\/wp-content\/uploads\/2024\/09\/3d2-768x768.jpg 768w, https:\/\/ensude.com\/wp-content\/uploads\/2024\/09\/3d2-1536x1536.jpg 1536w\" sizes=\"auto, (max-width: 2048px) 100vw, 2048px\"><\/div>\n\t<\/div><\/figure>\n\n<\/div>\n<\/div><div class=\"bde-column-2124-112 bde-column\">\n  \n\t\n\n\n\n<div class=\"bde-rich-text-2124-113 bde-rich-text breakdance-rich-text-styles\">\n<h1>\u00d6zel Makine ve Fikst\u00fcr Tasar\u0131m\u0131nda <br \/>3D Bask\u0131<\/h1>\n<p>3D bask\u0131 teknolojisi ile \u00f6zel makine ve fikst\u00fcr tasar\u0131mlar\u0131nda da b\u00fcy\u00fck avantajlar sunmaktad\u0131r. EnSude spesifik ihtiya\u00e7lar\u0131n\u0131za y\u00f6nelik \u00f6zel makine ve fikst\u00fcrleri 3D bask\u0131 ile \u00fcreterek, \u00fcretim s\u00fcre\u00e7lerini daha esnek ve verimli hale getiriyoruz. 3D bask\u0131 ile \u00fcretilen \u00f6zel tasar\u0131m fikst\u00fcrler, \u00fcretim s\u00fcrecinde y\u00fcksek hassasiyet ve tekrarlanabilirlik sa\u011flar. Ayn\u0131 zamanda, bu teknoloji, \u00f6zel makinelerin daha k\u0131sa s\u00fcrede ve daha d\u00fc\u015f\u00fck maliyetle \u00fcretilmesine olanak tan\u0131r. 3D bask\u0131 teknolojisinde kullan\u0131lan malzeme \u00e7e\u015fitlili\u011fimiz ile, tasar\u0131m ve \u00fcretim s\u00fcre\u00e7lerinde b\u00fcy\u00fck bir esneklik sa\u011flamaktay\u0131z. EnSuDe olarak, farkl\u0131 ihtiya\u00e7lar i\u00e7in en uygun malzemeyi se\u00e7erek, her projeye \u00f6zel \u00e7\u00f6z\u00fcmler sunmaktay\u0131z. Plastik, metal, re\u00e7ine ve kompozit malzemeler gibi geni\u015f bir yelpazede malzeme se\u00e7eneklerimiz ve tek par\u00e7ada farkl\u0131 renk bask\u0131 hizmetlerimiz ile karma\u015f\u0131k geometrilere sahip par\u00e7alar\u0131n \u00fcretimini m\u00fcmk\u00fcn k\u0131lmaktay\u0131z. Bu, tasar\u0131m \u00f6zg\u00fcrl\u00fc\u011f\u00fcn\u00fc art\u0131rarak, m\u00fc\u015fterilerimizin yenilik\u00e7i \u00fcr\u00fcnler geli\u015ftirmesine olanak tan\u0131r.<\/p>\n<\/div>\n<\/div><\/div><\/div>\n<\/section><\/div>","protected":false},"excerpt":{"rendered":"<p>3D Bask\u0131 ve Tarama EnSuDe olarak, on y\u0131llad\u0131r edindi\u011fimiz sekt\u00f6r tecr\u00fcbesini yenilik\u00e7i yakla\u015f\u0131mlarla harmanlayarak b\u00fcnyemize katt\u0131\u011f\u0131m\u0131z 3D bask\u0131 teknolojileri ile m\u00fc\u015fterilerimize \u00f6zel \u00e7\u00f6z\u00fcmler ortaya \u00e7\u0131karmaktay\u0131z. \u00dcr\u00fcn geli\u015ftirme d\u00f6g\u00fcs\u00fcn\u00fc h\u0131zland\u0131rmas\u0131n\u0131n yan\u0131s\u0131ra 3D bask\u0131 teknolojisi i\u015fe \u00f6zel karbon fiber destekli kullan\u0131labilir par\u00e7a \u00fcretimi ile \u00f6zel \u00fcretim \u00e7al\u0131\u015fmalarda etkin \u00e7\u00f6z\u00fcmler ortaya \u00e7\u0131karmaktad\u0131r. 3D bask\u0131 ile geleneksel y\u00f6ntemler ile [&hellip;]<\/p>\n","protected":false},"author":1,"featured_media":0,"parent":0,"menu_order":0,"comment_status":"closed","ping_status":"closed","template":"","meta":{"_acf_changed":false,"_breakdance_hide_in_design_set":false,"_breakdance_tags":"","footnotes":""},"class_list":["post-2124","page","type-page","status-publish","hentry"],"acf":[],"_links":{"self":[{"href":"https:\/\/ensude.com\/index.php\/wp-json\/wp\/v2\/pages\/2124","targetHints":{"allow":["GET"]}}],"collection":[{"href":"https:\/\/ensude.com\/index.php\/wp-json\/wp\/v2\/pages"}],"about":[{"href":"https:\/\/ensude.com\/index.php\/wp-json\/wp\/v2\/types\/page"}],"author":[{"embeddable":true,"href":"https:\/\/ensude.com\/index.php\/wp-json\/wp\/v2\/users\/1"}],"replies":[{"embeddable":true,"href":"https:\/\/ensude.com\/index.php\/wp-json\/wp\/v2\/comments?post=2124"}],"version-history":[{"count":6,"href":"https:\/\/ensude.com\/index.php\/wp-json\/wp\/v2\/pages\/2124\/revisions"}],"predecessor-version":[{"id":3254,"href":"https:\/\/ensude.com\/index.php\/wp-json\/wp\/v2\/pages\/2124\/revisions\/3254"}],"wp:attachment":[{"href":"https:\/\/ensude.com\/index.php\/wp-json\/wp\/v2\/media?parent=2124"}],"curies":[{"name":"wp","href":"https:\/\/api.w.org\/{rel}","templated":true}]}}