{"id":2014,"date":"2024-09-15T13:14:24","date_gmt":"2024-09-15T13:14:24","guid":{"rendered":"https:\/\/ensude.com\/?page_id=2014"},"modified":"2024-09-15T13:14:24","modified_gmt":"2024-09-15T13:14:24","slug":"guc-kaynaklari","status":"publish","type":"page","link":"https:\/\/ensude.com\/index.php\/guc-kaynaklari\/","title":{"rendered":"G\u00fc\u00e7 Kaynaklar\u0131"},"content":{"rendered":"<div class='breakdance'><section class=\"bde-section-2014-100 bde-section\">\n  \n\t\n\n\n\n<div class=\"section-container\"><h1 class=\"bde-heading-2014-101 bde-heading\">\nG\u00fc\u00e7 Kaynaklar\u0131\n<\/h1><div class=\"bde-columns-2014-102 bde-columns\"><div class=\"bde-column-2014-103 bde-column\">\n  \n\t\n\n\n\n<div class=\"bde-image-2014-104 bde-image\">\n<figure class=\"breakdance-image breakdance-image--2003\">\n\t<div class=\"breakdance-image-container\">\n\t\t<div class=\"breakdance-image-clip\"><img loading=\"lazy\" decoding=\"async\" class=\"breakdance-image-object\" src=\"https:\/\/ensude.com\/wp-content\/uploads\/2024\/09\/motorkontrol.png\" width=\"2000\" height=\"2000\" srcset=\"https:\/\/ensude.com\/wp-content\/uploads\/2024\/09\/motorkontrol.png 2000w, https:\/\/ensude.com\/wp-content\/uploads\/2024\/09\/motorkontrol-640x640.png 640w, https:\/\/ensude.com\/wp-content\/uploads\/2024\/09\/motorkontrol-1280x1280.png 1280w, https:\/\/ensude.com\/wp-content\/uploads\/2024\/09\/motorkontrol-160x160.png 160w, https:\/\/ensude.com\/wp-content\/uploads\/2024\/09\/motorkontrol-768x768.png 768w, https:\/\/ensude.com\/wp-content\/uploads\/2024\/09\/motorkontrol-1536x1536.png 1536w\" sizes=\"auto, (max-width: 2000px) 100vw, 2000px\"><\/div>\n\t<\/div><\/figure>\n\n<\/div>\n<\/div><div class=\"bde-column-2014-105 bde-column\">\n  \n\t\n\n\n\n<div class=\"bde-rich-text-2014-106 bde-rich-text breakdance-rich-text-styles\">\n<p>Farkl\u0131 g\u00fc\u00e7 kaynaklar\u0131m\u0131z t\u00fcm limoss \u00fcr\u00fcnleri i\u00e7in evrensel olarak uygulanabilir. MC serimiz (MC = motor kontrol\u00fc) farkl\u0131 duvar veya zemin transformat\u00f6rleri sunar. Bu, m\u00fc\u015fterinin transformat\u00f6r\u00fcn tam olarak nereye yerle\u015ftirilmesi gerekti\u011fine karar vermesine olanak tan\u0131r. G\u00fc\u00e7 kaynaklar\u0131, kendi fi\u015fleri veya adapt\u00f6r \u00e7\u00f6z\u00fcmleriyle ortak \u00fclke versiyonlar\u0131 i\u00e7in mevcuttur.<br \/><br \/>G\u00fcncel standartlara uygun \u00f6zel koruma tipleri ve s\u0131n\u0131flar\u0131, sigortalar, a\u015f\u0131r\u0131 y\u00fck korumas\u0131, k\u0131sa devre sigortas\u0131 ve gerilim azalt\u0131c\u0131 gibi \u00f6zellikler her g\u00fc\u00e7 kayna\u011f\u0131 i\u00e7in ayr\u0131 ayr\u0131 listelenmi\u015ftir.<br \/><br \/>Siyah limuzin g\u00fc\u00e7 kaynaklar\u0131m\u0131z\u0131 (g\u00f6vde rengi RAL 9005) gerekli kablo uzunluklar\u0131, \u00e7e\u015fitli \u00e7\u0131k\u0131\u015f voltajlar\u0131, \u00f6zel fi\u015fler, acil durum g\u00fcc\u00fc (pil ile) ve di\u011fer kombinasyon se\u00e7enekleriyle sunuyoruz.<\/p>\n<\/div>\n<\/div><\/div><div class=\"bde-accordion-2014-107 bde-accordion bde-accordion--bordered\"><div class=\"bde-accordion__content-wrapper-2014-108 bde-accordion__content-wrapper\">\n<h3 class=\"bde-accordion__title-tag\">\n  <button type=\"button\" class=\"bde-accordion__button\" id=\"accordion-button-108\" aria-controls=\"accordion-panel-108\" aria-expanded=\"false\">\n     <span class=\"bde-accordion__title\" >MC110<\/span>\n     <span class=\"bde-accordion__icon bde-accordion__icon--default\"><\/span>\n     <span class=\"bde-accordion__icon bde-accordion__icon--active\"><\/span>\n  <\/button>\n<\/h3>\n\n<div role=\"region\" class=\"bde-accordion__panel\" id=\"accordion-panel-108\" aria-labelledby=\"accordion-button-108\" hidden>\n   <div class=\"bde-columns-2014-109 bde-columns\"><div class=\"bde-column-2014-110 bde-column\">\n  \n\t\n\n\n\n<div class=\"bde-image-2014-111 bde-image\">\n<figure class=\"breakdance-image breakdance-image--2112\">\n\t<div class=\"breakdance-image-container\">\n\t\t<div class=\"breakdance-image-clip\"><img loading=\"lazy\" decoding=\"async\" class=\"breakdance-image-object\" src=\"https:\/\/ensude.com\/wp-content\/uploads\/2024\/09\/MC110_.png\" width=\"296\" height=\"298\" srcset=\"https:\/\/ensude.com\/wp-content\/uploads\/2024\/09\/MC110_.png 296w, https:\/\/ensude.com\/wp-content\/uploads\/2024\/09\/MC110_-160x160.png 160w\" sizes=\"auto, (max-width: 296px) 100vw, 296px\"><\/div>\n\t<\/div><\/figure>\n\n<\/div>\n<\/div><div class=\"bde-column-2014-112 bde-column\">\n  \n\t\n\n\n\n<div class=\"bde-rich-text-2014-113 bde-rich-text breakdance-rich-text-styles\">\n<p>AC adapt\u00f6r\u00fc MC110, iki adede kadar akt\u00fcat\u00f6r\u00fcn bulundu\u011fu t\u00fcm sistemler i\u00e7in k\u00fc\u00e7\u00fck, hafif ve kompakt temel modeldir.<\/p>\n<p><strong><span class=\"font-bold flex-1\">Giri\u015f Gerilimi: <\/span><\/strong><span class=\"pl-4 flex-1\">100 \u2013 240 VAC<br \/><\/span><strong><span class=\"font-bold flex-1\">\u00c7\u0131k\u0131\u015f Voltaj\u0131: <\/span><\/strong><span class=\"pl-4 flex-1\">24 veya 29 VDC<br \/><\/span><strong><span class=\"font-bold flex-1\">Nominal \u00c7\u0131k\u0131\u015f Ak\u0131m\u0131: <\/span><\/strong><span class=\"pl-4 flex-1\">1,0 \u2013 2,0A<br \/><\/span><strong><span class=\"font-bold flex-1\">Koruma T\u00fcr\u00fc: <\/span><\/strong><span class=\"pl-4 flex-1\">IP20<br \/><\/span><strong><span class=\"font-bold flex-1\">Koruma S\u0131n\u0131f\u0131: <\/span><\/strong><span class=\"pl-4 flex-1\">III<br \/><\/span><strong><span class=\"font-bold flex-1\">\u00dclke Versiyonu Fi\u015fi: <\/span><\/strong><span class=\"pl-4 flex-1\">AB, Birle\u015fik Krall\u0131k, ABD, AU, JP ve CCC<\/span><\/p>\n<\/div>\n<\/div><\/div>\n<\/div>\n\n\n\n<\/div><div class=\"bde-accordion__content-wrapper-2014-114 bde-accordion__content-wrapper\">\n<h3 class=\"bde-accordion__title-tag\">\n  <button type=\"button\" class=\"bde-accordion__button\" id=\"accordion-button-114\" aria-controls=\"accordion-panel-114\" aria-expanded=\"false\">\n     <span class=\"bde-accordion__title\" >MC115<\/span>\n     <span class=\"bde-accordion__icon bde-accordion__icon--default\"><\/span>\n     <span class=\"bde-accordion__icon bde-accordion__icon--active\"><\/span>\n  <\/button>\n<\/h3>\n\n<div role=\"region\" class=\"bde-accordion__panel\" id=\"accordion-panel-114\" aria-labelledby=\"accordion-button-114\" hidden>\n   <div class=\"bde-columns-2014-115 bde-columns\"><div class=\"bde-column-2014-116 bde-column\">\n  \n\t\n\n\n\n<div class=\"bde-image-2014-117 bde-image\">\n<figure class=\"breakdance-image breakdance-image--2019\">\n\t<div class=\"breakdance-image-container\">\n\t\t<div class=\"breakdance-image-clip\"><img loading=\"lazy\" decoding=\"async\" class=\"breakdance-image-object\" src=\"https:\/\/ensude.com\/wp-content\/uploads\/2024\/09\/MC115.png\" width=\"300\" height=\"300\" srcset=\"https:\/\/ensude.com\/wp-content\/uploads\/2024\/09\/MC115.png 300w, https:\/\/ensude.com\/wp-content\/uploads\/2024\/09\/MC115-160x160.png 160w\" sizes=\"auto, (max-width: 300px) 100vw, 300px\"><\/div>\n\t<\/div><\/figure>\n\n<\/div>\n<\/div><div class=\"bde-column-2014-118 bde-column\">\n  \n\t\n\n\n\n<div class=\"bde-rich-text-2014-119 bde-rich-text breakdance-rich-text-styles\">\n<p>AC adapt\u00f6r\u00fc MC115 daha b\u00fcy\u00fck bir rezerv kapasitesine sahiptir ve t\u00fcm standart sistemlerde kullan\u0131labilir.\u00a0Bak\u0131m sekt\u00f6r\u00fcndeki uygulamalarda ilk tercihtir.<\/p>\n<p><strong><span class=\"font-bold flex-1\">Giri\u015f Gerilimi: <\/span><\/strong><span class=\"pl-4 flex-1\">100 \u2013 240 VAC<br \/><\/span><strong><span class=\"font-bold flex-1\">\u00c7\u0131k\u0131\u015f Voltaj\u0131: <\/span><\/strong><span class=\"pl-4 flex-1\">24, 29 veya 35 VDC<br \/><\/span><strong><span class=\"font-bold flex-1\">Nominal \u00c7\u0131k\u0131\u015f Ak\u0131m\u0131: <\/span><\/strong><span class=\"pl-4 flex-1\">1,5 \u2013 2,5A<br \/><\/span><strong><span class=\"font-bold flex-1\">Koruma T\u00fcr\u00fc: <\/span><\/strong><span class=\"pl-4 flex-1\">IPX0 \u2013 IPX8<br \/><\/span><strong><span class=\"font-bold flex-1\">Koruma S\u0131n\u0131f\u0131: <\/span><\/strong><span class=\"pl-4 flex-1\">II<br \/><\/span><strong><span class=\"font-bold flex-1\">\u00dclke Versiyonu Fi\u015fi:<\/span><\/strong><span class=\"font-bold flex-1\">\u00a0AB, \u0130ngiltere, ABD, Avustralya ve JP<\/span><\/p>\n<\/div>\n<\/div><\/div>\n<\/div>\n\n\n\n<\/div><div class=\"bde-accordion__content-wrapper-2014-120 bde-accordion__content-wrapper\">\n<h3 class=\"bde-accordion__title-tag\">\n  <button type=\"button\" class=\"bde-accordion__button\" id=\"accordion-button-120\" aria-controls=\"accordion-panel-120\" aria-expanded=\"false\">\n     <span class=\"bde-accordion__title\" >MC120<\/span>\n     <span class=\"bde-accordion__icon bde-accordion__icon--default\"><\/span>\n     <span class=\"bde-accordion__icon bde-accordion__icon--active\"><\/span>\n  <\/button>\n<\/h3>\n\n<div role=\"region\" class=\"bde-accordion__panel\" id=\"accordion-panel-120\" aria-labelledby=\"accordion-button-120\" hidden>\n   <div class=\"bde-columns-2014-121 bde-columns\"><div class=\"bde-column-2014-122 bde-column\">\n  \n\t\n\n\n\n<div class=\"bde-image-2014-123 bde-image\">\n<figure class=\"breakdance-image breakdance-image--2020\">\n\t<div class=\"breakdance-image-container\">\n\t\t<div class=\"breakdance-image-clip\"><img loading=\"lazy\" decoding=\"async\" class=\"breakdance-image-object\" src=\"https:\/\/ensude.com\/wp-content\/uploads\/2024\/09\/MC120.png\" width=\"300\" height=\"300\" srcset=\"https:\/\/ensude.com\/wp-content\/uploads\/2024\/09\/MC120.png 300w, https:\/\/ensude.com\/wp-content\/uploads\/2024\/09\/MC120-160x160.png 160w\" sizes=\"auto, (max-width: 300px) 100vw, 300px\"><\/div>\n\t<\/div><\/figure>\n\n<\/div>\n<\/div><div class=\"bde-column-2014-124 bde-column\">\n  \n\t\n\n\n\n<div class=\"bde-rich-text-2014-125 bde-rich-text breakdance-rich-text-styles\">\n<p>Hat i\u00e7i g\u00fc\u00e7 kayna\u011f\u0131 MC120, MC110\u2019un t\u00fcm performans\u0131n\u0131 sunar ve topraklama transformat\u00f6rlerinin temel modelidir.\u00a0Birincil tarafa farkl\u0131 g\u00fc\u00e7 kayna\u011f\u0131 hatlar\u0131 ba\u011flanabilir.\u00a0<\/p>\n<p><strong><span class=\"font-bold flex-1\">Giri\u015f Gerilimi: <\/span><\/strong><span class=\"pl-4 flex-1\">100 \u2013 240 VAC<br \/><\/span><strong><span class=\"font-bold flex-1\">\u00c7\u0131k\u0131\u015f Voltaj\u0131: <\/span><\/strong><span class=\"pl-4 flex-1\">24, 29 veya 35 VDC<br \/><\/span><strong><span class=\"font-bold flex-1\">Nominal \u00c7\u0131k\u0131\u015f Ak\u0131m\u0131: <\/span><\/strong><span class=\"pl-4 flex-1\">1,0 \u2013 2,1A<br \/><\/span><strong><span class=\"font-bold flex-1\">Koruma T\u00fcr\u00fc: <\/span><\/strong><span class=\"pl-4 flex-1\">IP20<br \/><\/span><strong><span class=\"font-bold flex-1\">Koruma S\u0131n\u0131f\u0131: <\/span><\/strong><span class=\"pl-4 flex-1\">II<br \/><\/span><strong><span class=\"font-bold flex-1\">\u00dclke Versiyonu Fi\u015fi:<\/span><\/strong><span class=\"font-bold flex-1\">\u00a0AB, \u0130ngiltere, ABD, Avustralya, CN ve JP<\/span><\/p>\n<\/div>\n<\/div><\/div>\n<\/div>\n\n\n\n<\/div><div class=\"bde-accordion__content-wrapper-2014-126 bde-accordion__content-wrapper\">\n<h3 class=\"bde-accordion__title-tag\">\n  <button type=\"button\" class=\"bde-accordion__button\" id=\"accordion-button-126\" aria-controls=\"accordion-panel-126\" aria-expanded=\"false\">\n     <span class=\"bde-accordion__title\" >MC121<\/span>\n     <span class=\"bde-accordion__icon bde-accordion__icon--default\"><\/span>\n     <span class=\"bde-accordion__icon bde-accordion__icon--active\"><\/span>\n  <\/button>\n<\/h3>\n\n<div role=\"region\" class=\"bde-accordion__panel\" id=\"accordion-panel-126\" aria-labelledby=\"accordion-button-126\" hidden>\n   <div class=\"bde-columns-2014-127 bde-columns\"><div class=\"bde-column-2014-128 bde-column\">\n  \n\t\n\n\n\n<div class=\"bde-image-2014-129 bde-image\">\n<figure class=\"breakdance-image breakdance-image--2021\">\n\t<div class=\"breakdance-image-container\">\n\t\t<div class=\"breakdance-image-clip\"><img loading=\"lazy\" decoding=\"async\" class=\"breakdance-image-object\" src=\"https:\/\/ensude.com\/wp-content\/uploads\/2024\/09\/MC121.png\" width=\"300\" height=\"300\" srcset=\"https:\/\/ensude.com\/wp-content\/uploads\/2024\/09\/MC121.png 300w, https:\/\/ensude.com\/wp-content\/uploads\/2024\/09\/MC121-160x160.png 160w\" sizes=\"auto, (max-width: 300px) 100vw, 300px\"><\/div>\n\t<\/div><\/figure>\n\n<\/div>\n<\/div><div class=\"bde-column-2014-130 bde-column\">\n  \n\t\n\n\n\n<div class=\"bde-rich-text-2014-131 bde-rich-text breakdance-rich-text-styles\">\n<p>MC121 Steckernetzteil MC121, farkl\u0131 eyaletler i\u00e7in \u00e7ok y\u00f6nl\u00fc bir adapt\u00f6r olabilir ve daha sonra ba\u015fka bir cihazla kullan\u0131labilir.\u00a0<\/p>\n<p><strong><span class=\"font-bold flex-1\">Giri\u015f Gerilimi: <\/span><\/strong><span class=\"pl-4 flex-1\">100 \u2013 240 VAC<br \/><\/span><strong><span class=\"font-bold flex-1\">\u00c7\u0131k\u0131\u015f Voltaj\u0131: <\/span><\/strong><span class=\"pl-4 flex-1\">29VDC<br \/><\/span><strong><span class=\"font-bold flex-1\">Nominal \u00c7\u0131k\u0131\u015f Ak\u0131m\u0131: <\/span><\/strong><span class=\"pl-4 flex-1\">2,0 bir<br \/><\/span><strong><span class=\"font-bold flex-1\">Koruma T\u00fcr\u00fc: <\/span><\/strong><span class=\"pl-4 flex-1\">IP20<br \/><\/span><strong><span class=\"font-bold flex-1\">Koruma S\u0131n\u0131f\u0131: <\/span><\/strong><span class=\"pl-4 flex-1\">II<br \/><\/span><strong><span class=\"font-bold flex-1\">\u00dclke Versiyonu Fi\u015fi:<\/span><\/strong><span class=\"font-bold flex-1\">\u00a0AB, \u0130ngiltere, ABD, Avustralya, BR ve JP<\/span><\/p>\n<\/div>\n<\/div><\/div>\n<\/div>\n\n\n\n<\/div><div class=\"bde-accordion__content-wrapper-2014-132 bde-accordion__content-wrapper\">\n<h3 class=\"bde-accordion__title-tag\">\n  <button type=\"button\" class=\"bde-accordion__button\" id=\"accordion-button-132\" aria-controls=\"accordion-panel-132\" aria-expanded=\"false\">\n     <span class=\"bde-accordion__title\" >MC125<\/span>\n     <span class=\"bde-accordion__icon bde-accordion__icon--default\"><\/span>\n     <span class=\"bde-accordion__icon bde-accordion__icon--active\"><\/span>\n  <\/button>\n<\/h3>\n\n<div role=\"region\" class=\"bde-accordion__panel\" id=\"accordion-panel-132\" aria-labelledby=\"accordion-button-132\" hidden>\n   <div class=\"bde-columns-2014-133 bde-columns\"><div class=\"bde-column-2014-134 bde-column\">\n  \n\t\n\n\n\n<div class=\"bde-image-2014-135 bde-image\">\n<figure class=\"breakdance-image breakdance-image--2022\">\n\t<div class=\"breakdance-image-container\">\n\t\t<div class=\"breakdance-image-clip\"><img loading=\"lazy\" decoding=\"async\" class=\"breakdance-image-object\" src=\"https:\/\/ensude.com\/wp-content\/uploads\/2024\/09\/MC125.png\" width=\"300\" height=\"300\" srcset=\"https:\/\/ensude.com\/wp-content\/uploads\/2024\/09\/MC125.png 300w, https:\/\/ensude.com\/wp-content\/uploads\/2024\/09\/MC125-160x160.png 160w\" sizes=\"auto, (max-width: 300px) 100vw, 300px\"><\/div>\n\t<\/div><\/figure>\n\n<\/div>\n<\/div><div class=\"bde-column-2014-136 bde-column\">\n  \n\t\n\n\n\n<div class=\"bde-rich-text-2014-137 bde-rich-text breakdance-rich-text-styles\">\n<p>Hat i\u00e7i g\u00fc\u00e7 kayna\u011f\u0131 MC125, MC120\u2019nin t\u00fcm performans\u0131n\u0131 sunar ancak toprak transformat\u00f6r\u00fc olarak tasarlanm\u0131\u015ft\u0131r.\u00a0\u00d6zellikle bak\u0131m sekt\u00f6r\u00fc i\u00e7in en uygun se\u00e7im.<\/p>\n<p><strong><span class=\"font-bold flex-1\">Giri\u015f Gerilimi: <\/span><\/strong><span class=\"pl-4 flex-1\">100 \u2013 240 VAC<br \/><\/span><strong><span class=\"font-bold flex-1\">\u00c7\u0131k\u0131\u015f Voltaj\u0131: <\/span><\/strong><span class=\"pl-4 flex-1\">\u00a029 veya 35V DC<br \/><\/span><strong><span class=\"font-bold flex-1\">Nominal \u00c7\u0131k\u0131\u015f Ak\u0131m\u0131: <\/span><\/strong><span class=\"font-bold flex-1\">2<\/span><span class=\"pl-4 flex-1\">,0 \u2013 2,5A<br \/><\/span><strong><span class=\"font-bold flex-1\">Koruma T\u00fcr\u00fc: <\/span><\/strong><span class=\"pl-4 flex-1\">IPX0<br \/><\/span><strong><span class=\"font-bold flex-1\">Koruma S\u0131n\u0131f\u0131: <\/span><\/strong><span class=\"pl-4 flex-1\">II<br \/><\/span><strong><span class=\"font-bold flex-1\">\u00dclke Versiyonu Fi\u015fi:<\/span><\/strong><span class=\"font-bold flex-1\">\u00a0AB, \u0130ngiltere, ABD, AU, CN ve CL<\/span><\/p>\n<\/div>\n<\/div><\/div>\n<\/div>\n\n\n\n<\/div><div class=\"bde-accordion__content-wrapper-2014-138 bde-accordion__content-wrapper\">\n<h3 class=\"bde-accordion__title-tag\">\n  <button type=\"button\" class=\"bde-accordion__button\" id=\"accordion-button-138\" aria-controls=\"accordion-panel-138\" aria-expanded=\"false\">\n     <span class=\"bde-accordion__title\" >MC151<\/span>\n     <span class=\"bde-accordion__icon bde-accordion__icon--default\"><\/span>\n     <span class=\"bde-accordion__icon bde-accordion__icon--active\"><\/span>\n  <\/button>\n<\/h3>\n\n<div role=\"region\" class=\"bde-accordion__panel\" id=\"accordion-panel-138\" aria-labelledby=\"accordion-button-138\" hidden>\n   <div class=\"bde-columns-2014-139 bde-columns\"><div class=\"bde-column-2014-140 bde-column\">\n  \n\t\n\n\n\n<div class=\"bde-image-2014-141 bde-image\">\n<figure class=\"breakdance-image breakdance-image--2023\">\n\t<div class=\"breakdance-image-container\">\n\t\t<div class=\"breakdance-image-clip\"><img loading=\"lazy\" decoding=\"async\" class=\"breakdance-image-object\" src=\"https:\/\/ensude.com\/wp-content\/uploads\/2024\/09\/MC151.png\" width=\"300\" height=\"300\" srcset=\"https:\/\/ensude.com\/wp-content\/uploads\/2024\/09\/MC151.png 300w, https:\/\/ensude.com\/wp-content\/uploads\/2024\/09\/MC151-160x160.png 160w\" sizes=\"auto, (max-width: 300px) 100vw, 300px\"><\/div>\n\t<\/div><\/figure>\n\n<\/div>\n<\/div><div class=\"bde-column-2014-142 bde-column\">\n  \n\t\n\n\n\n<div class=\"bde-rich-text-2014-143 bde-rich-text breakdance-rich-text-styles\">\n<p>G\u00fc\u00e7 kayna\u011f\u0131 MC151, y\u00fcksek g\u00fc\u00e7 gereksinimleri olan uygulamalara y\u00f6nelik g\u00fc\u00e7l\u00fc bir g\u00fc\u00e7 kayna\u011f\u0131d\u0131r.\u00a0<\/p>\n<p><strong><span class=\"font-bold flex-1\">Giri\u015f Gerilimi: <\/span><\/strong><span class=\"pl-4 flex-1\">100 \u2013 240 VAC<br \/><\/span><strong><span class=\"font-bold flex-1\">\u00c7\u0131k\u0131\u015f Voltaj\u0131: <\/span><\/strong><span class=\"pl-4 flex-1\">24 veya 29 VDC<br \/><\/span><strong><span class=\"font-bold flex-1\">Nominal \u00c7\u0131k\u0131\u015f Ak\u0131m\u0131: <\/span><\/strong><span class=\"pl-4 flex-1\">3,5 \u2013 4,0A<br \/><\/span><strong><span class=\"font-bold flex-1\">Koruma T\u00fcr\u00fc: <\/span><\/strong><span class=\"pl-4 flex-1\">IP20<br \/><\/span><strong><span class=\"font-bold flex-1\">Koruma S\u0131n\u0131f\u0131: <\/span><\/strong><span class=\"pl-4 flex-1\">II<br \/><\/span><strong><span class=\"font-bold flex-1\">\u00dclke Versiyonu Fi\u015fi:<\/span><\/strong><span class=\"font-bold flex-1\">\u00a0AB<\/span><\/p>\n<\/div>\n<\/div><\/div>\n<\/div>\n\n\n\n<\/div>\r\n\r\n<\/div><div class=\"bde-columns-2014-156 bde-columns\"><div class=\"bde-column-2014-157 bde-column\">\n  \n\t\n\n\n\n<div class=\"bde-button-2014-158 bde-button\">\n    \n                                    \n    \n    \n    \n    \n            \n                    \n            \n            \n\n    \n    \n    \n    \n    \n    <a class=\"breakdance-link button-atom button-atom--custom bde-button__button\" href=\"https:\/\/ensude.com\/wp-content\/uploads\/2024\/07\/limossEN.pdf\" target=\"_blank\" data-type=\"url\"  >\n\n    \n        <span class=\"button-atom__text\">Limoss Katalo\u011funu \u0130ncelemek \u0130\u00e7in T\u0131klay\u0131n<\/span>\n\n        \n        \n                <\/a>\n\n    \n\n\n<\/div>\n<\/div><\/div><\/div>\n<\/section><\/div>","protected":false},"excerpt":{"rendered":"<p>G\u00fc\u00e7 Kaynaklar\u0131 Farkl\u0131 g\u00fc\u00e7 kaynaklar\u0131m\u0131z t\u00fcm limoss \u00fcr\u00fcnleri i\u00e7in evrensel olarak uygulanabilir. MC serimiz (MC = motor kontrol\u00fc) farkl\u0131 duvar veya zemin transformat\u00f6rleri sunar. Bu, m\u00fc\u015fterinin transformat\u00f6r\u00fcn tam olarak nereye yerle\u015ftirilmesi gerekti\u011fine karar vermesine olanak tan\u0131r. G\u00fc\u00e7 kaynaklar\u0131, kendi fi\u015fleri veya adapt\u00f6r \u00e7\u00f6z\u00fcmleriyle ortak \u00fclke versiyonlar\u0131 i\u00e7in mevcuttur.G\u00fcncel standartlara uygun \u00f6zel koruma tipleri ve s\u0131n\u0131flar\u0131, [&hellip;]<\/p>\n","protected":false},"author":1,"featured_media":0,"parent":0,"menu_order":0,"comment_status":"closed","ping_status":"closed","template":"","meta":{"_acf_changed":false,"_breakdance_hide_in_design_set":false,"_breakdance_tags":"","footnotes":""},"class_list":["post-2014","page","type-page","status-publish","hentry"],"acf":[],"_links":{"self":[{"href":"https:\/\/ensude.com\/index.php\/wp-json\/wp\/v2\/pages\/2014","targetHints":{"allow":["GET"]}}],"collection":[{"href":"https:\/\/ensude.com\/index.php\/wp-json\/wp\/v2\/pages"}],"about":[{"href":"https:\/\/ensude.com\/index.php\/wp-json\/wp\/v2\/types\/page"}],"author":[{"embeddable":true,"href":"https:\/\/ensude.com\/index.php\/wp-json\/wp\/v2\/users\/1"}],"replies":[{"embeddable":true,"href":"https:\/\/ensude.com\/index.php\/wp-json\/wp\/v2\/comments?post=2014"}],"version-history":[{"count":6,"href":"https:\/\/ensude.com\/index.php\/wp-json\/wp\/v2\/pages\/2014\/revisions"}],"predecessor-version":[{"id":2113,"href":"https:\/\/ensude.com\/index.php\/wp-json\/wp\/v2\/pages\/2014\/revisions\/2113"}],"wp:attachment":[{"href":"https:\/\/ensude.com\/index.php\/wp-json\/wp\/v2\/media?parent=2014"}],"curies":[{"name":"wp","href":"https:\/\/api.w.org\/{rel}","templated":true}]}}