{"id":1708,"date":"2024-09-15T12:26:15","date_gmt":"2024-09-15T12:26:15","guid":{"rendered":"https:\/\/ensude.com\/?page_id=1708"},"modified":"2025-04-16T18:17:08","modified_gmt":"2025-04-16T18:17:08","slug":"hand-vac-vakum-tabancasi","status":"publish","type":"page","link":"https:\/\/ensude.com\/index.php\/hand-vac-vakum-tabancasi\/","title":{"rendered":"Hand VAC (Vakum Tabancas\u0131)"},"content":{"rendered":"<div class='breakdance'><section class=\"bde-section-1708-100 bde-section\">\n  \n\t\n\n\n\n<div class=\"section-container\"><h1 class=\"bde-heading-1708-101 bde-heading\">\nHand VAC (Vakum Tabancas\u0131)\n<\/h1><div class=\"bde-rich-text-1708-102 bde-rich-text breakdance-rich-text-styles\">\n<p class=\"font_8 wixui-rich-text__text\"><span class=\"wixui-rich-text__text\"><span class=\"color_37 wixui-rich-text__text\">X-Stream \u00ae Vakum Tabancas\u0131, \u00e7e\u015fitli end\u00fcstriyel s\u00fcp\u00fcrme uygulamalar\u0131 i\u00e7in d\u00fc\u015f\u00fck maliyetli bir \u00e7\u00f6z\u00fcmd\u00fcr. Tek bir basit pakette \u00fcfleme tabancas\u0131, vakum tabancas\u0131, toplama sistemi ve transfer sistemi mevcuttur. Hafif d\u00f6k\u00fcm al\u00fcminyumdan yap\u0131lm\u0131\u015ft\u0131r ve normal bir \u00fcfleme tabancas\u0131ndan daha az hava kullan\u0131r. Malzemelerin toplanmas\u0131 veya transferi i\u00e7in y\u00fcksek vakum \u00fcretmek \u00fczere bir ucundan vakum olu\u015fturur. Bir \u00fcfleme tabancas\u0131ndan vakum tabancas\u0131na ve tekrar \u00fcfleme kolayca d\u00f6n\u00fc\u015ft\u00fcr\u00fclebilir. Vakum modunda, toz ve kirleri \u00e7ekmek i\u00e7in kullan\u0131labilir. At\u0131klar mevcut yeniden kullan\u0131labilir bir vakum torbas\u0131nda toplanabilir.<\/span><\/span><\/p>\n<p class=\"font_8 wixui-rich-text__text\"><span class=\"wixui-rich-text__text\"><span class=\"color_37 wixui-rich-text__text\">X-Stream \u00ae Vakum Tabancas\u0131ndaki y\u00fckseltilmi\u015f hava ak\u0131\u015f\u0131, s\u0131k\u0131\u015ft\u0131r\u0131lm\u0131\u015f hava t\u00fcketiminin yakla\u015f\u0131k 12 kat\u0131d\u0131r. Bu, vakum modundayken y\u00fcksek vakum ve \u00fcfleme modundayken y\u00fcksek \u00fcfleme kuvveti sa\u011flar.<\/span><\/span><\/p>\n<p class=\"font_8 wixui-rich-text__text\"><span class=\"wixui-rich-text__text\"><span class=\"color_37 wixui-rich-text__text\">\u00dcfleme modunda, 1-1\/4\u201d (32 mm) \u00e7apl\u0131 \u00e7\u0131k\u0131\u015f, daha h\u0131zl\u0131 temizlik ve kurutma i\u00e7in standart bir \u00fcfleme tabancas\u0131ndan \u00e7ok daha b\u00fcy\u00fck bir alanda etkili olmas\u0131na olanak tan\u0131r. Vakum modunda, transfer kiti ve \u00e7ok ama\u00e7l\u0131 kitte sa\u011flanan bir vakum hortumu kullanarak uzun mesafeler boyunca malzeme aktarabilir. Ayr\u0131ca vakum modunda, toplama kiti ve \u00e7ok ama\u00e7l\u0131 kitte sa\u011flanan yeniden kullan\u0131labilir toplama torbas\u0131 kal\u0131nt\u0131lar\u0131 toplamak i\u00e7in kullan\u0131labilir. \u00d6rne\u011fin k\u0131yafetleri bas\u0131n\u00e7l\u0131 hava ile temizlemek asl\u0131nda yasad\u0131\u015f\u0131d\u0131r. Vakum modundaki Hand Vac, bu temizli\u011fi g\u00fcvenli\u011fi g\u00f6z \u00f6n\u00fcnde bulundurarak yapabilir.<\/span><\/span><\/p>\n<p class=\"font_8 wixui-rich-text__text\"><span class=\"wixui-rich-text__text\"><span class=\"color_37 wixui-rich-text__text\">\u00a0\u00dcnite bir dakikadan k\u0131sa bir s\u00fcrede \u00fcfleme modundan vakum moduna ve tekrar geriye ge\u00e7irilebilir. Hafif ve ta\u015f\u0131nabilirdir, hareketli par\u00e7as\u0131 yoktur. Esasen bak\u0131m gerektirmez, kullan\u0131m\u0131 g\u00fcvenlidir ve uzun \u00f6m\u00fcrl\u00fcd\u00fcr, ergonometrik tasar\u0131m\u0131 kullan\u0131m\u0131 rahat hale getirir.<\/span><\/span><\/p>\n<p class=\"font_8 wixui-rich-text__text\"><span class=\"wixui-rich-text__text\"><span class=\"color_37 wixui-rich-text__text\">Makine ve kontrollerin temizli\u011fi, kontrol panellerinin i\u00e7i, tala\u015f, d\u00f6k\u00fclm\u00fc\u015f d\u00f6k\u00fcnt\u00fc, tala\u015f ve at\u0131klar\u0131n vakumlanmas\u0131 ve k\u00fc\u00e7\u00fck par\u00e7alar\u0131n, k\u0131rp\u0131nt\u0131lar\u0131n ve di\u011fer kat\u0131 malzemelerin aktar\u0131lmas\u0131 gibi uygulamalarda da kullan\u0131m\u0131 m\u00fcmk\u00fcnd\u00fcr.<\/span><\/span><\/p>\n<p class=\"font_8 wixui-rich-text__text\"><span class=\"wixui-rich-text__text\"><span class=\"color_37 wixui-rich-text__text\">\u200b<\/span><\/span><span class=\"wixui-rich-text__text\"><span class=\"color_37 wixui-rich-text__text\">\u00d6zellikler:<\/span><\/span><\/p>\n<ul>\n<li class=\"font_8 wixui-rich-text__text\"><span class=\"wixui-rich-text__text\"><span class=\"color_37 wixui-rich-text__text\">Hareketli par\u00e7a yok<\/span><\/span><\/li>\n<li class=\"font_8 wixui-rich-text__text\"><span class=\"wixui-rich-text__text\"><span class=\"color_37 wixui-rich-text__text\">Elektrikle de\u011fil bas\u0131n\u00e7l\u0131 havayla \u00e7al\u0131\u015f\u0131yor<\/span><\/span><\/li>\n<li class=\"font_8 wixui-rich-text__text\"><span class=\"wixui-rich-text__text\"><span class=\"color_37 wixui-rich-text__text\">Pres d\u00f6k\u00fcm konstr\u00fcksiyon<\/span><\/span><\/li>\n<li class=\"font_8 wixui-rich-text__text\"><span class=\"wixui-rich-text__text\"><span class=\"color_37 wixui-rich-text__text\">Saniyeler i\u00e7inde \u00fcfleme modundan vakum moduna ge\u00e7iriilebilir<\/span><\/span><\/li>\n<li class=\"font_8 wixui-rich-text__text\"><span class=\"wixui-rich-text__text\"><span class=\"color_37 wixui-rich-text__text\">Hafif ve ta\u015f\u0131nabilir<\/span><\/span><\/li>\n<\/ul>\n<\/div><div class=\"bde-columns-1708-103 bde-columns\"><div class=\"bde-column-1708-104 bde-column\">\n  \n\t\n\n\n\n<div class=\"bde-icon-1708-110 bde-icon\">\n\n    \n                    \n            \n            \n\n    \n    \n    \n    \n    \n    <a class=\"breakdance-link bde-icon-icon breakdance-icon-atom\" href=\"https:\/\/ensude.com\/wp-content\/uploads\/2024\/07\/hand_vac_CATALOG.pdf\" target=\"_blank\" data-type=\"url\"  >\n\n    \n                    <svg xmlns=\"http:\/\/www.w3.org\/2000\/svg\" viewBox=\"0 0 512 512\"><!--! Font Awesome Free 6.5.1 by @fontawesome - https:\/\/fontawesome.com License - https:\/\/fontawesome.com\/license\/free (Icons: CC BY 4.0, Fonts: SIL OFL 1.1, Code: MIT License) Copyright 2023 Fonticons, Inc. --><path d=\"M64 464l48 0 0 48-48 0c-35.3 0-64-28.7-64-64L0 64C0 28.7 28.7 0 64 0L229.5 0c17 0 33.3 6.7 45.3 18.7l90.5 90.5c12 12 18.7 28.3 18.7 45.3L384 304l-48 0 0-144-80 0c-17.7 0-32-14.3-32-32l0-80L64 48c-8.8 0-16 7.2-16 16l0 384c0 8.8 7.2 16 16 16zM176 352l32 0c30.9 0 56 25.1 56 56s-25.1 56-56 56l-16 0 0 32c0 8.8-7.2 16-16 16s-16-7.2-16-16l0-48 0-80c0-8.8 7.2-16 16-16zm32 80c13.3 0 24-10.7 24-24s-10.7-24-24-24l-16 0 0 48 16 0zm96-80l32 0c26.5 0 48 21.5 48 48l0 64c0 26.5-21.5 48-48 48l-32 0c-8.8 0-16-7.2-16-16l0-128c0-8.8 7.2-16 16-16zm32 128c8.8 0 16-7.2 16-16l0-64c0-8.8-7.2-16-16-16l-16 0 0 96 16 0zm80-112c0-8.8 7.2-16 16-16l48 0c8.8 0 16 7.2 16 16s-7.2 16-16 16l-32 0 0 32 32 0c8.8 0 16 7.2 16 16s-7.2 16-16 16l-32 0 0 48c0 8.8-7.2 16-16 16s-16-7.2-16-16l0-64 0-64z\"\/><\/svg>\n        \n        \n        \n                <\/a>\n\n    \n\n\n<\/div><a class=\"bde-text-link-1708-111 bde-text-link breakdance-link\" href=\"https:\/\/ensude.com\/wp-content\/uploads\/2024\/07\/hand_vac_CATALOG.pdf\" target=\"_blank\" data-type=\"url\">\n  Hand Vac Katalog\n\n<\/a>\n<\/div><div class=\"bde-column-1708-106 bde-column\">\n  \n\t\n\n\n\n<div class=\"bde-icon-1708-132 bde-icon\">\n\n    \n                    \n            \n            \n\n    \n    \n    \n    \n    \n    <a class=\"breakdance-link bde-icon-icon breakdance-icon-atom\" href=\"https:\/\/ensude.com\/wp-content\/uploads\/2024\/07\/xstream_handvac_manual.pdf\" target=\"_blank\" data-type=\"url\"  >\n\n    \n                    <svg xmlns=\"http:\/\/www.w3.org\/2000\/svg\" viewBox=\"0 0 512 512\"><!--! Font Awesome Free 6.5.1 by @fontawesome - https:\/\/fontawesome.com License - https:\/\/fontawesome.com\/license\/free (Icons: CC BY 4.0, Fonts: SIL OFL 1.1, Code: MIT License) Copyright 2023 Fonticons, Inc. --><path d=\"M64 464l48 0 0 48-48 0c-35.3 0-64-28.7-64-64L0 64C0 28.7 28.7 0 64 0L229.5 0c17 0 33.3 6.7 45.3 18.7l90.5 90.5c12 12 18.7 28.3 18.7 45.3L384 304l-48 0 0-144-80 0c-17.7 0-32-14.3-32-32l0-80L64 48c-8.8 0-16 7.2-16 16l0 384c0 8.8 7.2 16 16 16zM176 352l32 0c30.9 0 56 25.1 56 56s-25.1 56-56 56l-16 0 0 32c0 8.8-7.2 16-16 16s-16-7.2-16-16l0-48 0-80c0-8.8 7.2-16 16-16zm32 80c13.3 0 24-10.7 24-24s-10.7-24-24-24l-16 0 0 48 16 0zm96-80l32 0c26.5 0 48 21.5 48 48l0 64c0 26.5-21.5 48-48 48l-32 0c-8.8 0-16-7.2-16-16l0-128c0-8.8 7.2-16 16-16zm32 128c8.8 0 16-7.2 16-16l0-64c0-8.8-7.2-16-16-16l-16 0 0 96 16 0zm80-112c0-8.8 7.2-16 16-16l48 0c8.8 0 16 7.2 16 16s-7.2 16-16 16l-32 0 0 32 32 0c8.8 0 16 7.2 16 16s-7.2 16-16 16l-32 0 0 48c0 8.8-7.2 16-16 16s-16-7.2-16-16l0-64 0-64z\"\/><\/svg>\n        \n        \n        \n                <\/a>\n\n    \n\n\n<\/div><a class=\"bde-text-link-1708-134 bde-text-link breakdance-link\" href=\"https:\/\/ensude.com\/wp-content\/uploads\/2024\/07\/xstream_handvac_manual.pdf\" target=\"_blank\" data-type=\"url\">\n  Hand Vac Manuel\n\n<\/a>\n<\/div><\/div><div class=\"bde-columns-1708-136 bde-columns\"><div class=\"bde-column-1708-137 bde-column\">\n  \n\t\n\n\n\n<div class=\"bde-image-1708-139 bde-image\">\n<figure class=\"breakdance-image breakdance-image--3283\">\n\t<div class=\"breakdance-image-container\">\n\t\t<div class=\"breakdance-image-clip\"><img loading=\"lazy\" decoding=\"async\" class=\"breakdance-image-object\" src=\"https:\/\/ensude.com\/wp-content\/uploads\/2025\/04\/vac01.png\" width=\"386\" height=\"313\" sizes=\"auto, (max-width: 386px) 100vw, 386px\"><\/div>\n\t<\/div><\/figure>\n\n<\/div>\n<\/div><div class=\"bde-column-1708-138 bde-column\">\n  \n\t\n\n\n\n<div class=\"bde-image-1708-140 bde-image\">\n<figure class=\"breakdance-image breakdance-image--3284\">\n\t<div class=\"breakdance-image-container\">\n\t\t<div class=\"breakdance-image-clip\"><img loading=\"lazy\" decoding=\"async\" class=\"breakdance-image-object\" src=\"https:\/\/ensude.com\/wp-content\/uploads\/2025\/04\/vac02.png\" width=\"384\" height=\"374\" sizes=\"auto, (max-width: 384px) 100vw, 384px\"><\/div>\n\t<\/div><\/figure>\n\n<\/div>\n<\/div><\/div><a class=\"bde-text-link-1708-133 bde-text-link breakdance-link\" href=\"https:\/\/ensude.com\/wp-content\/uploads\/2024\/07\/Aluminyum-Hava-Basinc-Sistemleri.pdf\" target=\"_blank\" data-type=\"url\">\n  Vakum Tabancas\u0131 Videosu\n\n<\/a><div class=\"bde-video-1708-135 bde-video\">\n<div class=\"ee-video-container\">\n                                                                        \n                <lite-youtube\n                        videoid=\"E-NUMPKBNuU\"\n                                                style=\"background-image: url(https:\/\/i.ytimg.com\/vi\/E-NUMPKBNuU\/maxresdefault.jpg); \"\n                        class=\"ee-video\"\n                        title=\"\"\n                        params=\"&playsinline=0&rel=0&enablejsapi=1\"\n                >\n                <\/lite-youtube>\n                    \n        \n            \n    <\/div>\n\n<\/div><\/div>\n<\/section><\/div>","protected":false},"excerpt":{"rendered":"<p>Hand VAC (Vakum Tabancas\u0131) X-Stream \u00ae Vakum Tabancas\u0131, \u00e7e\u015fitli end\u00fcstriyel s\u00fcp\u00fcrme uygulamalar\u0131 i\u00e7in d\u00fc\u015f\u00fck maliyetli bir \u00e7\u00f6z\u00fcmd\u00fcr. Tek bir basit pakette \u00fcfleme tabancas\u0131, vakum tabancas\u0131, toplama sistemi ve transfer sistemi mevcuttur. Hafif d\u00f6k\u00fcm al\u00fcminyumdan yap\u0131lm\u0131\u015ft\u0131r ve normal bir \u00fcfleme tabancas\u0131ndan daha az hava kullan\u0131r. Malzemelerin toplanmas\u0131 veya transferi i\u00e7in y\u00fcksek vakum \u00fcretmek \u00fczere bir ucundan [&hellip;]<\/p>\n","protected":false},"author":1,"featured_media":0,"parent":0,"menu_order":0,"comment_status":"closed","ping_status":"closed","template":"","meta":{"_acf_changed":false,"_breakdance_hide_in_design_set":false,"_breakdance_tags":"","footnotes":""},"class_list":["post-1708","page","type-page","status-publish","hentry"],"acf":[],"_links":{"self":[{"href":"https:\/\/ensude.com\/index.php\/wp-json\/wp\/v2\/pages\/1708","targetHints":{"allow":["GET"]}}],"collection":[{"href":"https:\/\/ensude.com\/index.php\/wp-json\/wp\/v2\/pages"}],"about":[{"href":"https:\/\/ensude.com\/index.php\/wp-json\/wp\/v2\/types\/page"}],"author":[{"embeddable":true,"href":"https:\/\/ensude.com\/index.php\/wp-json\/wp\/v2\/users\/1"}],"replies":[{"embeddable":true,"href":"https:\/\/ensude.com\/index.php\/wp-json\/wp\/v2\/comments?post=1708"}],"version-history":[{"count":7,"href":"https:\/\/ensude.com\/index.php\/wp-json\/wp\/v2\/pages\/1708\/revisions"}],"predecessor-version":[{"id":3285,"href":"https:\/\/ensude.com\/index.php\/wp-json\/wp\/v2\/pages\/1708\/revisions\/3285"}],"wp:attachment":[{"href":"https:\/\/ensude.com\/index.php\/wp-json\/wp\/v2\/media?parent=1708"}],"curies":[{"name":"wp","href":"https:\/\/api.w.org\/{rel}","templated":true}]}}