{"id":1592,"date":"2024-09-15T13:22:11","date_gmt":"2024-09-15T13:22:11","guid":{"rendered":"https:\/\/ensude.com\/?page_id=1592"},"modified":"2025-04-19T10:54:06","modified_gmt":"2025-04-19T10:54:06","slug":"pnomatik-konveyorler","status":"publish","type":"page","link":"https:\/\/ensude.com\/index.php\/pnomatik-konveyorler\/","title":{"rendered":"Pn\u00f6matik Konvey\u00f6rler"},"content":{"rendered":"<div class='breakdance'><section class=\"bde-section-1592-100 bde-section\">\n  \n\t\n\n\n\n<div class=\"section-container\"><h1 class=\"bde-heading-1592-101 bde-heading\">\nRing VAC Hava Konvey\u00f6r\u00fc\n<\/h1><div class=\"bde-columns-1592-150 bde-columns\"><div class=\"bde-column-1592-151 bde-column\">\n  \n\t\n\n\n\n<div class=\"bde-icon-1592-152 bde-icon\">\n\n    \n                    \n            \n            \n\n    \n    \n    \n    \n    \n    <a class=\"breakdance-link bde-icon-icon breakdance-icon-atom\" href=\"https:\/\/ensude.com\/wp-content\/uploads\/2024\/07\/Ring-vac.pdf\" target=\"_blank\" data-type=\"url\"  >\n\n    \n                    <svg xmlns=\"http:\/\/www.w3.org\/2000\/svg\" viewBox=\"0 0 512 512\"><!--! Font Awesome Free 6.5.1 by @fontawesome - https:\/\/fontawesome.com License - https:\/\/fontawesome.com\/license\/free (Icons: CC BY 4.0, Fonts: SIL OFL 1.1, Code: MIT License) Copyright 2023 Fonticons, Inc. --><path d=\"M64 464l48 0 0 48-48 0c-35.3 0-64-28.7-64-64L0 64C0 28.7 28.7 0 64 0L229.5 0c17 0 33.3 6.7 45.3 18.7l90.5 90.5c12 12 18.7 28.3 18.7 45.3L384 304l-48 0 0-144-80 0c-17.7 0-32-14.3-32-32l0-80L64 48c-8.8 0-16 7.2-16 16l0 384c0 8.8 7.2 16 16 16zM176 352l32 0c30.9 0 56 25.1 56 56s-25.1 56-56 56l-16 0 0 32c0 8.8-7.2 16-16 16s-16-7.2-16-16l0-48 0-80c0-8.8 7.2-16 16-16zm32 80c13.3 0 24-10.7 24-24s-10.7-24-24-24l-16 0 0 48 16 0zm96-80l32 0c26.5 0 48 21.5 48 48l0 64c0 26.5-21.5 48-48 48l-32 0c-8.8 0-16-7.2-16-16l0-128c0-8.8 7.2-16 16-16zm32 128c8.8 0 16-7.2 16-16l0-64c0-8.8-7.2-16-16-16l-16 0 0 96 16 0zm80-112c0-8.8 7.2-16 16-16l48 0c8.8 0 16 7.2 16 16s-7.2 16-16 16l-32 0 0 32 32 0c8.8 0 16 7.2 16 16s-7.2 16-16 16l-32 0 0 48c0 8.8-7.2 16-16 16s-16-7.2-16-16l0-64 0-64z\"\/><\/svg>\n        \n        \n        \n                <\/a>\n\n    \n\n\n<\/div><a class=\"bde-text-link-1592-153 bde-text-link breakdance-link\" href=\"https:\/\/ensude.com\/wp-content\/uploads\/2024\/07\/Ring-vac.pdf\" target=\"_blank\" data-type=\"url\">\n  Ring VAC Bro\u015f\u00fcr\n\n<\/a>\n<\/div><\/div><div class=\"bde-columns-1592-103 bde-columns\"><div class=\"bde-column-1592-104 bde-column\">\n  \n\t\n\n\n\n<div class=\"bde-image-1592-105 bde-image\">\n<figure class=\"breakdance-image breakdance-image--1603 breakdance-image--caption-below\">\n\t<div class=\"breakdance-image-container\">\n\t\t<div class=\"breakdance-image-clip\"><img loading=\"lazy\" decoding=\"async\" class=\"breakdance-image-object\" src=\"https:\/\/ensude.com\/wp-content\/uploads\/2024\/09\/vac1.png\" width=\"288\" height=\"192\" sizes=\"auto, (max-width: 288px) 100vw, 288px\"><\/div>\n\t<\/div><\/figure>\n\n<\/div>\n<\/div><div class=\"bde-column-1592-108 bde-column\">\n  \n\t\n\n\n\n<div class=\"bde-rich-text-1592-109 bde-rich-text breakdance-rich-text-styles\">\n<div id=\"comp-jwi7robh\" class=\"HcOXKn SxM0TO QxJLC3 lq2cno comp-jwi7robh wixui-rich-text\" data-testid=\"richTextElement\">\n<p class=\"font_2 wixui-rich-text__text\"><span style=\"font-size: 16px;\">Kaplamal\u0131 al\u00fcminyum, a\u011f\u0131r sert eloksal ve paslanmaz \u00e7elikten \u00fcretilmi\u015f Ring Vac \u00e7e\u015fitleri bulunmaktad\u0131r. Bu y\u00fcksek enerjili ta\u015f\u0131ma sistemini olu\u015fturmak i\u00e7in \u00fcr\u00fcn\u00fcn her iki ucuna standart \u00f6l\u00e7\u00fcdeki ta\u015f\u0131ma hortumunu takman\u0131z yeterlidir. Di\u015f a\u00e7\u0131lm\u0131\u015f \u00e7e\u015fitleri standart boru di\u015flerine monte edilebilir. Bas\u0131n\u00e7 reg\u00fclat\u00f6r\u00fc kullan\u0131m\u0131yla ak\u0131\u015f ve kapasite kontrol\u00fc yap\u0131labilir. Sistemde hareketli par\u00e7a bulunmaz ve bak\u0131m gerektirmez.<\/span><\/p>\n<\/div>\n<div id=\"comp-jwi7ti4b\" class=\"HcOXKn SxM0TO QxJLC3 lq2cno comp-jwi7ti4b wixui-rich-text\" data-testid=\"richTextElement\">\n<p class=\"font_8 wixui-rich-text__text\"><span class=\"wixui-rich-text__text\">Elle b\u00fckme ve kald\u0131rma i\u015flemini ortadan kald\u0131rmak i\u00e7in tasarlanan Hopper Y\u00fckleyiciler veya Venturi Y\u00fckleyiciler olarak bilinir. Ta\u015f\u0131ma h\u0131z\u0131 malzemenin yo\u011funlu\u011funa ve yatay \u00e7al\u0131\u015fma, dikey kald\u0131rmaya ba\u011fl\u0131d\u0131r. Bu vakum konvey\u00f6rleri di\u011fer pn\u00f6matik ta\u015f\u0131ma sistemlerine k\u0131yasla basit ve d\u00fc\u015f\u00fck maliyetli bir \u00e7\u00f6z\u00fcm sunar.<\/span><\/p>\n<\/div>\n<\/div><h1 class=\"bde-heading-1592-111 bde-heading\">\nStandart Al\u00fcminyum \/ Paslanmaz \u00c7elik Ring VAC\n<\/h1><div class=\"bde-rich-text-1592-110 bde-rich-text breakdance-rich-text-styles\">\n<p id=\"comp-jwi7robh\" class=\"HcOXKn SxM0TO QxJLC3 lq2cno comp-jwi7robh wixui-rich-text\" data-testid=\"richTextElement\"><span class=\"wixui-rich-text__text\">Hem 303\/304 Paslanmaz \u00c7elik hem de 316L Paslanmaz \u00c7elikte d\u00fczenli ve y\u00fcksek s\u0131cakl\u0131k uygulamalar\u0131 i\u00e7in standart ve di\u015fli versiyonlarda mevcuttur. <\/span><span class=\"wixui-rich-text__text\">Pn\u00f6matik Konvey\u00f6r \u2013 Ring Vac Ta\u015f\u0131y\u0131c\u0131\u2122 pn\u00f6matik ta\u015f\u0131ma sistemlerinde hi\u00e7bir hareketli par\u00e7a bulunmaz. Havay\u0131 y\u00fcksek g\u00fc\u00e7te ve uzun mesafede ta\u015f\u0131rlar. G\u00fc\u00e7l\u00fc ve verimli kompakt tasar\u0131m\u0131 i\u00e7erisindeki vent\u00fcri uygulamas\u0131 sayesinde uzun mesafede y\u00fcksek kapasiteli ta\u015f\u0131ma i\u015flemini yaln\u0131zca bas\u0131n\u00e7l\u0131 hava kullanarak ger\u00e7ekle\u015ftirir.<\/span><\/p>\n<div id=\"comp-jwi87j5e\" class=\"HcOXKn SxM0TO QxJLC3 lq2cno comp-jwi87j5e wixui-rich-text\" data-testid=\"richTextElement\">\n<table>\n<tbody>\n<tr>\n<th style=\"text-align: left;\">\n<p><span class=\"wixui-rich-text__text\"><span class=\"wixGuard wixui-rich-text__text\">\u200b<\/span><\/span><span class=\"wixui-rich-text__text\">Uygulamalar\u0131<\/span><\/p>\n<\/th>\n<th>\u00a0<\/th>\n<th style=\"text-align: left;\">\n<p><span class=\"wixui-rich-text__text\">Avantajlar\u0131<\/span><\/p>\n<\/th>\n<\/tr>\n<tr>\n<td>\n<ul>\n<li class=\"font_8 wixui-rich-text__text\"><span class=\"wixui-rich-text__text\">Silo y\u00fcklemeleri<\/span><\/li>\n<li class=\"font_8 wixui-rich-text__text\"><span class=\"wixui-rich-text__text\">Lif \u2013 Elyaf Gerdirme<\/span><\/li>\n<li class=\"font_8 wixui-rich-text__text\"><span class=\"wixui-rich-text__text\">Par\u00e7a Ta\u015f\u0131ma<\/span><\/li>\n<li class=\"font_8 wixui-rich-text__text\"><span class=\"wixui-rich-text__text\">K\u00fc\u00e7\u00fck madde ay\u0131klama<\/span><\/li>\n<li class=\"font_8 wixui-rich-text__text\"><span class=\"wixui-rich-text__text\">Tala\u015f kald\u0131rma<\/span><\/li>\n<li class=\"font_8 wixui-rich-text__text\"><span class=\"wixui-rich-text__text\">Par\u00e7a ta\u015f\u0131ma<\/span><\/li>\n<li class=\"font_8 wixui-rich-text__text\"><span class=\"wixui-rich-text__text\">Doldurma i\u015flemleri<\/span><\/li>\n<\/ul>\n<\/td>\n<td>\u00a0<\/td>\n<td valign=\"top\">\n<ul>\n<li class=\"font_8 wixui-rich-text__text\" style=\"text-align: left;\"><span class=\"wixui-rich-text__text\">Kompakt<\/span><\/li>\n<li class=\"font_8 wixui-rich-text__text\" style=\"text-align: left;\"><span class=\"wixui-rich-text__text\">Sessiz<\/span><\/li>\n<li class=\"font_8 wixui-rich-text__text\" style=\"text-align: left;\"><span class=\"wixui-rich-text__text\">Hareketli par\u00e7a yok<\/span><\/li>\n<li class=\"font_8 wixui-rich-text__text\" style=\"text-align: left;\"><span class=\"wixui-rich-text__text\">Al\u00fcminyum veya paslanmaz \u00e7elik<\/span><\/li>\n<li class=\"font_8 wixui-rich-text__text\" style=\"text-align: left;\"><span class=\"wixui-rich-text__text\">Y\u00fcksek verim yetene\u011fi<\/span><\/li>\n<\/ul>\n<\/td>\n<\/tr>\n<\/tbody>\n<\/table>\n<\/div>\n<\/div>\n<\/div><\/div><h1 class=\"bde-heading-1592-120 bde-heading\">\nA\u011f\u0131r Hizmet Tipi X-Stream Ring VAC\n<\/h1><div class=\"bde-columns-1592-113 bde-columns\"><div class=\"bde-column-1592-114 bde-column\">\n  \n\t\n\n\n\n<div class=\"bde-image-1592-115 bde-image\">\n<figure class=\"breakdance-image breakdance-image--1602 breakdance-image--caption-below\">\n\t<div class=\"breakdance-image-container\">\n\t\t<div class=\"breakdance-image-clip\"><img loading=\"lazy\" decoding=\"async\" class=\"breakdance-image-object\" src=\"https:\/\/ensude.com\/wp-content\/uploads\/2024\/09\/vac2.png\" width=\"288\" height=\"191\" sizes=\"auto, (max-width: 288px) 100vw, 288px\"><\/div>\n\t<\/div><\/figure>\n\n<\/div>\n<\/div><div class=\"bde-column-1592-116 bde-column\">\n  \n\t\n\n\n\n<div class=\"bde-rich-text-1592-119 bde-rich-text breakdance-rich-text-styles\">\n<div id=\"comp-jwi88z5p\" class=\"HcOXKn SxM0TO QxJLC3 lq2cno comp-jwi88z5p wixui-rich-text\" data-testid=\"richTextElement\">\n<p class=\"font_8 wixui-rich-text__text\"><span class=\"wixui-rich-text__text\">X-Stream Hava Konvey\u00f6rleri \u2013 Ring-Vac \u2122 A\u011f\u0131r Hizmet Tipi Pn\u00f6matik Ta\u015f\u0131ma Sistemi: A\u011f\u0131r hizmet uygulamalar\u0131 i\u00e7in standart ve di\u015fli versiyonlarda mevcuttur. Malzemelerin hem dikey hem de yatay olarak daha uzun mesafelerde ta\u015f\u0131nmas\u0131 i\u00e7in tasarlanm\u0131\u015ft\u0131r.Sertle\u015ftirilmi\u015f Eloksall\u0131 Al\u00fcminyumdan yap\u0131lm\u0131\u015f Eloksall\u0131 Al\u00fcminyum veya Paslanmaz \u00c7elik Ring-Vac \u2122, s\u0131radan bir \u015fekilde meydana gelebilecek erken a\u015f\u0131nmay\u0131 \u00f6nlemeye yard\u0131mc\u0131 olur.\u00a0\u00a0Normal bir anodize al\u00fcminyum veya Paslanmaz \u00c7elik Ring Vac\u2122 \u2018de olu\u015fabilecek erken a\u015f\u0131nmay\u0131 \u00f6nlemek i\u00e7in sertle\u015ftirilmi\u015f anodize al\u00fcminyumdan yap\u0131lm\u0131\u015ft\u0131r.<\/span><\/p>\n<\/div>\n<div id=\"comp-jwi87j5e\" class=\"HcOXKn SxM0TO QxJLC3 lq2cno comp-jwi87j5e wixui-rich-text\" data-testid=\"richTextElement\">\n<table>\n<tbody>\n<tr>\n<th style=\"text-align: left;\">\n<p><span class=\"wixui-rich-text__text\"><span class=\"wixGuard wixui-rich-text__text\">\u200b<\/span><\/span><span class=\"wixui-rich-text__text\">Uygulamalar\u0131<\/span><\/p>\n<\/th>\n<th>\u00a0<\/th>\n<th style=\"text-align: left;\">\n<p><span class=\"wixui-rich-text__text\">Avantajlar\u0131<\/span><\/p>\n<\/th>\n<\/tr>\n<tr>\n<td>\n<ul>\n<li class=\"font_8 wixui-rich-text__text\"><span class=\"wixui-rich-text__text\">Silo Y\u00fcklemeleri<\/span><\/li>\n<li class=\"font_8 wixui-rich-text__text\"><span class=\"wixui-rich-text__text\">Doldurma \u0130\u015flemleri<\/span><\/li>\n<li class=\"font_8 wixui-rich-text__text\"><span class=\"wixui-rich-text__text\">Malzeme Ta\u015f\u0131ma<\/span><\/li>\n<li class=\"font_8 wixui-rich-text__text\"><span class=\"wixui-rich-text__text\">Par\u00e7a Ta\u015f\u0131ma<\/span><\/li>\n<li class=\"font_8 wixui-rich-text__text\"><span class=\"wixui-rich-text__text\">Lif \u2013 Elyaf Gerdirme<\/span><\/li>\n<\/ul>\n<\/td>\n<td>\u00a0<\/td>\n<td valign=\"top\">\n<ul>\n<li class=\"font_8 wixui-rich-text__text\"><span class=\"wixui-rich-text__text\">Kompakt<\/span><\/li>\n<li class=\"font_8 wixui-rich-text__text\"><span class=\"wixui-rich-text__text\">Sessiz<\/span><\/li>\n<li class=\"font_8 wixui-rich-text__text\"><span class=\"wixui-rich-text__text\">Hareketli par\u00e7a yok<\/span><\/li>\n<li class=\"font_8 wixui-rich-text__text\"><span class=\"wixui-rich-text__text\">Al\u00fcminyum veya paslanmaz \u00e7elik<\/span><\/li>\n<li class=\"font_8 wixui-rich-text__text\"><span class=\"wixui-rich-text__text\">Y\u00fcksek verim yetene\u011fi<\/span><\/li>\n<\/ul>\n<\/td>\n<\/tr>\n<\/tbody>\n<\/table>\n<\/div>\n<\/div>\n<\/div><\/div><h1 class=\"bde-heading-1592-121 bde-heading\">\nSupreme X-Stream T\u0131kanmaz Pn\u00f6matik Konvey\u00f6r\n<\/h1><div class=\"bde-columns-1592-122 bde-columns\"><div class=\"bde-column-1592-123 bde-column\">\n  \n\t\n\n\n\n<div class=\"bde-image-1592-124 bde-image\">\n<figure class=\"breakdance-image breakdance-image--1601 breakdance-image--caption-below\">\n\t<div class=\"breakdance-image-container\">\n\t\t<div class=\"breakdance-image-clip\"><img loading=\"lazy\" decoding=\"async\" class=\"breakdance-image-object\" src=\"https:\/\/ensude.com\/wp-content\/uploads\/2024\/09\/vac3.png\" width=\"296\" height=\"190\" sizes=\"auto, (max-width: 296px) 100vw, 296px\"><\/div>\n\t<\/div><\/figure>\n\n<\/div>\n<\/div><div class=\"bde-column-1592-125 bde-column\">\n  \n\t\n\n\n\n<div class=\"bde-rich-text-1592-126 bde-rich-text breakdance-rich-text-styles\">\n<p class=\"font_8 wixui-rich-text__text\"><span class=\"color_15 wixui-rich-text__text\"><span class=\"wixui-rich-text__text\">X-stream\u00a0S\u00fcper\u00a0Pn\u00f6matik Ta\u015f\u0131ma Sistemi (XSPC) neredeyse hi\u00e7 hareketli par\u00e7a i\u00e7ermez, malzemeyi y\u00fcksek h\u0131zlarda ve uzun mesafelerde ta\u015f\u0131r. \u0130\u00e7sel d\u00fcz tasar\u0131m sayesinde t\u0131kanmay\u0131 \u00f6nler. B\u00fcy\u00fck mesafeler boyunca y\u00fcksek kapasiteli ta\u015f\u0131ma i\u00e7in kompakt tasar\u0131mda, g\u00fc\u00e7l\u00fc, verimli bir venturi hareketi i\u00e7in s\u0131k\u0131\u015ft\u0131r\u0131lm\u0131\u015f hava kullan\u0131r.\u00a0<\/span><\/span><span class=\"color_15 wixui-rich-text__text\"><span class=\"wixui-rich-text__text\">Bu y\u00fcksek enerji ta\u015f\u0131ma sistemini olu\u015fturmak i\u00e7in standart bir hortumu\u00a0 XSPC\u2019nin her iki ucuna s\u0131k\u0131\u015ft\u0131r\u0131n. Bir bas\u0131n\u00e7 reg\u00fclat\u00f6r\u00fc ile kapasite ve ak\u0131\u015f kontrol\u00fc yap\u0131labilir ve \u00fcr\u00fcn bak\u0131m gerektirmez.<\/span><\/span><\/p>\n<p class=\"font_8 wixui-rich-text__text\"><span class=\"color_15 wixui-rich-text__text\"><span class=\"wixui-rich-text__text\"><span class=\"wixGuard wixui-rich-text__text\">\u200b<\/span><\/span><\/span><span class=\"wixui-rich-text__text\"><span class=\"color_15 wixui-rich-text__text\">\u00d6zellikler<\/span><\/span><\/p>\n<ul>\n<li class=\"font_8 wixui-rich-text__text\"><span class=\"color_15 wixui-rich-text__text\"><span class=\"wixui-rich-text__text\">A\u015f\u0131nmaya direnmek i\u00e7in hareketli par\u00e7a i\u00e7ermeyen sert anodize al\u00fcminyum g\u00f6vdeden \u00fcretilmi\u015ftir.<\/span><\/span><\/li>\n<li class=\"font_8 wixui-rich-text__text\"><span class=\"color_15 wixui-rich-text__text\"><span class=\"wixui-rich-text__text\">Kolay kelep\u00e7eleme i\u00e7in standart hortum \u00e7ap\u0131na uyan standart \u00f6l\u00e7\u00fcler. Di\u015fli versiyonlar, normal boru di\u015fine kolayca ba\u011flan\u0131r: 1 \u201c(25mm), 1-1 \/ 4\u201d (32mm), 1-1 \/ 2 \u201c(38mm) ve 2\u201d (51mm). Gerekti\u011finde \u00f6zel ebatlar \u00fcretilebilir.<\/span><\/span><\/li>\n<li class=\"font_8 wixui-rich-text__text\"><span class=\"color_15 wixui-rich-text__text\"><span class=\"wixui-rich-text__text\">Bir bas\u0131n\u00e7 reg\u00fclat\u00f6r\u00fcn\u00fcn kullan\u0131lmas\u0131 ak\u0131\u015f malzemesini kontrol ede.<\/span><\/span><\/li>\n<li class=\"font_8 wixui-rich-text__text\"><span class=\"color_15 wixui-rich-text__text\"><span class=\"wixui-rich-text__text\">Hi\u00e7bir hareketli par\u00e7a olmadan, elektrik ya da patlama tehlikesi olmadan an\u0131nda A\u00c7MA \/ KAPAMA.<\/span><\/span><\/li>\n<\/ul>\n<p class=\"font_8 wixui-rich-text__text\"><span class=\"color_15 wixui-rich-text__text\"><span class=\"wixui-rich-text__text\">Avantajlar\u0131<\/span><\/span><\/p>\n<ul>\n<li class=\"font_8 wixui-rich-text__text\"><span class=\"color_15 wixui-rich-text__text\"><span class=\"wixui-rich-text__text\">Zorlu ortamlarda rekabet\u00e7i modellere g\u00f6re daha uzun \u00f6m\u00fcr.<\/span><\/span><\/li>\n<li class=\"font_8 wixui-rich-text__text\"><span class=\"color_15 wixui-rich-text__text\"><span class=\"wixui-rich-text__text\">Kullan\u0131m kolayl\u0131\u011f\u0131.<\/span><\/span><\/li>\n<li class=\"font_8 wixui-rich-text__text\"><span class=\"color_15 wixui-rich-text__text\"><span class=\"wixui-rich-text__text\">Malzeme ak\u0131\u015f\u0131n\u0131n basit ve kolay kontrol\u00fc.<\/span><\/span><\/li>\n<li class=\"font_8 wixui-rich-text__text\"><span class=\"color_15 wixui-rich-text__text\"><span class=\"wixui-rich-text__text\">Bak\u0131m gerektirmeyen \u00e7al\u0131\u015fma<\/span><\/span><\/li>\n<\/ul>\n<\/div>\n<\/div><\/div><div class=\"bde-columns-1592-130 bde-columns\"><div class=\"bde-column-1592-131 bde-column\">\n  \n\t\n\n\n\n<div class=\"bde-icon-1592-132 bde-icon\">\n\n    \n                    \n            \n            \n\n    \n    \n    \n    \n    \n    <a class=\"breakdance-link bde-icon-icon breakdance-icon-atom\" href=\"https:\/\/ensude.com\/wp-content\/uploads\/2024\/07\/X-Stream_Konveyor.pdf\" target=\"_blank\" data-type=\"url\"  >\n\n    \n                    <svg xmlns=\"http:\/\/www.w3.org\/2000\/svg\" viewBox=\"0 0 512 512\"><!--! Font Awesome Free 6.5.1 by @fontawesome - https:\/\/fontawesome.com License - https:\/\/fontawesome.com\/license\/free (Icons: CC BY 4.0, Fonts: SIL OFL 1.1, Code: MIT License) Copyright 2023 Fonticons, Inc. --><path d=\"M64 464l48 0 0 48-48 0c-35.3 0-64-28.7-64-64L0 64C0 28.7 28.7 0 64 0L229.5 0c17 0 33.3 6.7 45.3 18.7l90.5 90.5c12 12 18.7 28.3 18.7 45.3L384 304l-48 0 0-144-80 0c-17.7 0-32-14.3-32-32l0-80L64 48c-8.8 0-16 7.2-16 16l0 384c0 8.8 7.2 16 16 16zM176 352l32 0c30.9 0 56 25.1 56 56s-25.1 56-56 56l-16 0 0 32c0 8.8-7.2 16-16 16s-16-7.2-16-16l0-48 0-80c0-8.8 7.2-16 16-16zm32 80c13.3 0 24-10.7 24-24s-10.7-24-24-24l-16 0 0 48 16 0zm96-80l32 0c26.5 0 48 21.5 48 48l0 64c0 26.5-21.5 48-48 48l-32 0c-8.8 0-16-7.2-16-16l0-128c0-8.8 7.2-16 16-16zm32 128c8.8 0 16-7.2 16-16l0-64c0-8.8-7.2-16-16-16l-16 0 0 96 16 0zm80-112c0-8.8 7.2-16 16-16l48 0c8.8 0 16 7.2 16 16s-7.2 16-16 16l-32 0 0 32 32 0c8.8 0 16 7.2 16 16s-7.2 16-16 16l-32 0 0 48c0 8.8-7.2 16-16 16s-16-7.2-16-16l0-64 0-64z\"\/><\/svg>\n        \n        \n        \n                <\/a>\n\n    \n\n\n<\/div><a class=\"bde-text-link-1592-133 bde-text-link breakdance-link\" href=\"https:\/\/ensude.com\/wp-content\/uploads\/2024\/07\/X-Stream_Konveyor.pdf\" target=\"_blank\" data-type=\"url\">\n  X-Stream Konvey\u00f6r Bro\u015f\u00fcr\n\n<\/a>\n<\/div><\/div><div class=\"bde-text-1592-148 bde-text\">\n\u0130lgili \u00dcr\u00fcn Videolar\u0131\n<\/div><div class=\"bde-columns-1592-143 bde-columns\"><div class=\"bde-column-1592-144 bde-column\">\n  \n\t\n\n\n\n<div class=\"bde-video-1592-146 bde-video\">\n<div class=\"ee-video-container\">\n                                                                        \n                <lite-youtube\n                        videoid=\"HaQK6jqXzN0\"\n                                                style=\"background-image: url(https:\/\/i.ytimg.com\/vi\/HaQK6jqXzN0\/maxresdefault.jpg); \"\n                        class=\"ee-video\"\n                        title=\"\"\n                        params=\"&playsinline=0&rel=0&enablejsapi=1\"\n                >\n                <\/lite-youtube>\n                    \n        \n            \n    <\/div>\n\n<\/div>\n<\/div><div class=\"bde-column-1592-145 bde-column\">\n  \n\t\n\n\n\n<div class=\"bde-video-1592-147 bde-video\">\n<div class=\"ee-video-container\">\n                                                                        \n                <lite-youtube\n                        videoid=\"316XnTVQ6wE\"\n                                                style=\"background-image: url(https:\/\/i.ytimg.com\/vi\/316XnTVQ6wE\/maxresdefault.jpg); \"\n                        class=\"ee-video\"\n                        title=\"\"\n                        params=\"&playsinline=0&rel=0&enablejsapi=1\"\n                >\n                <\/lite-youtube>\n                    \n        \n            \n    <\/div>\n\n<\/div>\n<\/div><\/div><\/div>\n<\/section><\/div>","protected":false},"excerpt":{"rendered":"<p>Ring VAC Hava Konvey\u00f6r\u00fc Ring VAC Bro\u015f\u00fcr Kaplamal\u0131 al\u00fcminyum, a\u011f\u0131r sert eloksal ve paslanmaz \u00e7elikten \u00fcretilmi\u015f Ring Vac \u00e7e\u015fitleri bulunmaktad\u0131r. Bu y\u00fcksek enerjili ta\u015f\u0131ma sistemini olu\u015fturmak i\u00e7in \u00fcr\u00fcn\u00fcn her iki ucuna standart \u00f6l\u00e7\u00fcdeki ta\u015f\u0131ma hortumunu takman\u0131z yeterlidir. Di\u015f a\u00e7\u0131lm\u0131\u015f \u00e7e\u015fitleri standart boru di\u015flerine monte edilebilir. Bas\u0131n\u00e7 reg\u00fclat\u00f6r\u00fc kullan\u0131m\u0131yla ak\u0131\u015f ve kapasite kontrol\u00fc yap\u0131labilir. Sistemde hareketli [&hellip;]<\/p>\n","protected":false},"author":1,"featured_media":0,"parent":0,"menu_order":0,"comment_status":"closed","ping_status":"closed","template":"","meta":{"_acf_changed":false,"_breakdance_hide_in_design_set":false,"_breakdance_tags":"","footnotes":""},"class_list":["post-1592","page","type-page","status-publish","hentry"],"acf":[],"_links":{"self":[{"href":"https:\/\/ensude.com\/index.php\/wp-json\/wp\/v2\/pages\/1592","targetHints":{"allow":["GET"]}}],"collection":[{"href":"https:\/\/ensude.com\/index.php\/wp-json\/wp\/v2\/pages"}],"about":[{"href":"https:\/\/ensude.com\/index.php\/wp-json\/wp\/v2\/types\/page"}],"author":[{"embeddable":true,"href":"https:\/\/ensude.com\/index.php\/wp-json\/wp\/v2\/users\/1"}],"replies":[{"embeddable":true,"href":"https:\/\/ensude.com\/index.php\/wp-json\/wp\/v2\/comments?post=1592"}],"version-history":[{"count":10,"href":"https:\/\/ensude.com\/index.php\/wp-json\/wp\/v2\/pages\/1592\/revisions"}],"predecessor-version":[{"id":3287,"href":"https:\/\/ensude.com\/index.php\/wp-json\/wp\/v2\/pages\/1592\/revisions\/3287"}],"wp:attachment":[{"href":"https:\/\/ensude.com\/index.php\/wp-json\/wp\/v2\/media?parent=1592"}],"curies":[{"name":"wp","href":"https:\/\/api.w.org\/{rel}","templated":true}]}}