{"id":1512,"date":"2024-09-15T13:21:56","date_gmt":"2024-09-15T13:21:56","guid":{"rendered":"https:\/\/ensude.com\/?page_id=1512"},"modified":"2024-09-15T13:21:56","modified_gmt":"2024-09-15T13:21:56","slug":"nozul-manifoldlari-orumcek-nozuller","status":"publish","type":"page","link":"https:\/\/ensude.com\/index.php\/nozul-manifoldlari-orumcek-nozuller\/","title":{"rendered":"Noz\u00fcl Manifoldlar\u0131 \u00d6r\u00fcmcek Noz\u00fcller"},"content":{"rendered":"<div class='breakdance'><section class=\"bde-section-1512-100 bde-section\">\n  \n\t\n\n\n\n<div class=\"section-container\"><h1 class=\"bde-heading-1512-101 bde-heading\">\nSolvAir SV10 Hava Noz\u00fclleri ve Manifordlar\u0131\n<\/h1><div class=\"bde-columns-1512-102 bde-columns\"><div class=\"bde-column-1512-103 bde-column\">\n  \n\t\n\n\n\n<div class=\"bde-image-1512-104 bde-image\">\n<figure class=\"breakdance-image breakdance-image--1516 breakdance-image--caption-below\">\n\t<div class=\"breakdance-image-container\">\n\t\t<div class=\"breakdance-image-clip\"><img loading=\"lazy\" decoding=\"async\" class=\"breakdance-image-object\" src=\"https:\/\/ensude.com\/wp-content\/uploads\/2024\/09\/nozul-1.png\" width=\"268\" height=\"207\" sizes=\"auto, (max-width: 268px) 100vw, 268px\"><\/div>\n\t<\/div><\/figure>\n\n<\/div><div class=\"bde-image-1512-107 bde-image\">\n<figure class=\"breakdance-image breakdance-image--1517 breakdance-image--caption-below\">\n\t<div class=\"breakdance-image-container\">\n\t\t<div class=\"breakdance-image-clip\"><img loading=\"lazy\" decoding=\"async\" class=\"breakdance-image-object\" src=\"https:\/\/ensude.com\/wp-content\/uploads\/2024\/09\/nozul-2.png\" width=\"250\" height=\"197\" sizes=\"auto, (max-width: 250px) 100vw, 250px\"><\/div>\n\t<\/div><\/figure>\n\n<\/div>\n<\/div><div class=\"bde-column-1512-105 bde-column\">\n  \n\t\n\n\n\n<div class=\"bde-rich-text-1512-106 bde-rich-text breakdance-rich-text-styles\">\n<div id=\"comp-lcs4v9o6\" class=\"HcOXKn c9GqVL QxJLC3 lq2cno comp-lcs4v9o6 wixui-rich-text\" data-testid=\"richTextElement\">\n<p class=\"font_8 wixui-rich-text__text\"><span class=\"wixui-rich-text__text\">SV10 Hava Nozullar\u0131 ve Manifoldlar, iyi bir \u00e7al\u0131\u015fma aral\u0131\u011f\u0131 sa\u011flayan, bir manifoldda istenen konuma kilitlenebilen tamamen ayarlanabilir yuvarlak nozullard\u0131r. Gerekti\u011fi gibi \u00f6zel olarak projelendirilebilirler. Bu konuda gerekli deste\u011fi almak i\u00e7in l\u00fctfen bizlere ula\u015f\u0131n\u0131z.<\/span><\/p>\n<p class=\"font_8 wixui-rich-text__text\"><span class=\"wixui-rich-text__text\">SV10 Noz\u00fcl &amp; Manifold \u00d6zellikleri:<\/span><\/p>\n<ul>\n<li class=\"font_8 wixui-rich-text__text\"><span class=\"wixui-rich-text__text\">304SST tamamen ayarlanabilir yuvarlak nozul<\/span><\/li>\n<li class=\"font_8 wixui-rich-text__text\"><span class=\"wixui-rich-text__text\">Yiyecek ve \u0130\u00e7ecek hatlar\u0131 i\u00e7in kullan\u0131\u015fl\u0131 ve uygundur.<\/span><\/li>\n<li class=\"font_8 wixui-rich-text__text\"><span class=\"wixui-rich-text__text\">Dayan\u0131kl\u0131 ve sa\u011flamd\u0131r. Deforme olmaz.<\/span><\/li>\n<li class=\"font_8 wixui-rich-text__text\"><span class=\"wixui-rich-text__text\">Tamamen ayarlanabilir ve son konumda kilitlenir.<\/span><\/li>\n<li class=\"font_8 wixui-rich-text__text\"><span class=\"wixui-rich-text__text\">Aerodinamik yasalara uygundur.<\/span><\/li>\n<li class=\"font_8 wixui-rich-text__text\"><span class=\"wixui-rich-text__text\">Hedeflenen b\u00f6lgeye y\u00fcksek h\u0131zl\u0131 hava sa\u011flar.<\/span><\/li>\n<li class=\"font_8 wixui-rich-text__text\"><span class=\"wixui-rich-text__text\">\u0130yi \u00e7al\u0131\u015fma aral\u0131\u011f\u0131na sahiptir.<\/span><\/li>\n<li class=\"font_8 wixui-rich-text__text\"><span class=\"wixui-rich-text__text\">G\u0131da s\u0131n\u0131f\u0131 i\u00e7in uygun malzemeden \u00fcretilmi\u015ftir.<\/span><\/li>\n<li class=\"font_8 wixui-rich-text__text\"><span class=\"wixui-rich-text__text\">Sipari\u015f \u00fczerine yap\u0131lan manifold uzunlu\u011fu<\/span><\/li>\n<\/ul>\n<\/div>\n<\/div>\n<\/div><\/div><div class=\"bde-text-1512-123 bde-text\">\nUygulama Alanlar\u0131 ve Noz\u00fcl G\u00f6rselleri\n<\/div><div class=\"bde-columns-1512-108 bde-columns\"><div class=\"bde-column-1512-109 bde-column\">\n  \n\t\n\n\n\n<div class=\"bde-image-1512-114 bde-image\">\n<figure class=\"breakdance-image breakdance-image--1518\">\n\t<div class=\"breakdance-image-container\">\n\t\t<div class=\"breakdance-image-clip\"><img loading=\"lazy\" decoding=\"async\" class=\"breakdance-image-object\" src=\"https:\/\/ensude.com\/wp-content\/uploads\/2024\/09\/nozul-3.webp\" width=\"454\" height=\"301\" sizes=\"auto, (max-width: 454px) 100vw, 454px\"><\/div>\n\t<\/div><\/figure>\n\n<\/div>\n<\/div><div class=\"bde-column-1512-110 bde-column\">\n  \n\t\n\n\n\n<div class=\"bde-image-1512-115 bde-image\">\n<figure class=\"breakdance-image breakdance-image--1519\">\n\t<div class=\"breakdance-image-container\">\n\t\t<div class=\"breakdance-image-clip\"><img loading=\"lazy\" decoding=\"async\" class=\"breakdance-image-object\" src=\"https:\/\/ensude.com\/wp-content\/uploads\/2024\/09\/nozul-4.webp\" width=\"475\" height=\"301\" sizes=\"auto, (max-width: 475px) 100vw, 475px\"><\/div>\n\t<\/div><\/figure>\n\n<\/div>\n<\/div><\/div><div class=\"bde-columns-1512-111 bde-columns\"><div class=\"bde-column-1512-112 bde-column\">\n  \n\t\n\n\n\n<div class=\"bde-image-1512-116 bde-image\">\n<figure class=\"breakdance-image breakdance-image--1520\">\n\t<div class=\"breakdance-image-container\">\n\t\t<div class=\"breakdance-image-clip\"><img loading=\"lazy\" decoding=\"async\" class=\"breakdance-image-object\" src=\"https:\/\/ensude.com\/wp-content\/uploads\/2024\/09\/nozul-5.webp\" width=\"936\" height=\"448\" srcset=\"https:\/\/ensude.com\/wp-content\/uploads\/2024\/09\/nozul-5.webp 936w, https:\/\/ensude.com\/wp-content\/uploads\/2024\/09\/nozul-5-640x306.webp 640w, https:\/\/ensude.com\/wp-content\/uploads\/2024\/09\/nozul-5-768x368.webp 768w, https:\/\/ensude.com\/wp-content\/uploads\/2024\/09\/nozul-5-600x287.webp 600w\" sizes=\"auto, (max-width: 936px) 100vw, 936px\"><\/div>\n\t<\/div><\/figure>\n\n<\/div>\n<\/div><\/div><div class=\"bde-columns-1512-117 bde-columns\"><div class=\"bde-column-1512-118 bde-column\">\n  \n\t\n\n\n\n<div class=\"bde-image-1512-119 bde-image\">\n<figure class=\"breakdance-image breakdance-image--1521\">\n\t<div class=\"breakdance-image-container\">\n\t\t<div class=\"breakdance-image-clip\"><img loading=\"lazy\" decoding=\"async\" class=\"breakdance-image-object\" src=\"https:\/\/ensude.com\/wp-content\/uploads\/2024\/09\/nozul-6.webp\" width=\"437\" height=\"330\" sizes=\"auto, (max-width: 437px) 100vw, 437px\"><\/div>\n\t<\/div><\/figure>\n\n<\/div>\n<\/div><div class=\"bde-column-1512-120 bde-column\">\n  \n\t\n\n\n\n<div class=\"bde-image-1512-121 bde-image\">\n<figure class=\"breakdance-image breakdance-image--1522\">\n\t<div class=\"breakdance-image-container\">\n\t\t<div class=\"breakdance-image-clip\"><img loading=\"lazy\" decoding=\"async\" class=\"breakdance-image-object\" src=\"https:\/\/ensude.com\/wp-content\/uploads\/2024\/09\/nozul-7.webp\" width=\"489\" height=\"325\" sizes=\"auto, (max-width: 489px) 100vw, 489px\"><\/div>\n\t<\/div><\/figure>\n\n<\/div>\n<\/div><\/div><\/div>\n<\/section><\/div>","protected":false},"excerpt":{"rendered":"<p>SolvAir SV10 Hava Noz\u00fclleri ve Manifordlar\u0131 SV10 Hava Nozullar\u0131 ve Manifoldlar, iyi bir \u00e7al\u0131\u015fma aral\u0131\u011f\u0131 sa\u011flayan, bir manifoldda istenen konuma kilitlenebilen tamamen ayarlanabilir yuvarlak nozullard\u0131r. Gerekti\u011fi gibi \u00f6zel olarak projelendirilebilirler. Bu konuda gerekli deste\u011fi almak i\u00e7in l\u00fctfen bizlere ula\u015f\u0131n\u0131z. SV10 Noz\u00fcl &amp; Manifold \u00d6zellikleri: 304SST tamamen ayarlanabilir yuvarlak nozul Yiyecek ve \u0130\u00e7ecek hatlar\u0131 i\u00e7in kullan\u0131\u015fl\u0131 [&hellip;]<\/p>\n","protected":false},"author":1,"featured_media":0,"parent":0,"menu_order":0,"comment_status":"closed","ping_status":"closed","template":"","meta":{"_acf_changed":false,"_breakdance_hide_in_design_set":false,"_breakdance_tags":"","footnotes":""},"class_list":["post-1512","page","type-page","status-publish","hentry"],"acf":[],"_links":{"self":[{"href":"https:\/\/ensude.com\/index.php\/wp-json\/wp\/v2\/pages\/1512","targetHints":{"allow":["GET"]}}],"collection":[{"href":"https:\/\/ensude.com\/index.php\/wp-json\/wp\/v2\/pages"}],"about":[{"href":"https:\/\/ensude.com\/index.php\/wp-json\/wp\/v2\/types\/page"}],"author":[{"embeddable":true,"href":"https:\/\/ensude.com\/index.php\/wp-json\/wp\/v2\/users\/1"}],"replies":[{"embeddable":true,"href":"https:\/\/ensude.com\/index.php\/wp-json\/wp\/v2\/comments?post=1512"}],"version-history":[{"count":5,"href":"https:\/\/ensude.com\/index.php\/wp-json\/wp\/v2\/pages\/1512\/revisions"}],"predecessor-version":[{"id":2075,"href":"https:\/\/ensude.com\/index.php\/wp-json\/wp\/v2\/pages\/1512\/revisions\/2075"}],"wp:attachment":[{"href":"https:\/\/ensude.com\/index.php\/wp-json\/wp\/v2\/media?parent=1512"}],"curies":[{"name":"wp","href":"https:\/\/api.w.org\/{rel}","templated":true}]}}