{"id":1485,"date":"2024-09-15T12:26:39","date_gmt":"2024-09-15T12:26:39","guid":{"rendered":"https:\/\/ensude.com\/?page_id=1485"},"modified":"2025-03-23T20:20:16","modified_gmt":"2025-03-23T20:20:16","slug":"dairesel-hava-bicaklari-ekstruzyon-prosesleri","status":"publish","type":"page","link":"https:\/\/ensude.com\/index.php\/dairesel-hava-bicaklari-ekstruzyon-prosesleri\/","title":{"rendered":"Dairesel Hava B\u0131\u00e7aklar\u0131 Ekstr\u00fczyon Prosesleri"},"content":{"rendered":"<div class='breakdance'><section class=\"bde-section-1485-100 bde-section\">\n  \n\t\n\n\n\n<div class=\"section-container\"><h1 class=\"bde-heading-1485-101 bde-heading\">\nBlowerl\u0131 Dairesel Hava B\u0131\u00e7aklar\u0131<br>(Bas\u0131n\u00e7l\u0131 Hava Kullanmaz !.. %90 Enerji Tasarrufludur)\n<\/h1><div class=\"bde-columns-1485-102 bde-columns\"><div class=\"bde-column-1485-103 bde-column\">\n  \n\t\n\n\n\n<div class=\"bde-image-1485-104 bde-image\">\n<figure class=\"breakdance-image breakdance-image--1489 breakdance-image--caption-below\">\n\t<div class=\"breakdance-image-container\">\n\t\t<div class=\"breakdance-image-clip\"><img loading=\"lazy\" decoding=\"async\" class=\"breakdance-image-object\" src=\"https:\/\/ensude.com\/wp-content\/uploads\/2024\/09\/blower.png\" width=\"320\" height=\"601\" sizes=\"auto, (max-width: 320px) 100vw, 320px\"><\/div>\n\t<\/div><\/figure>\n\n<\/div>\n<\/div><div class=\"bde-column-1485-105 bde-column\">\n  \n\t\n\n\n\n<div class=\"bde-rich-text-1485-106 bde-rich-text breakdance-rich-text-styles\">\n<div id=\"comp-lcs4v9o6\" class=\"HcOXKn c9GqVL QxJLC3 lq2cno comp-lcs4v9o6 wixui-rich-text\" data-testid=\"richTextElement\">\n<p class=\"font_8 wixui-rich-text__text\"><span class=\"wixui-rich-text__text\">Dairesel Hava (CA) B\u0131\u00e7aklar\u0131, kablo veya profil kurutma, plastik veya kau\u00e7uk ekstr\u00fczyon hatlar\u0131 gibi \u00e7e\u015fitli uygulamalar i\u00e7in idealdir, i\u015flem s\u0131ras\u0131nda so\u011futma banyolar\u0131ndan sonra suyu etkili bir \u015fekilde \u00fcr\u00fcnden uzakla\u015ft\u0131r\u0131rlar.<\/span><\/p>\n<p class=\"font_8 wixui-rich-text__text\"><span class=\"wixui-rich-text__text\">Bu dairesel hava b\u0131\u00e7aklar\u0131n\u0131n tamamen kontrol edilebilen 360\u00b0 etkili ve ayarlanabilir performans\u0131 ile \u00f6l\u00fc noktalar\u0131 yoktur. Ayn\u0131 zamanda karma\u015f\u0131k ekstr\u00fczyon profillerini veya kurutulmas\u0131 zor \u00fcr\u00fcnleri kuruturken olduk\u00e7a kullan\u0131\u015fl\u0131d\u0131r.<\/span><\/p>\n<p class=\"font_8 wixui-rich-text__text\"><span class=\"wixui-rich-text__text\">Bu \u00fcr\u00fcnler pahal\u0131 bas\u0131n\u00e7l\u0131 hava yerine y\u00fcksek bas\u0131n\u00e7l\u0131 \u00fcfleyicilerle kullan\u0131lmak \u00fczere tasarlanm\u0131\u015ft\u0131r ve bu sebeple y\u00fcksek enerji tasarrufu yaparlar. Bu hesaplamalar\u0131 yerinde \u00f6l\u00e7\u00fcp raporlanmas\u0131 i\u00e7in l\u00fctfen bizlere ula\u015f\u0131n\u0131z.<\/span><\/p>\n<p class=\"font_8 wixui-rich-text__text\"><span class=\"wixui-rich-text__text\">Paslanmaz \u00e7elik, al\u00fcminyum ve karbon \u00e7elik olarak mevcuttur ve standart i\u00e7 \u00e7aplar art\u0131 450 mm i\u00e7 \u00e7apa kadar \u00f6zel boyutlarda mevcuttur.<\/span><\/p>\n<p class=\"font_8 wixui-rich-text__text\"><span class=\"wixui-rich-text__text\">\u015eu i\u015flemler i\u00e7in uygundur;<\/span><\/p>\n<ul>\n<li class=\"font_8 wixui-rich-text__text\"><span class=\"wixui-rich-text__text\">360\u00b0 Kurutma ve temizleme i\u015flemlerinde<\/span><\/li>\n<li class=\"font_8 wixui-rich-text__text\"><span class=\"wixui-rich-text__text\">\u00c7elik boru ve her t\u00fcrl\u00fc profil kurutma i\u015flemlerinde<\/span><\/li>\n<li class=\"font_8 wixui-rich-text__text\"><span class=\"wixui-rich-text__text\">Kablo kurutma uygulamalar\u0131nda<\/span><\/li>\n<li class=\"font_8 wixui-rich-text__text\"><span class=\"wixui-rich-text__text\">Plastik ve kau\u00e7uk profil ekstr\u00fczyon i\u015flemlerinde<\/span><\/li>\n<li class=\"font_8 wixui-rich-text__text\"><span class=\"wixui-rich-text__text\">\u0130plik kurutma i\u015flemlerinde.\u00a0<\/span><\/li>\n<\/ul>\n<\/div>\n<div id=\"comp-lcs5bblw\" class=\"HcOXKn c9GqVL QxJLC3 lq2cno comp-lcs5bblw wixui-rich-text\" data-testid=\"richTextElement\">\n<p class=\"font_8 wixui-rich-text__text\"><span class=\"wixui-rich-text__text\">Ba\u015fl\u0131ca Teknik \u00d6zellikler:<\/span><\/p>\n<ul>\n<li class=\"font_8 wixui-rich-text__text\"><span class=\"wixui-rich-text__text\">Kablolar\u0131, borular\u0131 ve ekstr\u00fczyon malzemeleri kurutmak i\u00e7in \u00f6zel olarak \u00fcretilmi\u015f bir \u00e7\u00f6z\u00fcmd\u00fcr.<\/span><\/li>\n<li class=\"font_8 wixui-rich-text__text\"><span class=\"wixui-rich-text__text\">Standart aral\u0131k i\u00e7 \u00e7ap boyutlar\u0131 (25mm, 50mm, 75mm, 100mm, 150mm).<\/span><\/li>\n<li class=\"font_8 wixui-rich-text__text\"><span class=\"wixui-rich-text__text\">\u0130stek \u00fczerine \u00f6zel \u00f6l\u00e7\u00fcler mevcuttur. (450mm \u00e7apa kadar dairesel hava b\u0131\u00e7aklar\u0131 \u00fcretilebilir)<\/span><\/li>\n<li class=\"font_8 wixui-rich-text__text\"><span class=\"wixui-rich-text__text\">Paslanmaz \u00e7elik, al\u00fcminyum ve karbon \u00e7elik olarak \u00fcretilmektedir.<\/span><\/li>\n<li class=\"font_8 wixui-rich-text__text\"><span class=\"wixui-rich-text__text\">Y\u00fcksek kaliteli i\u015flenmi\u015f bile\u015fenlerden olu\u015fur ve end\u00fcstriyel ortamlara olduk\u00e7a dayan\u0131kl\u0131d\u0131r.<\/span><\/li>\n<li class=\"font_8 wixui-rich-text__text\"><span class=\"wixui-rich-text__text\">Ayarlanabilir hava b\u0131\u00e7a\u011f\u0131 bo\u015flu\u011fu 0,5 mm'den 2,0 mm'ye kadar.<\/span><\/li>\n<li class=\"font_8 wixui-rich-text__text\"><span class=\"wixui-rich-text__text\">Bas\u0131n\u00e7l\u0131 havaya kullanmaz ve bu sebeple y\u00fcksek enerji tasarrufu sunar.<\/span><\/li>\n<li class=\"font_8 wixui-rich-text__text\"><span class=\"wixui-rich-text__text\">Y\u00fcksek h\u0131zl\u0131 hatlar i\u00e7in birden fazla hava b\u0131\u00e7a\u011f\u0131 seri olarak arka arkaya kullan\u0131labilir.<\/span><\/li>\n<li class=\"font_8 wixui-rich-text__text\"><span class=\"wixui-rich-text__text\">\u0130htiya\u00e7 duyuldu\u011funda iki ayr\u0131 yar\u0131m ay \u015feklinde \u00fcretilebilir.<\/span><\/li>\n<\/ul>\n<\/div>\n<\/div>\n<\/div><\/div><div class=\"bde-columns-1485-107 bde-columns\"><div class=\"bde-column-1485-108 bde-column\">\n  \n\t\n\n\n\n<div class=\"bde-image-1485-109 bde-image\">\n<figure class=\"breakdance-image breakdance-image--1490\">\n\t<div class=\"breakdance-image-container\">\n\t\t<div class=\"breakdance-image-clip\"><img loading=\"lazy\" decoding=\"async\" class=\"breakdance-image-object\" src=\"https:\/\/ensude.com\/wp-content\/uploads\/2024\/09\/daireseltablo.png\" width=\"566\" height=\"483\" sizes=\"auto, (max-width: 566px) 100vw, 566px\"><\/div>\n\t<\/div><\/figure>\n\n<\/div>\n<\/div><div class=\"bde-column-1485-110 bde-column\">\n  \n\t\n\n\n\n<div class=\"bde-icon-1485-114 bde-icon\">\n\n    \n                    \n            \n            \n\n    \n    \n    \n    \n    \n    <a class=\"breakdance-link bde-icon-icon breakdance-icon-atom\" href=\"https:\/\/ensude.com\/wp-content\/uploads\/2024\/07\/Paslanmaz-Celik-Hava-Bicagi-Brosur.pdf\" target=\"_blank\" data-type=\"url\"  >\n\n    \n                    <svg xmlns=\"http:\/\/www.w3.org\/2000\/svg\" viewBox=\"0 0 512 512\"><!--! Font Awesome Free 6.5.1 by @fontawesome - https:\/\/fontawesome.com License - https:\/\/fontawesome.com\/license\/free (Icons: CC BY 4.0, Fonts: SIL OFL 1.1, Code: MIT License) Copyright 2023 Fonticons, Inc. --><path d=\"M64 464l48 0 0 48-48 0c-35.3 0-64-28.7-64-64L0 64C0 28.7 28.7 0 64 0L229.5 0c17 0 33.3 6.7 45.3 18.7l90.5 90.5c12 12 18.7 28.3 18.7 45.3L384 304l-48 0 0-144-80 0c-17.7 0-32-14.3-32-32l0-80L64 48c-8.8 0-16 7.2-16 16l0 384c0 8.8 7.2 16 16 16zM176 352l32 0c30.9 0 56 25.1 56 56s-25.1 56-56 56l-16 0 0 32c0 8.8-7.2 16-16 16s-16-7.2-16-16l0-48 0-80c0-8.8 7.2-16 16-16zm32 80c13.3 0 24-10.7 24-24s-10.7-24-24-24l-16 0 0 48 16 0zm96-80l32 0c26.5 0 48 21.5 48 48l0 64c0 26.5-21.5 48-48 48l-32 0c-8.8 0-16-7.2-16-16l0-128c0-8.8 7.2-16 16-16zm32 128c8.8 0 16-7.2 16-16l0-64c0-8.8-7.2-16-16-16l-16 0 0 96 16 0zm80-112c0-8.8 7.2-16 16-16l48 0c8.8 0 16 7.2 16 16s-7.2 16-16 16l-32 0 0 32 32 0c8.8 0 16 7.2 16 16s-7.2 16-16 16l-32 0 0 48c0 8.8-7.2 16-16 16s-16-7.2-16-16l0-64 0-64z\"\/><\/svg>\n        \n        \n        \n                <\/a>\n\n    \n\n\n<\/div><a class=\"bde-text-link-1485-115 bde-text-link breakdance-link\" href=\"https:\/\/ensude.com\/wp-content\/uploads\/2024\/07\/Paslanmaz-Celik-Hava-Bicagi-Brosur.pdf\" target=\"_blank\" data-type=\"url\">\n  SolvAir Dairesel Hava B\u0131\u00e7a\u011f\u0131\n\n<\/a><div class=\"bde-image-1485-111 bde-image\">\n<figure class=\"breakdance-image breakdance-image--1491\">\n\t<div class=\"breakdance-image-container\">\n\t\t<div class=\"breakdance-image-clip\"><img loading=\"lazy\" decoding=\"async\" class=\"breakdance-image-object\" src=\"https:\/\/ensude.com\/wp-content\/uploads\/2024\/09\/dairesel-1.png\" width=\"218\" height=\"277\" sizes=\"auto, (max-width: 218px) 100vw, 218px\"><\/div>\n\t<\/div><\/figure>\n\n<\/div>\n<\/div><\/div><div class=\"bde-columns-1485-119 bde-columns\"><div class=\"bde-column-1485-120 bde-column\">\n  \n\t\n\n\n\n<div class=\"bde-image-1485-122 bde-image\">\n<figure class=\"breakdance-image breakdance-image--1492\">\n\t<div class=\"breakdance-image-container\">\n\t\t<div class=\"breakdance-image-clip\"><img loading=\"lazy\" decoding=\"async\" class=\"breakdance-image-object\" src=\"https:\/\/ensude.com\/wp-content\/uploads\/2024\/09\/dairesel-2.webp\" width=\"393\" height=\"295\" sizes=\"auto, (max-width: 393px) 100vw, 393px\"><\/div>\n\t<\/div><\/figure>\n\n<\/div>\n<\/div><div class=\"bde-column-1485-121 bde-column\">\n  \n\t\n\n\n\n<div class=\"bde-video-1485-123 bde-video\">\n<div class=\"ee-video-container\">\n                                                                        \n                <lite-youtube\n                        videoid=\"a7Cs3QZ4cQQ\"\n                                                style=\"background-image: url(https:\/\/i.ytimg.com\/vi\/a7Cs3QZ4cQQ\/maxresdefault.jpg); \"\n                        class=\"ee-video\"\n                        title=\"\"\n                        params=\"&playsinline=0&rel=0&enablejsapi=1\"\n                >\n                <\/lite-youtube>\n                    \n        \n            \n    <\/div>\n\n<\/div>\n<\/div><\/div><h1 class=\"bde-heading-1485-124 bde-heading\">\nNexflow 360\u00b0 Dairesel Hava B\u0131\u00e7aklar\u0131 (Bas\u0131n\u00e7l\u0131 hava ile \u00e7al\u0131\u015f\u0131r)\n<\/h1><div class=\"bde-columns-1485-125 bde-columns\"><div class=\"bde-column-1485-126 bde-column\">\n  \n\t\n\n\n\n<div class=\"bde-image-1485-127 bde-image\">\n<figure class=\"breakdance-image breakdance-image--1493 breakdance-image--caption-below\">\n\t<div class=\"breakdance-image-container\">\n\t\t<div class=\"breakdance-image-clip\"><img loading=\"lazy\" decoding=\"async\" class=\"breakdance-image-object\" src=\"https:\/\/ensude.com\/wp-content\/uploads\/2024\/09\/dairesel-5.png\" width=\"252\" height=\"154\" sizes=\"auto, (max-width: 252px) 100vw, 252px\"><\/div>\n\t<\/div><\/figure>\n\n<\/div><div class=\"bde-image-1485-131 bde-image\">\n<figure class=\"breakdance-image breakdance-image--1494\">\n\t<div class=\"breakdance-image-container\">\n\t\t<div class=\"breakdance-image-clip\"><img loading=\"lazy\" decoding=\"async\" class=\"breakdance-image-object\" src=\"https:\/\/ensude.com\/wp-content\/uploads\/2024\/09\/dairesel-6.png\" width=\"292\" height=\"195\" sizes=\"auto, (max-width: 292px) 100vw, 292px\"><\/div>\n\t<\/div><\/figure>\n\n<\/div>\n<\/div><div class=\"bde-column-1485-128 bde-column\">\n  \n\t\n\n\n\n<div class=\"bde-rich-text-1485-129 bde-rich-text breakdance-rich-text-styles\">\n<div id=\"comp-lcs4v9o6\" class=\"HcOXKn c9GqVL QxJLC3 lq2cno comp-lcs4v9o6 wixui-rich-text\" data-testid=\"richTextElement\">\n<p class=\"font_8 wixui-rich-text__text\"><span class=\"wixui-rich-text__text\"><span class=\"color_15 wixui-rich-text__text\">Nex Flow\u2019un Ring Blade Air Wipe \u00fcr\u00fcn\u00fc, par\u00e7an\u0131n etraf\u0131nda 360 derecelik e\u015fit bir \u00fcfleme sa\u011flayan hafif, kompakt ve kurulumu kolay bir ekipmand\u0131r. Enerji tasarrufu i\u00e7in bas\u0131n\u00e7l\u0131 hava kullan\u0131m\u0131n\u0131 azalt\u0131r ve g\u00fcr\u00fclt\u00fc seviyelerini \u00f6nemli \u00f6l\u00e7\u00fcde d\u00fc\u015f\u00fcr\u00fcr. Bu sistemler, bir reg\u00fclat\u00f6r ile kolayca kontrol edilebilen ve temelde bak\u0131m gerektirmeyen \u00fcr\u00fcnlerden olu\u015fur.<\/span><\/span><\/p>\n<p class=\"font_8 wixui-rich-text__text\"><span class=\"wixui-rich-text__text\"><span class=\"color_15 wixui-rich-text__text\">Bu \u00fcniteler, tel, kablo halat\u0131, pencere profilleri, otomotiv gezisi, ekstr\u00fcde boru ve di\u011fer uygulamalar gibi her t\u00fcr ekstr\u00fczyon i\u00e7in verimli bir \u00fcfleme sistemi olarak kullan\u0131l\u0131r. Nex Flow standart olarak 3\/8 \u201d\u00e7aptan 11\u201d \u00e7apa kadar ebatlar \u00fcretmekte ve gerekti\u011finde \u00f6zel ebatlar da \u00fcretebilmektedir.<\/span><\/span><\/p>\n<p class=\"font_8 wixui-rich-text__text\"><span class=\"wixui-rich-text__text\"><span class=\"color_15 wixui-rich-text__text\">360 Derece Hava Silme Sistemi, \u00e7evredeki alandan b\u00fcy\u00fck hacimli havay\u0131 k\u00fc\u00e7\u00fck alanla birlikte \"s\u00fcr\u00fckleyen\" \"Coanda\" etkisini kullanarak 360\u00b0 a\u00e7\u0131s\u0131 boyunca \"laminer\" bir hava ak\u0131\u015f\u0131 \u00fcretir. Bas\u0131n\u00e7l\u0131 hava giri\u015finin 30 kat\u0131na kadar \u00e7\u0131k\u0131\u015f ak\u0131\u015f\u0131 \u00fcreterek \u00e7al\u0131\u015f\u0131r. \u00dcfleme, d\u00fczensiz \u015fekilli par\u00e7alar i\u00e7in bile nemi ve kiri etkili bir \u015fekilde kesmek i\u00e7in par\u00e7an\u0131n ak\u0131\u015f y\u00f6n\u00fcne g\u00f6re a\u00e7\u0131l\u0131d\u0131r. Yap\u0131 malzemeleri anodize al\u00fcminyum veya 316L paslanmaz \u00e7eliktir.<\/span><\/span><\/p>\n<p class=\"font_8 wixui-rich-text__text\"><span class=\"wixui-rich-text__text\"><span class=\"color_15 wixui-rich-text__text\">Kullan\u0131m Yerleri;<\/span><\/span><\/p>\n<ul>\n<li class=\"font_8 wixui-rich-text__text\"><span class=\"wixui-rich-text__text\"><span class=\"color_15 wixui-rich-text__text\">Y\u0131kama, temizlik veya kaplamadan sonraki kurutmada,<\/span><\/span><\/li>\n<li class=\"font_8 wixui-rich-text__text\"><span class=\"wixui-rich-text__text\"><span class=\"color_15 wixui-rich-text__text\">Tozu ve kirleticileri \u00fcfleyerek uzakla\u015ft\u0131rmada,<\/span><\/span><\/li>\n<li class=\"font_8 wixui-rich-text__text\"><span class=\"wixui-rich-text__text\"><span class=\"color_15 wixui-rich-text__text\">7 So\u011fuk s\u0131cak haddelenmi\u015f \u015fekilli \u00fcr\u00fcnlerde,<\/span><\/span><\/li>\n<li class=\"font_8 wixui-rich-text__text\"><span class=\"wixui-rich-text__text\"><span class=\"color_15 wixui-rich-text__text\">Y\u00fczeyleri e\u015fit \u015fekilde silmek ve s\u00fcp\u00fcrmek i\u00e7in,<\/span><\/span><\/li>\n<li class=\"font_8 wixui-rich-text__text\"><span class=\"wixui-rich-text__text\"><span class=\"color_15 wixui-rich-text__text\">Kuru ekstr\u00fcde profiller, \u00e7ubuk ve t\u0131bbi borularda<\/span><\/span><\/li>\n<li class=\"font_8 wixui-rich-text__text\"><span class=\"wixui-rich-text__text\"><span class=\"color_15 wixui-rich-text__text\">Otomotiv kap\u0131 contalar\u0131ndan fazla suyu s\u0131y\u0131rmak i\u00e7in,<\/span><\/span><\/li>\n<li class=\"font_8 wixui-rich-text__text\"><span class=\"wixui-rich-text__text\"><span class=\"color_15 wixui-rich-text__text\">Fazla kaplamalar\u0131, suyu ve ya\u011f\u0131 gidermek i\u00e7in,<\/span><\/span><\/li>\n<li class=\"font_8 wixui-rich-text__text\"><span class=\"wixui-rich-text__text\"><span class=\"color_15 wixui-rich-text__text\">Kuru t\u00fcp, hortum, tel, fiber optik kablolarda,<\/span><\/span><\/li>\n<li class=\"font_8 wixui-rich-text__text\"><span class=\"wixui-rich-text__text\"><span class=\"color_15 wixui-rich-text__text\">Boya tabancas\u0131 u\u00e7lar\u0131n\u0131 temizlemek i\u00e7in<\/span><\/span><\/li>\n<li class=\"font_8 wixui-rich-text__text\"><span class=\"wixui-rich-text__text\"><span class=\"color_15 wixui-rich-text__text\">Kuru serigrafi bask\u0131l\u0131 veya m\u00fcrekkep p\u00fcsk\u00fcrtmeli y\u00fczeyler gibi bir \u00e7ok farkl\u0131 yerlerde kullan\u0131lmaktad\u0131r.<\/span><\/span><\/li>\n<\/ul>\n<\/div>\n<\/div>\n<\/div><\/div><div class=\"bde-video-1485-130 bde-video\">\n<div class=\"ee-video-container\">\n                                                                        \n                <lite-youtube\n                        videoid=\"VucUmY_pOm8\"\n                                                style=\"background-image: url(https:\/\/i.ytimg.com\/vi\/VucUmY_pOm8\/maxresdefault.jpg); \"\n                        class=\"ee-video\"\n                        title=\"\"\n                        params=\"&playsinline=0&rel=0&enablejsapi=1\"\n                >\n                <\/lite-youtube>\n                    \n        \n            \n    <\/div>\n\n<\/div><\/div>\n<\/section><\/div>","protected":false},"excerpt":{"rendered":"<p>Blowerl\u0131 Dairesel Hava B\u0131\u00e7aklar\u0131(Bas\u0131n\u00e7l\u0131 Hava Kullanmaz !.. %90 Enerji Tasarrufludur) Dairesel Hava (CA) B\u0131\u00e7aklar\u0131, kablo veya profil kurutma, plastik veya kau\u00e7uk ekstr\u00fczyon hatlar\u0131 gibi \u00e7e\u015fitli uygulamalar i\u00e7in idealdir, i\u015flem s\u0131ras\u0131nda so\u011futma banyolar\u0131ndan sonra suyu etkili bir \u015fekilde \u00fcr\u00fcnden uzakla\u015ft\u0131r\u0131rlar. Bu dairesel hava b\u0131\u00e7aklar\u0131n\u0131n tamamen kontrol edilebilen 360\u00b0 etkili ve ayarlanabilir performans\u0131 ile \u00f6l\u00fc noktalar\u0131 yoktur. [&hellip;]<\/p>\n","protected":false},"author":1,"featured_media":0,"parent":0,"menu_order":0,"comment_status":"closed","ping_status":"closed","template":"","meta":{"_acf_changed":false,"_breakdance_hide_in_design_set":false,"_breakdance_tags":"","footnotes":""},"class_list":["post-1485","page","type-page","status-publish","hentry"],"acf":[],"_links":{"self":[{"href":"https:\/\/ensude.com\/index.php\/wp-json\/wp\/v2\/pages\/1485","targetHints":{"allow":["GET"]}}],"collection":[{"href":"https:\/\/ensude.com\/index.php\/wp-json\/wp\/v2\/pages"}],"about":[{"href":"https:\/\/ensude.com\/index.php\/wp-json\/wp\/v2\/types\/page"}],"author":[{"embeddable":true,"href":"https:\/\/ensude.com\/index.php\/wp-json\/wp\/v2\/users\/1"}],"replies":[{"embeddable":true,"href":"https:\/\/ensude.com\/index.php\/wp-json\/wp\/v2\/comments?post=1485"}],"version-history":[{"count":6,"href":"https:\/\/ensude.com\/index.php\/wp-json\/wp\/v2\/pages\/1485\/revisions"}],"predecessor-version":[{"id":3210,"href":"https:\/\/ensude.com\/index.php\/wp-json\/wp\/v2\/pages\/1485\/revisions\/3210"}],"wp:attachment":[{"href":"https:\/\/ensude.com\/index.php\/wp-json\/wp\/v2\/media?parent=1485"}],"curies":[{"name":"wp","href":"https:\/\/api.w.org\/{rel}","templated":true}]}}