{"id":1429,"date":"2024-09-15T13:14:13","date_gmt":"2024-09-15T13:14:13","guid":{"rendered":"https:\/\/ensude.com\/?page_id=1429"},"modified":"2024-09-15T13:14:13","modified_gmt":"2024-09-15T13:14:13","slug":"enerji-izleme-iot-cozumleri","status":"publish","type":"page","link":"https:\/\/ensude.com\/index.php\/enerji-izleme-iot-cozumleri\/","title":{"rendered":"Enerji \u0130zleme IoT \u00c7\u00f6z\u00fcmleri"},"content":{"rendered":"<div class='breakdance'><section class=\"bde-section-1429-100 bde-section\">\n  \n\t\n\n\n\n<div class=\"section-container\"><h1 class=\"bde-heading-1429-101 bde-heading\">\nS4M Ak\u0131ll\u0131 Veri \u0130zleme Yaz\u0131l\u0131m\u0131 ve IoT \u00c7\u00f6z\u00fcmleri\n<\/h1><div class=\"bde-columns-1429-102 bde-columns\"><div class=\"bde-column-1429-103 bde-column\">\n  \n\t\n\n\n\n<div class=\"bde-rich-text-1429-106 bde-rich-text breakdance-rich-text-styles\">\n<p class=\"font_8 wixui-rich-text__text\"><span class=\"wixui-rich-text__text\">S4M, enerjiniz i\u00e7in eksiksiz izleme \u00e7\u00f6z\u00fcm\u00fcd\u00fcr. S\u0131n\u0131rs\u0131z say\u0131da sens\u00f6r izlenebilir. Tesisinizi kontrol\u00fcn\u00fcz alt\u0131nda tutman\u0131za yard\u0131mc\u0131 olur.\u00a0<\/span><span class=\"wixui-rich-text__text\">T\u00fcm kurulu sens\u00f6rler ve \u00f6l\u00e7\u00fcm verilerinin bir yere toplanmas\u0131n\u0131, bunlar\u0131n tek bir yaz\u0131l\u0131m \u00e7\u00f6z\u00fcm\u00fcnde birle\u015ftirilmesine olanak sa\u011flar.\u00a0<\/span><span class=\"wixui-rich-text__text\">\u0130nternet \u00fczerinden uzaktan eri\u015fim sa\u011flanabilir. Saha cihazlar\u0131na Modbus\/TCP,\u00a0 Modbus\/RTU ile ba\u011flanabilir. S4M, bas\u0131n\u00e7l\u0131 hava sistemine yard\u0131mc\u0131 olmak i\u00e7in en son web teknolojisini kullanarak verilerin ayr\u0131nt\u0131l\u0131 ve ger\u00e7ek zamanl\u0131 analizini yapar, ak\u0131ll\u0131ca toplar, kar\u015f\u0131la\u015ft\u0131r\u0131r ve analiz eder. Olas\u0131 sorunlar\u0131 olmadan \u00f6nce tan\u0131mlayabilir. Bu sebeple bak\u0131m ve servis verimlili\u011fini artt\u0131r\u0131r. Kurulum sihirbaz\u0131 ile basit kuruluma sahiptir. Herhangi bir i\u015fletim sisteminden alarm izleme imkan\u0131 sunar, grafik veri analizi ve \u00e7oklu dil se\u00e7ene\u011fi mevcuttur.<\/span><\/p>\n<p class=\"font_8 wixui-rich-text__text\"><span class=\"wixui-rich-text__text\">Daha ayr\u0131nt\u0131l\u0131 bilgi i\u00e7in l\u00fctfen bizlere ula\u015f\u0131n\u0131z.<\/span><\/p>\n<\/div>\n<\/div><div class=\"bde-column-1429-105 bde-column\">\n  \n\t\n\n\n\n<div class=\"bde-image-1429-104 bde-image\">\n<figure class=\"breakdance-image breakdance-image--1433 breakdance-image--caption-below\">\n\t<div class=\"breakdance-image-container\">\n\t\t<div class=\"breakdance-image-clip\"><img loading=\"lazy\" decoding=\"async\" class=\"breakdance-image-object\" src=\"https:\/\/ensude.com\/wp-content\/uploads\/2024\/08\/s4m.webp\" width=\"313\" height=\"177\" sizes=\"auto, (max-width: 313px) 100vw, 313px\"><\/div>\n\t<\/div><\/figure>\n\n<\/div>\n<\/div><\/div><div class=\"bde-columns-1429-108 bde-columns\"><div class=\"bde-column-1429-109 bde-column\">\n  \n\t\n\n\n\n<div class=\"bde-image-1429-107 bde-image\">\n<figure class=\"breakdance-image breakdance-image--1434\">\n\t<div class=\"breakdance-image-container\">\n\t\t<div class=\"breakdance-image-clip\"><img loading=\"lazy\" decoding=\"async\" class=\"breakdance-image-object\" src=\"https:\/\/ensude.com\/wp-content\/uploads\/2024\/08\/s4m-1.webp\" width=\"948\" height=\"329\" srcset=\"https:\/\/ensude.com\/wp-content\/uploads\/2024\/08\/s4m-1.webp 948w, https:\/\/ensude.com\/wp-content\/uploads\/2024\/08\/s4m-1-640x222.webp 640w, https:\/\/ensude.com\/wp-content\/uploads\/2024\/08\/s4m-1-768x267.webp 768w, https:\/\/ensude.com\/wp-content\/uploads\/2024\/08\/s4m-1-600x208.webp 600w\" sizes=\"auto, (max-width: 948px) 100vw, 948px\"><\/div>\n\t<\/div><\/figure>\n\n<\/div>\n<\/div><\/div><div class=\"bde-rich-text-1429-111 bde-rich-text breakdance-rich-text-styles\">\n<div id=\"comp-kof586se\" class=\"HcOXKn SxM0TO QxJLC3 lq2cno comp-kof586se wixui-rich-text\" data-testid=\"richTextElement\">\n<p class=\"font_0 wixui-rich-text__text\"><strong><span class=\"wixui-rich-text__text\">ENERJ\u0130 \u0130ZLEMEN\u0130N S\u00dcREKL\u0130L\u0130\u011e\u0130 HANG\u0130 AVANTAJLARI ORTAYA \u00c7IKARIR?<\/span><\/strong><\/p>\n<\/div>\n<div id=\"comp-kof54qis\" class=\"HcOXKn SxM0TO QxJLC3 lq2cno comp-kof54qis wixui-rich-text\" data-testid=\"richTextElement\">\n<ul>\n<li class=\"font_0 wixui-rich-text__text\"><span class=\"wixui-rich-text__text\"><span class=\"color_15 wixui-rich-text__text\">Makine ve hat bazl\u0131 enerji t\u00fcketimi ve ka\u00e7ak analizi ile \u00fcr\u00fcn bazl\u0131 maliyetlerinizi en do\u011fru \u015fekilde tespit edebilirsiniz.<\/span><\/span><\/li>\n<li class=\"font_0 wixui-rich-text__text\"><span class=\"wixui-rich-text__text\"><span class=\"color_15 wixui-rich-text__text\">Makinelerin ve fabrika i\u00e7indeki hatlar\u0131n \u00fcretim zaman\u0131 d\u0131\u015f\u0131nda \u00e7al\u0131\u015ft\u0131r\u0131lmas\u0131n\u0131 engelleyerek enerji kay\u0131plar\u0131n\u0131 azaltabilirsiniz.<\/span><\/span><\/li>\n<li class=\"font_0 wixui-rich-text__text\"><span class=\"wixui-rich-text__text\"><span class=\"color_15 wixui-rich-text__text\">Makinelerin enerji t\u00fcketimleri ve titre\u015fim de\u011ferlerini izleyerek ar\u0131zalar\u0131 \u00f6n g\u00f6rebilir, beklenmedik kay\u0131plar\u0131n\u0131 engelleyebilirsiniz.<\/span><\/span><\/li>\n<li class=\"font_0 wixui-rich-text__text\"><span class=\"wixui-rich-text__text\"><span class=\"color_15 wixui-rich-text__text\">Kestirimci bak\u0131m \u00f6zelli\u011fiyle \u00fcretim kalitesini etkileyebilecek problemleri tespit ederek fire oranlar\u0131n\u0131 d\u00fc\u015f\u00fcrebilirsiniz.<\/span><\/span><\/li>\n<li class=\"font_0 wixui-rich-text__text\"><span class=\"wixui-rich-text__text\"><span class=\"color_15 wixui-rich-text__text\">Bak\u0131m ihtiya\u00e7lar\u0131n\u0131 tespit ederek ekipmanlar\u0131n \u00f6mr\u00fcn\u00fc uzat\u0131p yat\u0131r\u0131mlar\u0131n\u0131zdan maksimum geri d\u00f6n\u00fc\u015f\u00fc alabilirsiniz.<\/span><\/span><\/li>\n<li class=\"font_0 wixui-rich-text__text\"><span class=\"wixui-rich-text__text\"><span class=\"color_15 wixui-rich-text__text\">Enerji t\u00fcketiminizi azaltarak tasarruf sa\u011flayabilir ayn\u0131 zamanda daha \u00e7evreci bir \u00fcretim prosesi olu\u015fturabilirsiniz.<\/span><\/span><\/li>\n<\/ul>\n<\/div>\n<\/div><div class=\"bde-columns-1429-112 bde-columns\"><div class=\"bde-column-1429-113 bde-column\">\n  \n\t\n\n\n\n<div class=\"bde-image-1429-121 bde-image\">\n<figure class=\"breakdance-image breakdance-image--1435\">\n\t<div class=\"breakdance-image-container\">\n\t\t<div class=\"breakdance-image-clip\"><img loading=\"lazy\" decoding=\"async\" class=\"breakdance-image-object\" src=\"https:\/\/ensude.com\/wp-content\/uploads\/2024\/08\/S4A-2.png\" width=\"968\" height=\"526\" srcset=\"https:\/\/ensude.com\/wp-content\/uploads\/2024\/08\/S4A-2.png 968w, https:\/\/ensude.com\/wp-content\/uploads\/2024\/08\/S4A-2-640x348.png 640w, https:\/\/ensude.com\/wp-content\/uploads\/2024\/08\/S4A-2-768x417.png 768w, https:\/\/ensude.com\/wp-content\/uploads\/2024\/08\/S4A-2-600x326.png 600w\" sizes=\"auto, (max-width: 968px) 100vw, 968px\"><\/div>\n\t<\/div><\/figure>\n\n<\/div>\n<\/div><\/div><div class=\"bde-columns-1429-118 bde-columns\"><div class=\"bde-column-1429-119 bde-column\">\n  \n\t\n\n\n\n<div class=\"bde-image-1429-124 bde-image\">\n<figure class=\"breakdance-image breakdance-image--1439\">\n\t<div class=\"breakdance-image-container\">\n\t\t<div class=\"breakdance-image-clip\"><img loading=\"lazy\" decoding=\"async\" class=\"breakdance-image-object\" src=\"https:\/\/ensude.com\/wp-content\/uploads\/2024\/08\/s4a-5.png\" width=\"304\" height=\"129\" sizes=\"auto, (max-width: 304px) 100vw, 304px\"><\/div>\n\t<\/div><\/figure>\n\n<\/div><div class=\"bde-image-1429-125 bde-image\">\n<figure class=\"breakdance-image breakdance-image--1440\">\n\t<div class=\"breakdance-image-container\">\n\t\t<div class=\"breakdance-image-clip\"><img loading=\"lazy\" decoding=\"async\" class=\"breakdance-image-object\" src=\"https:\/\/ensude.com\/wp-content\/uploads\/2024\/08\/s4a-6.png\" width=\"171\" height=\"74\" sizes=\"auto, (max-width: 171px) 100vw, 171px\"><\/div>\n\t<\/div><\/figure>\n\n<\/div>\n<\/div><div class=\"bde-column-1429-120 bde-column\">\n  \n\t\n\n\n\n<div class=\"bde-image-1429-123 bde-image\">\n<figure class=\"breakdance-image breakdance-image--1438\">\n\t<div class=\"breakdance-image-container\">\n\t\t<div class=\"breakdance-image-clip\"><img loading=\"lazy\" decoding=\"async\" class=\"breakdance-image-object\" src=\"https:\/\/ensude.com\/wp-content\/uploads\/2024\/08\/s4a-8.png\" width=\"685\" height=\"426\" srcset=\"https:\/\/ensude.com\/wp-content\/uploads\/2024\/08\/s4a-8.png 685w, https:\/\/ensude.com\/wp-content\/uploads\/2024\/08\/s4a-8-640x398.png 640w, https:\/\/ensude.com\/wp-content\/uploads\/2024\/08\/s4a-8-600x373.png 600w\" sizes=\"auto, (max-width: 685px) 100vw, 685px\"><\/div>\n\t<\/div><\/figure>\n\n<\/div>\n<\/div><\/div><div class=\"bde-columns-1429-115 bde-columns\"><div class=\"bde-column-1429-116 bde-column\">\n  \n\t\n\n\n\n<div class=\"bde-image-1429-122 bde-image\">\n<figure class=\"breakdance-image breakdance-image--1436\">\n\t<div class=\"breakdance-image-container\">\n\t\t<div class=\"breakdance-image-clip\"><img loading=\"lazy\" decoding=\"async\" class=\"breakdance-image-object\" src=\"https:\/\/ensude.com\/wp-content\/uploads\/2024\/08\/s4a-9.png\" width=\"972\" height=\"447\" srcset=\"https:\/\/ensude.com\/wp-content\/uploads\/2024\/08\/s4a-9.png 972w, https:\/\/ensude.com\/wp-content\/uploads\/2024\/08\/s4a-9-640x294.png 640w, https:\/\/ensude.com\/wp-content\/uploads\/2024\/08\/s4a-9-768x353.png 768w, https:\/\/ensude.com\/wp-content\/uploads\/2024\/08\/s4a-9-600x276.png 600w\" sizes=\"auto, (max-width: 972px) 100vw, 972px\"><\/div>\n\t<\/div><\/figure>\n\n<\/div>\n<\/div><\/div><\/div>\n<\/section><\/div>","protected":false},"excerpt":{"rendered":"<p>S4M Ak\u0131ll\u0131 Veri \u0130zleme Yaz\u0131l\u0131m\u0131 ve IoT \u00c7\u00f6z\u00fcmleri S4M, enerjiniz i\u00e7in eksiksiz izleme \u00e7\u00f6z\u00fcm\u00fcd\u00fcr. S\u0131n\u0131rs\u0131z say\u0131da sens\u00f6r izlenebilir. Tesisinizi kontrol\u00fcn\u00fcz alt\u0131nda tutman\u0131za yard\u0131mc\u0131 olur.\u00a0T\u00fcm kurulu sens\u00f6rler ve \u00f6l\u00e7\u00fcm verilerinin bir yere toplanmas\u0131n\u0131, bunlar\u0131n tek bir yaz\u0131l\u0131m \u00e7\u00f6z\u00fcm\u00fcnde birle\u015ftirilmesine olanak sa\u011flar.\u00a0\u0130nternet \u00fczerinden uzaktan eri\u015fim sa\u011flanabilir. Saha cihazlar\u0131na Modbus\/TCP,\u00a0 Modbus\/RTU ile ba\u011flanabilir. S4M, bas\u0131n\u00e7l\u0131 hava sistemine yard\u0131mc\u0131 [&hellip;]<\/p>\n","protected":false},"author":1,"featured_media":0,"parent":0,"menu_order":0,"comment_status":"closed","ping_status":"closed","template":"","meta":{"_acf_changed":false,"_breakdance_hide_in_design_set":false,"_breakdance_tags":"","footnotes":""},"class_list":["post-1429","page","type-page","status-publish","hentry"],"acf":[],"_links":{"self":[{"href":"https:\/\/ensude.com\/index.php\/wp-json\/wp\/v2\/pages\/1429","targetHints":{"allow":["GET"]}}],"collection":[{"href":"https:\/\/ensude.com\/index.php\/wp-json\/wp\/v2\/pages"}],"about":[{"href":"https:\/\/ensude.com\/index.php\/wp-json\/wp\/v2\/types\/page"}],"author":[{"embeddable":true,"href":"https:\/\/ensude.com\/index.php\/wp-json\/wp\/v2\/users\/1"}],"replies":[{"embeddable":true,"href":"https:\/\/ensude.com\/index.php\/wp-json\/wp\/v2\/comments?post=1429"}],"version-history":[{"count":5,"href":"https:\/\/ensude.com\/index.php\/wp-json\/wp\/v2\/pages\/1429\/revisions"}],"predecessor-version":[{"id":1442,"href":"https:\/\/ensude.com\/index.php\/wp-json\/wp\/v2\/pages\/1429\/revisions\/1442"}],"wp:attachment":[{"href":"https:\/\/ensude.com\/index.php\/wp-json\/wp\/v2\/media?parent=1429"}],"curies":[{"name":"wp","href":"https:\/\/api.w.org\/{rel}","templated":true}]}}