{"id":1252,"date":"2024-09-15T13:20:34","date_gmt":"2024-09-15T13:20:34","guid":{"rendered":"https:\/\/ensude.com\/?page_id=1252"},"modified":"2025-03-23T19:38:53","modified_gmt":"2025-03-23T19:38:53","slug":"suto-s461-ultrasonik-debimetre","status":"publish","type":"page","link":"https:\/\/ensude.com\/index.php\/suto-s461-ultrasonik-debimetre\/","title":{"rendered":"SUTO S461 Ultrasonik Debimetre"},"content":{"rendered":"<div class='breakdance'><section class=\"bde-section-1252-100 bde-section\">\n  \n\t\n\n\n\n<div class=\"section-container\"><h1 class=\"bde-heading-1252-101 bde-heading\">\nSUTO S461 Ultrasonik Debimetre (DN40 ... DN1200 Boru \u00d6l\u00e7\u00fcleri i\u00e7in)\n<\/h1><div class=\"bde-columns-1252-102 bde-columns\"><div class=\"bde-column-1252-103 bde-column\">\n  \n\t\n\n\n\n<div class=\"bde-image-1252-104 bde-image\">\n<figure class=\"breakdance-image breakdance-image--1256 breakdance-image--caption-below\">\n\t<div class=\"breakdance-image-container\">\n\t\t<div class=\"breakdance-image-clip\"><img loading=\"lazy\" decoding=\"async\" class=\"breakdance-image-object\" src=\"https:\/\/ensude.com\/wp-content\/uploads\/2024\/08\/461-1.png\" width=\"219\" height=\"307\" sizes=\"auto, (max-width: 219px) 100vw, 219px\"><\/div>\n\t<\/div><\/figure>\n\n<\/div><div class=\"bde-image-1252-109 bde-image\">\n<figure class=\"breakdance-image breakdance-image--1257 breakdance-image--caption-below\">\n\t<div class=\"breakdance-image-container\">\n\t\t<div class=\"breakdance-image-clip\"><img loading=\"lazy\" decoding=\"async\" class=\"breakdance-image-object\" src=\"https:\/\/ensude.com\/wp-content\/uploads\/2024\/08\/461-2.webp\" width=\"48\" height=\"48\" sizes=\"auto, (max-width: 48px) 100vw, 48px\"><\/div>\n\t<\/div><\/figure>\n\n<\/div><div class=\"bde-image-1252-108 bde-image\">\n<figure class=\"breakdance-image breakdance-image--1258 breakdance-image--caption-below\">\n\t<div class=\"breakdance-image-container\">\n\t\t<div class=\"breakdance-image-clip\"><img loading=\"lazy\" decoding=\"async\" class=\"breakdance-image-object\" src=\"https:\/\/ensude.com\/wp-content\/uploads\/2024\/08\/461-3.png\" width=\"96\" height=\"209\" sizes=\"auto, (max-width: 96px) 100vw, 96px\"><\/div>\n\t<\/div><figcaption class=\"breakdance-image__caption\">Cep telefonundan veri takibi \u00f6zelli\u011fi !.<\/figcaption><\/figure>\n\n<\/div>\n<\/div><div class=\"bde-column-1252-105 bde-column\">\n  \n\t\n\n\n\n<div class=\"bde-rich-text-1252-106 bde-rich-text breakdance-rich-text-styles\">\n<p class=\"font_8 wixui-rich-text__text\"><span class=\"wixui-rich-text__text\">\u00d6zellikler:<\/span><\/p>\n<p class=\"font_8 wixui-rich-text__text\"><span class=\"wixui-rich-text__text\">Yeni S461 ultrasonik debimetre transit zaman korelasyon tekni\u011fini kullan\u0131r.\u00a0<\/span><\/p>\n<p class=\"font_8 wixui-rich-text__text\"><span class=\"wixui-rich-text__text\">Ultrasonik d\u00f6n\u00fc\u015ft\u00fcr\u00fcc\u00fcler sadece borunun d\u0131\u015f\u0131na tutturulur ve s\u0131v\u0131 ile temas etmez. Sonras\u0131nda\u00a0 transd\u00fcserler mevcut bir kontrol\u00f6re ba\u011flan\u0131r. B\u00f6ylelikle \u00e7e\u015fitli s\u0131v\u0131lar\u0131n ger\u00e7ek ak\u0131\u015f\u0131n\u0131 ve toplam t\u00fcketimini \u00f6l\u00e7ebilirsiniz.<\/span><\/p>\n<ul>\n<li class=\"font_8 wixui-rich-text__text\"><span class=\"wixui-rich-text__text\">\u00d6zel ak\u0131ll\u0131 telefon uygulamas\u0131 arac\u0131l\u0131\u011f\u0131yla yap\u0131land\u0131rma, kolay ve \u00e7o\u011fu kullan\u0131c\u0131 dostudur.<\/span><\/li>\n<li class=\"font_8 wixui-rich-text__text\"><span class=\"wixui-rich-text__text\">S461, ek s\u0131cakl\u0131k sens\u00f6r\u00fc giri\u015fleri sunar ve bu nedenle \u0131s\u0131 e\u015fanj\u00f6rlerini izlemek i\u00e7in kullan\u0131labilir.<\/span><\/li>\n<li class=\"font_8 wixui-rich-text__text\"><span class=\"wixui-rich-text__text\">\u00c7e\u015fitli sinyal \u00e7\u0131k\u0131\u015flar\u0131 sayesinde herhangi bir izleme sistemine ba\u011flanabilir: Modbus\/RTU (standart), 4... 20 mA \/ Pulse \/ Alarm R\u00f6lesi (opsiyon), Modbus\/TCP (opsiyon)<\/span><\/li>\n<li class=\"font_8 wixui-rich-text__text\"><span class=\"wixui-rich-text__text\">Ak\u0131\u015f ve t\u00fcketim her iki y\u00f6nde \u00f6l\u00e7\u00fclebilir. (\u00c7ift y\u00f6nl\u00fc \u00f6l\u00e7\u00fcm)<\/span><\/li>\n<li class=\"font_8 wixui-rich-text__text\"><span class=\"wixui-rich-text__text\">Sabit ve ta\u015f\u0131nabilir uygulamalarda kullan\u0131labilir.<\/span><\/li>\n<li class=\"font_8 wixui-rich-text__text\"><span class=\"wixui-rich-text__text\">\u00d6l\u00e7\u00fcm g\u00fcnl\u00fc\u011f\u00fc i\u00e7in datalogger dosyalar\u0131 USB arac\u0131l\u0131\u011f\u0131yla indirilebilir.<\/span><\/li>\n<li class=\"font_8 wixui-rich-text__text\"><span class=\"wixui-rich-text__text\">Mobil uygulama, tek bir t\u0131klamayla g\u00fcnl\u00fck, haftal\u0131k ve ayl\u0131k t\u00fcketimlere an\u0131nda genel bak\u0131\u015f sunar<\/span><\/li>\n<\/ul>\n<p class=\"font_8 wixui-rich-text__text\"><span class=\"wixui-rich-text__text\"><span class=\"color_15 wixui-rich-text__text\">S461 A\u015fa\u011f\u0131daki Ak\u0131\u015fkan ve Tesislerde Kullan\u0131labilir;<\/span><\/span><\/p>\n<ul>\n<li class=\"font_8 wixui-rich-text__text\"><span class=\"wixui-rich-text__text\">So\u011futma Suyu, Is\u0131tma Suyu ve \u0130\u00e7me Suyu ve S\u00fct debi \u00f6l\u00e7\u00fcmlerinde,<\/span><\/li>\n<li class=\"font_8 wixui-rich-text__text\"><span class=\"wixui-rich-text__text\">Ar\u0131tma tesislerindeki S\u0131v\u0131 Ak\u0131\u015fkan \u00f6l\u00e7\u00fcmlerinde,<\/span><\/li>\n<li class=\"font_8 wixui-rich-text__text\"><span class=\"wixui-rich-text__text\">Akaryak\u0131t debi \u00f6l\u00e7\u00fcm\u00fc, Benzin t\u00fcketim \u00f6l\u00e7\u00fcm\u00fc, Motorin t\u00fcketim \u00f6l\u00e7\u00fcm\u00fcnde,<\/span><\/li>\n<li class=\"font_8 wixui-rich-text__text\"><span class=\"wixui-rich-text__text\">Yiyecek ve \u0130\u00e7ecek Sanayisinde,<\/span><\/li>\n<li class=\"font_8 wixui-rich-text__text\"><span class=\"wixui-rich-text__text\">HVAC \/ Enerji Sistemi Denetimlerinde,<\/span><\/li>\n<li class=\"font_8 wixui-rich-text__text\"><span class=\"wixui-rich-text__text\">Medikal Sistemlerde S\u0131hhi ak\u0131\u015fkanlarda debi \u00f6l\u00e7\u00fcmlerinde,<\/span><\/li>\n<li class=\"font_8 wixui-rich-text__text\"><span class=\"wixui-rich-text__text\">Hidrolik Sistem Testi i\u00e7in hidrolik ya\u011f \u00f6l\u00e7\u00fcmlerinde,<\/span><\/li>\n<li class=\"font_8 wixui-rich-text__text\"><span class=\"wixui-rich-text__text\">\u0130la\u00e7 end\u00fcstrisinde debi \u00f6l\u00e7\u00fcmlerinde vb bir \u00e7ok tesiste kullan\u0131labilmektedir.<\/span><\/li>\n<\/ul>\n<p class=\"font_8 wixui-rich-text__text\"><span class=\"wixui-rich-text__text\">Detayl\u0131 teknik veriler i\u00e7in l\u00fctfen bize ula\u015f\u0131n\u0131z veya a\u015fa\u011f\u0131daki pdf dosyalar\u0131n\u0131 inceleyiniz.<\/span><\/p>\n<\/div>\n<\/div><\/div><div class=\"bde-columns-1252-110 bde-columns\"><div class=\"bde-column-1252-111 bde-column\">\n  \n\t\n\n\n\n<div class=\"bde-icon-1252-112 bde-icon\">\n\n    \n                    \n            \n            \n\n    \n    \n    \n    \n    \n    <a class=\"breakdance-link bde-icon-icon breakdance-icon-atom\" href=\"https:\/\/ensude.com\/wp-content\/uploads\/2024\/07\/SUTO_S461_ULTRASONIC-FLOW-METER-CATALOG.pdf\" target=\"_blank\" data-type=\"url\"  >\n\n    \n                    <svg xmlns=\"http:\/\/www.w3.org\/2000\/svg\" viewBox=\"0 0 512 512\"><!--! Font Awesome Free 6.5.1 by @fontawesome - https:\/\/fontawesome.com License - https:\/\/fontawesome.com\/license\/free (Icons: CC BY 4.0, Fonts: SIL OFL 1.1, Code: MIT License) Copyright 2023 Fonticons, Inc. --><path d=\"M64 464l48 0 0 48-48 0c-35.3 0-64-28.7-64-64L0 64C0 28.7 28.7 0 64 0L229.5 0c17 0 33.3 6.7 45.3 18.7l90.5 90.5c12 12 18.7 28.3 18.7 45.3L384 304l-48 0 0-144-80 0c-17.7 0-32-14.3-32-32l0-80L64 48c-8.8 0-16 7.2-16 16l0 384c0 8.8 7.2 16 16 16zM176 352l32 0c30.9 0 56 25.1 56 56s-25.1 56-56 56l-16 0 0 32c0 8.8-7.2 16-16 16s-16-7.2-16-16l0-48 0-80c0-8.8 7.2-16 16-16zm32 80c13.3 0 24-10.7 24-24s-10.7-24-24-24l-16 0 0 48 16 0zm96-80l32 0c26.5 0 48 21.5 48 48l0 64c0 26.5-21.5 48-48 48l-32 0c-8.8 0-16-7.2-16-16l0-128c0-8.8 7.2-16 16-16zm32 128c8.8 0 16-7.2 16-16l0-64c0-8.8-7.2-16-16-16l-16 0 0 96 16 0zm80-112c0-8.8 7.2-16 16-16l48 0c8.8 0 16 7.2 16 16s-7.2 16-16 16l-32 0 0 32 32 0c8.8 0 16 7.2 16 16s-7.2 16-16 16l-32 0 0 48c0 8.8-7.2 16-16 16s-16-7.2-16-16l0-64 0-64z\"\/><\/svg>\n        \n        \n        \n                <\/a>\n\n    \n\n\n<\/div><a class=\"bde-text-link-1252-113 bde-text-link breakdance-link\" href=\"https:\/\/ensude.com\/wp-content\/uploads\/2024\/07\/SUTO_S461_ULTRASONIC-FLOW-METER-CATALOG.pdf\" target=\"_blank\" data-type=\"url\">\n  S461 Katalog\n\n<\/a>\n<\/div><div class=\"bde-column-1252-114 bde-column\">\n  \n\t\n\n\n\n<div class=\"bde-icon-1252-115 bde-icon\">\n\n    \n                    \n            \n            \n\n    \n    \n    \n    \n    \n    <a class=\"breakdance-link bde-icon-icon breakdance-icon-atom\" href=\"https:\/\/ensude.com\/wp-content\/uploads\/2024\/07\/S461_MANUAL.pdf\" target=\"_blank\" data-type=\"url\"  >\n\n    \n                    <svg xmlns=\"http:\/\/www.w3.org\/2000\/svg\" viewBox=\"0 0 512 512\"><!--! Font Awesome Free 6.5.1 by @fontawesome - https:\/\/fontawesome.com License - https:\/\/fontawesome.com\/license\/free (Icons: CC BY 4.0, Fonts: SIL OFL 1.1, Code: MIT License) Copyright 2023 Fonticons, Inc. --><path d=\"M64 464l48 0 0 48-48 0c-35.3 0-64-28.7-64-64L0 64C0 28.7 28.7 0 64 0L229.5 0c17 0 33.3 6.7 45.3 18.7l90.5 90.5c12 12 18.7 28.3 18.7 45.3L384 304l-48 0 0-144-80 0c-17.7 0-32-14.3-32-32l0-80L64 48c-8.8 0-16 7.2-16 16l0 384c0 8.8 7.2 16 16 16zM176 352l32 0c30.9 0 56 25.1 56 56s-25.1 56-56 56l-16 0 0 32c0 8.8-7.2 16-16 16s-16-7.2-16-16l0-48 0-80c0-8.8 7.2-16 16-16zm32 80c13.3 0 24-10.7 24-24s-10.7-24-24-24l-16 0 0 48 16 0zm96-80l32 0c26.5 0 48 21.5 48 48l0 64c0 26.5-21.5 48-48 48l-32 0c-8.8 0-16-7.2-16-16l0-128c0-8.8 7.2-16 16-16zm32 128c8.8 0 16-7.2 16-16l0-64c0-8.8-7.2-16-16-16l-16 0 0 96 16 0zm80-112c0-8.8 7.2-16 16-16l48 0c8.8 0 16 7.2 16 16s-7.2 16-16 16l-32 0 0 32 32 0c8.8 0 16 7.2 16 16s-7.2 16-16 16l-32 0 0 48c0 8.8-7.2 16-16 16s-16-7.2-16-16l0-64 0-64z\"\/><\/svg>\n        \n        \n        \n                <\/a>\n\n    \n\n\n<\/div><a class=\"bde-text-link-1252-116 bde-text-link breakdance-link\" href=\"https:\/\/ensude.com\/wp-content\/uploads\/2024\/07\/S461_MANUAL.pdf\" target=\"_blank\" data-type=\"url\">\n  S461 User Manual (Eng)\n\n<\/a>\n<\/div><\/div><div class=\"bde-columns-1252-117 bde-columns\"><div class=\"bde-column-1252-118 bde-column\">\n  \n\t\n\n\n\n<div class=\"bde-image-1252-120 bde-image\">\n<figure class=\"breakdance-image breakdance-image--1259\">\n\t<div class=\"breakdance-image-container\">\n\t\t<div class=\"breakdance-image-clip\"><img loading=\"lazy\" decoding=\"async\" class=\"breakdance-image-object\" src=\"https:\/\/ensude.com\/wp-content\/uploads\/2024\/08\/461-4.png\" width=\"575\" height=\"213\" sizes=\"auto, (max-width: 575px) 100vw, 575px\"><\/div>\n\t<\/div><\/figure>\n\n<\/div>\n<\/div><div class=\"bde-column-1252-119 bde-column\">\n  \n\t\n\n\n\n<div class=\"bde-image-1252-121 bde-image\">\n<figure class=\"breakdance-image breakdance-image--1260\">\n\t<div class=\"breakdance-image-container\">\n\t\t<div class=\"breakdance-image-clip\"><img loading=\"lazy\" decoding=\"async\" class=\"breakdance-image-object\" src=\"https:\/\/ensude.com\/wp-content\/uploads\/2024\/08\/461-5.png\" width=\"338\" height=\"321\" sizes=\"auto, (max-width: 338px) 100vw, 338px\"><\/div>\n\t<\/div><\/figure>\n\n<\/div>\n<\/div><\/div><div class=\"bde-text-1252-148 bde-text\">\nSUTO S461 Ultrasonik Debimetre Kurulum ve \u00c7al\u0131\u015fma Videosu\n<\/div><div class=\"bde-columns-1252-123 bde-columns\"><div class=\"bde-column-1252-124 bde-column\">\n  \n\t\n\n\n\n<div class=\"bde-video-1252-126 bde-video\">\n<div class=\"ee-video-container\">\n                                                                        \n                <lite-youtube\n                        videoid=\"iQrBYZjWcrw\"\n                                                style=\"background-image: url(https:\/\/i.ytimg.com\/vi\/iQrBYZjWcrw\/maxresdefault.jpg); \"\n                        class=\"ee-video\"\n                        title=\"\"\n                        params=\"&playsinline=0&rel=0&enablejsapi=1\"\n                >\n                <\/lite-youtube>\n                    \n        \n            \n    <\/div>\n\n<\/div>\n<\/div><div class=\"bde-column-1252-125 bde-column\">\n  \n\t\n\n\n\n<div class=\"bde-video-1252-127 bde-video\">\n<div class=\"ee-video-container\">\n            <video class=\"ee-video\" src=\"https:\/\/ensude.com\/wp-content\/uploads\/2024\/08\/video.mp4\"\n                               controls='true'                                                                controlsList=\"nodownload\"                playsinline\n        >\n        <\/video>\n    \n    <\/div>\n\n<\/div>\n<\/div><\/div><h1 class=\"bde-heading-1252-128 bde-heading\">\nSUTO S462 Kelep\u00e7eli Ultrasonik Debimetre\n<\/h1><div class=\"bde-columns-1252-129 bde-columns\"><div class=\"bde-column-1252-130 bde-column\">\n  \n\t\n\n\n\n<div class=\"bde-image-1252-131 bde-image\">\n<figure class=\"breakdance-image breakdance-image--1267 breakdance-image--caption-below\">\n\t<div class=\"breakdance-image-container\">\n\t\t<div class=\"breakdance-image-clip\"><img loading=\"lazy\" decoding=\"async\" class=\"breakdance-image-object\" src=\"https:\/\/ensude.com\/wp-content\/uploads\/2024\/08\/462-1.webp\" width=\"234\" height=\"234\" srcset=\"https:\/\/ensude.com\/wp-content\/uploads\/2024\/08\/462-1.webp 234w, https:\/\/ensude.com\/wp-content\/uploads\/2024\/08\/462-1-160x160.webp 160w\" sizes=\"auto, (max-width: 234px) 100vw, 234px\"><\/div>\n\t<\/div><\/figure>\n\n<\/div><div class=\"bde-image-1252-132 bde-image\">\n<figure class=\"breakdance-image breakdance-image--1268 breakdance-image--caption-below\">\n\t<div class=\"breakdance-image-container\">\n\t\t<div class=\"breakdance-image-clip\"><img loading=\"lazy\" decoding=\"async\" class=\"breakdance-image-object\" src=\"https:\/\/ensude.com\/wp-content\/uploads\/2024\/08\/462-2.png\" width=\"239\" height=\"259\" sizes=\"auto, (max-width: 239px) 100vw, 239px\"><\/div>\n\t<\/div><\/figure>\n\n<\/div>\n<\/div><div class=\"bde-column-1252-134 bde-column\">\n  \n\t\n\n\n\n<div class=\"bde-rich-text-1252-135 bde-rich-text breakdance-rich-text-styles\">\n<div id=\"comp-lm3dcciz\" class=\"HcOXKn SxM0TO QxJLC3 comp-lm3dcciz wixui-rich-text\" data-testid=\"richTextElement\">\n<p class=\"font_8 wixui-rich-text__text\"><span class=\"color_15 wixui-rich-text__text\"><span class=\"wixui-rich-text__text\">Su ve di\u011fer s\u0131v\u0131 ak\u0131\u015fkanlar i\u00e7in SUTO S462 Ultrasonik Debimetre \u00fczerindeki dahili kelep\u00e7e ile kullan\u0131c\u0131lar\u0131na kolay ve h\u0131zl\u0131 kurulum imkan\u0131 sunarak proses kesinti s\u00fcresinin olmamas\u0131n\u0131, bas\u0131n\u00e7 ve s\u0131z\u0131nt\u0131 kayb\u0131n\u0131n olu\u015fmamas\u0131n\u0131 ve \u00f6l\u00e7\u00fclecek ortam\u0131n kirlenmemesini sa\u011flar.<\/span><\/span><\/p>\n<p class=\"font_8 wixui-rich-text__text\"><span class=\"color_15 wixui-rich-text__text\"><span class=\"wixui-rich-text__text\"><span class=\"wixGuard wixui-rich-text__text\">\u200b<\/span><\/span><\/span><span class=\"color_15 wixui-rich-text__text\"><span class=\"wixui-rich-text__text\">DN20, DN25, DN32 ve DN40'a kadar boru boyutlar\u0131 i\u00e7in gelir ve \u00e7e\u015fitli s\u0131v\u0131 t\u00fcrleri i\u00e7in do\u011fru, g\u00fcvenilir ak\u0131\u015f ve t\u00fcketim \u00f6l\u00e7\u00fcm\u00fc sa\u011flar. Kurulum birka\u00e7 dakika i\u00e7inde yap\u0131l\u0131r ve analog \u00e7\u0131k\u0131\u015f veya Modbus\/RTU aray\u00fcz\u00fc \u00fczerinden herhangi bir izleme sistemine ba\u011flan\u0131r. Kompakt tasar\u0131m, kullan\u0131c\u0131lar\u0131n sens\u00f6r\u00fc hala \u00e7ok fazla alan bulunmayan uygulamalara kurmalar\u0131na olanak tan\u0131r. Bir OLED ekran ve bir klavye ile donat\u0131lm\u0131\u015f, parametre ayarlar\u0131 yerinde kolayca yap\u0131l\u0131r. \u0130stenmeyen de\u011fi\u015fiklikleri \u00f6nlemek i\u00e7in de\u011fi\u015fiklikleri ayarlama kilitlenebilir. Ekran y\u00f6n\u00fc, herhangi bir kurulum y\u00f6n\u00fcnde okunabilir hale getirmek i\u00e7in tersine \u00e7evrilebilir.<\/span><\/span><\/p>\n<\/div>\n<div id=\"comp-lm3dccjj\" class=\"HcOXKn SxM0TO QxJLC3 comp-lm3dccjj wixui-rich-text\" data-testid=\"richTextElement\">\n<p class=\"font_8 wixui-rich-text__text\"><span class=\"wixui-rich-text__text\">\u00d6zellikler<\/span><\/p>\n<ul>\n<li class=\"font_8 wixui-rich-text__text\"><span class=\"color_15 wixui-rich-text__text\"><span class=\"wixui-rich-text__text\">Kurulum birka\u00e7 dakika i\u00e7inde yap\u0131labilir.<\/span><\/span><\/li>\n<li class=\"font_8 wixui-rich-text__text\"><span class=\"color_15 wixui-rich-text__text\"><span class=\"wixui-rich-text__text\">Kurulum s\u0131ras\u0131nda prosesi durdurma s\u00fcresi yoktur.<\/span><\/span><\/li>\n<li class=\"font_8 wixui-rich-text__text\"><span class=\"color_15 wixui-rich-text__text\"><span class=\"wixui-rich-text__text\">Ak\u0131\u015fkan ile temas eden par\u00e7a yok.<\/span><\/span><\/li>\n<li class=\"font_8 wixui-rich-text__text\"><span class=\"color_15 wixui-rich-text__text\"><span class=\"wixui-rich-text__text\">Montaj s\u0131ras\u0131nda bas\u0131n\u00e7 kayb\u0131, kirlenme veya s\u0131z\u0131nt\u0131 olmaz.<\/span><\/span><\/li>\n<li class=\"font_8 wixui-rich-text__text\"><span class=\"color_15 wixui-rich-text__text\"><span class=\"wixui-rich-text__text\">Mevcut boru boyutlar\u0131: DN20, DN25, DN32, DN40<\/span><\/span><\/li>\n<li class=\"font_8 wixui-rich-text__text\"><span class=\"color_15 wixui-rich-text__text\"><span class=\"wixui-rich-text__text\">Parametre ayar\u0131 ve \u00f6l\u00e7\u00fclen de\u011ferler i\u00e7in OLED ekran.<\/span><\/span><\/li>\n<li class=\"font_8 wixui-rich-text__text\"><span class=\"color_15 wixui-rich-text__text\"><span class=\"wixui-rich-text__text\">4... 20 mA ve Modbus\/RTU aray\u00fcz\u00fc..<\/span><\/span><\/li>\n<li class=\"font_8 wixui-rich-text__text\"><span class=\"color_15 wixui-rich-text__text\"><span class=\"wixui-rich-text__text\">Kompakt yenilik\u00e7i tasar\u0131m<\/span><\/span><\/li>\n<\/ul>\n<p class=\"font_8 wixui-rich-text__text\"><span class=\"wixui-rich-text__text\">\u00a0<\/span><span class=\"wixui-rich-text__text\">Detayl\u0131 bilgi i\u00e7in bizlere ula\u015fabilirsiniz.<\/span><\/p>\n<\/div>\n<\/div>\n<\/div><\/div><div class=\"bde-columns-1252-136 bde-columns\"><div class=\"bde-column-1252-137 bde-column\">\n  \n\t\n\n\n\n<div class=\"bde-icon-1252-138 bde-icon\">\n\n    \n                    \n            \n            \n\n    \n    \n    \n    \n    \n    <a class=\"breakdance-link bde-icon-icon breakdance-icon-atom\" href=\"https:\/\/ensude.com\/wp-content\/uploads\/2024\/07\/SUTO_S462_COMPACT-ULTRASONIC-FLOW-METER-CATALOG.pdf\" target=\"_blank\" data-type=\"url\"  >\n\n    \n                    <svg xmlns=\"http:\/\/www.w3.org\/2000\/svg\" viewBox=\"0 0 512 512\"><!--! Font Awesome Free 6.5.1 by @fontawesome - https:\/\/fontawesome.com License - https:\/\/fontawesome.com\/license\/free (Icons: CC BY 4.0, Fonts: SIL OFL 1.1, Code: MIT License) Copyright 2023 Fonticons, Inc. --><path d=\"M64 464l48 0 0 48-48 0c-35.3 0-64-28.7-64-64L0 64C0 28.7 28.7 0 64 0L229.5 0c17 0 33.3 6.7 45.3 18.7l90.5 90.5c12 12 18.7 28.3 18.7 45.3L384 304l-48 0 0-144-80 0c-17.7 0-32-14.3-32-32l0-80L64 48c-8.8 0-16 7.2-16 16l0 384c0 8.8 7.2 16 16 16zM176 352l32 0c30.9 0 56 25.1 56 56s-25.1 56-56 56l-16 0 0 32c0 8.8-7.2 16-16 16s-16-7.2-16-16l0-48 0-80c0-8.8 7.2-16 16-16zm32 80c13.3 0 24-10.7 24-24s-10.7-24-24-24l-16 0 0 48 16 0zm96-80l32 0c26.5 0 48 21.5 48 48l0 64c0 26.5-21.5 48-48 48l-32 0c-8.8 0-16-7.2-16-16l0-128c0-8.8 7.2-16 16-16zm32 128c8.8 0 16-7.2 16-16l0-64c0-8.8-7.2-16-16-16l-16 0 0 96 16 0zm80-112c0-8.8 7.2-16 16-16l48 0c8.8 0 16 7.2 16 16s-7.2 16-16 16l-32 0 0 32 32 0c8.8 0 16 7.2 16 16s-7.2 16-16 16l-32 0 0 48c0 8.8-7.2 16-16 16s-16-7.2-16-16l0-64 0-64z\"\/><\/svg>\n        \n        \n        \n                <\/a>\n\n    \n\n\n<\/div><a class=\"bde-text-link-1252-139 bde-text-link breakdance-link\" href=\"https:\/\/ensude.com\/wp-content\/uploads\/2024\/07\/SUTO_S462_COMPACT-ULTRASONIC-FLOW-METER-CATALOG.pdf\" target=\"_blank\" data-type=\"url\">\n  S462 Katalog\n\n<\/a>\n<\/div><div class=\"bde-column-1252-140 bde-column\">\n  \n\t\n\n\n\n<div class=\"bde-icon-1252-141 bde-icon\">\n\n    \n                    \n            \n            \n\n    \n    \n    \n    \n    \n    <a class=\"breakdance-link bde-icon-icon breakdance-icon-atom\" href=\"https:\/\/ensude.com\/wp-content\/uploads\/2024\/07\/S462_MANUAL.pdf\" target=\"_blank\" data-type=\"url\"  >\n\n    \n                    <svg xmlns=\"http:\/\/www.w3.org\/2000\/svg\" viewBox=\"0 0 512 512\"><!--! Font Awesome Free 6.5.1 by @fontawesome - https:\/\/fontawesome.com License - https:\/\/fontawesome.com\/license\/free (Icons: CC BY 4.0, Fonts: SIL OFL 1.1, Code: MIT License) Copyright 2023 Fonticons, Inc. --><path d=\"M64 464l48 0 0 48-48 0c-35.3 0-64-28.7-64-64L0 64C0 28.7 28.7 0 64 0L229.5 0c17 0 33.3 6.7 45.3 18.7l90.5 90.5c12 12 18.7 28.3 18.7 45.3L384 304l-48 0 0-144-80 0c-17.7 0-32-14.3-32-32l0-80L64 48c-8.8 0-16 7.2-16 16l0 384c0 8.8 7.2 16 16 16zM176 352l32 0c30.9 0 56 25.1 56 56s-25.1 56-56 56l-16 0 0 32c0 8.8-7.2 16-16 16s-16-7.2-16-16l0-48 0-80c0-8.8 7.2-16 16-16zm32 80c13.3 0 24-10.7 24-24s-10.7-24-24-24l-16 0 0 48 16 0zm96-80l32 0c26.5 0 48 21.5 48 48l0 64c0 26.5-21.5 48-48 48l-32 0c-8.8 0-16-7.2-16-16l0-128c0-8.8 7.2-16 16-16zm32 128c8.8 0 16-7.2 16-16l0-64c0-8.8-7.2-16-16-16l-16 0 0 96 16 0zm80-112c0-8.8 7.2-16 16-16l48 0c8.8 0 16 7.2 16 16s-7.2 16-16 16l-32 0 0 32 32 0c8.8 0 16 7.2 16 16s-7.2 16-16 16l-32 0 0 48c0 8.8-7.2 16-16 16s-16-7.2-16-16l0-64 0-64z\"\/><\/svg>\n        \n        \n        \n                <\/a>\n\n    \n\n\n<\/div><a class=\"bde-text-link-1252-142 bde-text-link breakdance-link\" href=\"https:\/\/ensude.com\/wp-content\/uploads\/2024\/07\/S462_MANUAL.pdf\" target=\"_blank\" data-type=\"url\">\n  S462 User Manual (Eng)\n\n<\/a>\n<\/div><\/div><div class=\"bde-text-1252-149 bde-text\">\nSUTO S462 Ultrasonik Debimetre Kurulum Videosu\n<\/div><div class=\"bde-columns-1252-144 bde-columns\"><div class=\"bde-column-1252-145 bde-column\">\n  \n\t\n\n\n\n<div class=\"bde-video-1252-147 bde-video\">\n<div class=\"ee-video-container\">\n                                                                        \n                <lite-youtube\n                        videoid=\"OHNbKoz8L-w\"\n                                                style=\"background-image: url(https:\/\/i.ytimg.com\/vi\/OHNbKoz8L-w\/maxresdefault.jpg); \"\n                        class=\"ee-video\"\n                        title=\"\"\n                        params=\"&playsinline=0&rel=0&enablejsapi=1\"\n                >\n                <\/lite-youtube>\n                    \n        \n            \n    <\/div>\n\n<\/div>\n<\/div><\/div><\/div>\n<\/section><\/div>","protected":false},"excerpt":{"rendered":"<p>SUTO S461 Ultrasonik Debimetre (DN40 &#8230; DN1200 Boru \u00d6l\u00e7\u00fcleri i\u00e7in) Cep telefonundan veri takibi \u00f6zelli\u011fi !. \u00d6zellikler: Yeni S461 ultrasonik debimetre transit zaman korelasyon tekni\u011fini kullan\u0131r.\u00a0 Ultrasonik d\u00f6n\u00fc\u015ft\u00fcr\u00fcc\u00fcler sadece borunun d\u0131\u015f\u0131na tutturulur ve s\u0131v\u0131 ile temas etmez. Sonras\u0131nda\u00a0 transd\u00fcserler mevcut bir kontrol\u00f6re ba\u011flan\u0131r. B\u00f6ylelikle \u00e7e\u015fitli s\u0131v\u0131lar\u0131n ger\u00e7ek ak\u0131\u015f\u0131n\u0131 ve toplam t\u00fcketimini \u00f6l\u00e7ebilirsiniz. \u00d6zel ak\u0131ll\u0131 telefon [&hellip;]<\/p>\n","protected":false},"author":1,"featured_media":0,"parent":0,"menu_order":0,"comment_status":"closed","ping_status":"closed","template":"","meta":{"_acf_changed":false,"_breakdance_hide_in_design_set":false,"_breakdance_tags":"","footnotes":""},"class_list":["post-1252","page","type-page","status-publish","hentry"],"acf":[],"_links":{"self":[{"href":"https:\/\/ensude.com\/index.php\/wp-json\/wp\/v2\/pages\/1252","targetHints":{"allow":["GET"]}}],"collection":[{"href":"https:\/\/ensude.com\/index.php\/wp-json\/wp\/v2\/pages"}],"about":[{"href":"https:\/\/ensude.com\/index.php\/wp-json\/wp\/v2\/types\/page"}],"author":[{"embeddable":true,"href":"https:\/\/ensude.com\/index.php\/wp-json\/wp\/v2\/users\/1"}],"replies":[{"embeddable":true,"href":"https:\/\/ensude.com\/index.php\/wp-json\/wp\/v2\/comments?post=1252"}],"version-history":[{"count":12,"href":"https:\/\/ensude.com\/index.php\/wp-json\/wp\/v2\/pages\/1252\/revisions"}],"predecessor-version":[{"id":3199,"href":"https:\/\/ensude.com\/index.php\/wp-json\/wp\/v2\/pages\/1252\/revisions\/3199"}],"wp:attachment":[{"href":"https:\/\/ensude.com\/index.php\/wp-json\/wp\/v2\/media?parent=1252"}],"curies":[{"name":"wp","href":"https:\/\/api.w.org\/{rel}","templated":true}]}}