{"id":1162,"date":"2024-09-15T13:17:22","date_gmt":"2024-09-15T13:17:22","guid":{"rendered":"https:\/\/ensude.com\/?page_id=1162"},"modified":"2025-03-23T21:24:45","modified_gmt":"2025-03-23T21:24:45","slug":"imtl-40-kompakt-elektrikli-silindir","status":"publish","type":"page","link":"https:\/\/ensude.com\/index.php\/imtl-40-kompakt-elektrikli-silindir\/","title":{"rendered":"IMTL 40 Kompakt Elektrikli Silindir"},"content":{"rendered":"<div class='breakdance'><section class=\"bde-section-1162-100 bde-section\">\n  \n\t\n\n\n\n<div class=\"section-container\"><div class=\"bde-columns-1162-102 bde-columns\"><div class=\"bde-column-1162-103 bde-column\">\n  \n\t\n\n\n\n<div class=\"bde-image-1162-104 bde-image\">\n<figure class=\"breakdance-image breakdance-image--1167\">\n\t<div class=\"breakdance-image-container\">\n\t\t<div class=\"breakdance-image-clip\"><img loading=\"lazy\" decoding=\"async\" class=\"breakdance-image-object\" src=\"https:\/\/ensude.com\/wp-content\/uploads\/2024\/08\/IMTL40.png\" width=\"1000\" height=\"1000\" srcset=\"https:\/\/ensude.com\/wp-content\/uploads\/2024\/08\/IMTL40.png 1000w, https:\/\/ensude.com\/wp-content\/uploads\/2024\/08\/IMTL40-640x640.png 640w, https:\/\/ensude.com\/wp-content\/uploads\/2024\/08\/IMTL40-160x160.png 160w, https:\/\/ensude.com\/wp-content\/uploads\/2024\/08\/IMTL40-768x768.png 768w, https:\/\/ensude.com\/wp-content\/uploads\/2024\/08\/IMTL40-300x300.png 300w, https:\/\/ensude.com\/wp-content\/uploads\/2024\/08\/IMTL40-600x600.png 600w\" sizes=\"auto, (max-width: 1000px) 100vw, 1000px\"><\/div>\n\t<\/div><\/figure>\n\n<\/div>\n<\/div><div class=\"bde-column-1162-105 bde-column\">\n  \n\t\n\n\n\n<h1 class=\"bde-heading-1162-106 bde-heading\">\nIMTL 40 Kompakt Elektrikli Silindir\n<\/h1><div class=\"bde-rich-text-1162-107 bde-rich-text breakdance-rich-text-styles\">\n<p>Makinelerinizi bir \u00fcst seviyeye ta\u015f\u0131mak i\u00e7in tasarlanan IMTL Serisi Kompakt Elektrikli Silindirlerimiz ile tan\u0131\u015f\u0131n. !!<\/p>\n<p>Pn\u00f6matik Silindirlerden Elektrikli Silindirlere D\u00f6n\u00fc\u015f\u00fcm\u00fc ekonomik fiyatlarla yapabilmeniz ve end\u00fcstriyel otomasyonun gereksinimlerini kar\u015f\u0131lamak i\u00e7in \u00f6zel olarak geli\u015ftirildi.<\/p>\n<p>Standart olarak ISO1552 pn\u00f6matik Silindir \u00f6l\u00e7\u00fclerinde \u00fcretilmekte olup, istenen h\u0131z ve kuvvete g\u00f6re, \u00e7ok say\u0131da farkl\u0131 step veya Servo motor ba\u011flanabilir.<\/p>\n<p>Bu seri ile, Y\u00fcksek performans \/ maliyet oran\u0131 ile bir \u00e7ok uygulamalar\u0131n\u0131z\u0131 pn\u00f6matik silindirden\u00a0 Elektrikli Silindire \u00e7ok daha uygun maliyetler ile de\u011fi\u015ftirebileceksiniz.<\/p>\n<p>Elektrikli Silindirde, pn\u00f6matik silindirlerde kullan\u0131lan ba\u011flant\u0131 elemanlar\u0131 kullan\u0131labilir.<\/p>\n<p>Standart kanal tipi sens\u00f6rler kullan\u0131labilir.<\/p>\n<p>Uygulaman\u0131za \u00f6zel farkl\u0131 hatvelerde de \u00fcr\u00fcn \u00fcretilebilir.<\/p>\n<\/div>\n<\/div><\/div><div class=\"bde-tabs-1162-108 bde-tabs\">\n\n  \n        \n  \n  \n  <div class=\"bde-tabs__tabslist-container bde-tabs__tabslist-container--scrollable is-horizontal js-tabs-container\">\n    <div class=\"bde-tabs__tabslist bde-tabs__tabslist--bar js-tablist\" role=\"tablist\" aria-label=\"Content tabs\" aria-orientation=\"horizontal\" data-tabs-id=\"bde-tabs-1162-108\">\n      \n              <button role=\"tab\" aria-selected=\"false\" class=\"bde-tabs__tab js-tab\" aria-controls=\"tab-panel-bde-tabs-1162-108-1\" id=\"tab-bde-tabs-1162-108-1\" data-value=\"1\">\n                    <span class=\"bde-tabs__tab-title\">Teknik Veriler<\/span>\n        <\/button>\n              <button role=\"tab\" aria-selected=\"false\" class=\"bde-tabs__tab js-tab\" aria-controls=\"tab-panel-bde-tabs-1162-108-2\" id=\"tab-bde-tabs-1162-108-2\" data-value=\"2\">\n                    <span class=\"bde-tabs__tab-title\">\u00d6l\u00e7\u00fcler<\/span>\n        <\/button>\n              <button role=\"tab\" aria-selected=\"false\" class=\"bde-tabs__tab js-tab\" aria-controls=\"tab-panel-bde-tabs-1162-108-3\" id=\"tab-bde-tabs-1162-108-3\" data-value=\"3\">\n                    <span class=\"bde-tabs__tab-title\">3D \u00c7izim<\/span>\n        <\/button>\n              <button role=\"tab\" aria-selected=\"false\" class=\"bde-tabs__tab js-tab\" aria-controls=\"tab-panel-bde-tabs-1162-108-4\" id=\"tab-bde-tabs-1162-108-4\" data-value=\"4\">\n                    <span class=\"bde-tabs__tab-title\">Montaj<\/span>\n        <\/button>\n          <\/div>\n  <\/div>\n\n  <div class=\"bde-tabs-content-container\">\n        <div tabindex=\"0\" role=\"tabpanel\" class=\"bde-tabs__panel js-panel\" id=\"tab-panel-bde-tabs-1162-108-1\" hidden=\"\" aria-labelledby=\"tab-bde-tabs-1162-108-1\">\n      <div class=\"bde-tabs__panel-content breakdance-rich-text-styles\"><p><img loading=\"lazy\" decoding=\"async\" class=\"aligncenter size-full wp-image-1169\" src=\"https:\/\/ensude.com\/wp-content\/uploads\/2024\/07\/IMTL40-veriler.png\" alt=\"\" width=\"1191\" height=\"434\" srcset=\"https:\/\/ensude.com\/wp-content\/uploads\/2024\/07\/IMTL40-veriler.png 1191w, https:\/\/ensude.com\/wp-content\/uploads\/2024\/07\/IMTL40-veriler-640x233.png 640w, https:\/\/ensude.com\/wp-content\/uploads\/2024\/07\/IMTL40-veriler-768x280.png 768w, https:\/\/ensude.com\/wp-content\/uploads\/2024\/07\/IMTL40-veriler-600x219.png 600w\" sizes=\"auto, (max-width: 1191px) 100vw, 1191px\" \/><\/p><\/div>\n    <\/div>\n        <div tabindex=\"0\" role=\"tabpanel\" class=\"bde-tabs__panel js-panel\" id=\"tab-panel-bde-tabs-1162-108-2\" hidden=\"\" aria-labelledby=\"tab-bde-tabs-1162-108-2\">\n      <div class=\"bde-tabs__panel-content breakdance-rich-text-styles\"><p><img loading=\"lazy\" decoding=\"async\" class=\"aligncenter size-full wp-image-1170\" src=\"https:\/\/ensude.com\/wp-content\/uploads\/2024\/07\/IMTL40-olculer.png\" alt=\"\" width=\"962\" height=\"1200\" srcset=\"https:\/\/ensude.com\/wp-content\/uploads\/2024\/07\/IMTL40-olculer.png 962w, https:\/\/ensude.com\/wp-content\/uploads\/2024\/07\/IMTL40-olculer-640x798.png 640w, https:\/\/ensude.com\/wp-content\/uploads\/2024\/07\/IMTL40-olculer-768x958.png 768w, https:\/\/ensude.com\/wp-content\/uploads\/2024\/07\/IMTL40-olculer-600x748.png 600w\" sizes=\"auto, (max-width: 962px) 100vw, 962px\" \/><\/p><\/div>\n    <\/div>\n        <div tabindex=\"0\" role=\"tabpanel\" class=\"bde-tabs__panel js-panel\" id=\"tab-panel-bde-tabs-1162-108-3\" hidden=\"\" aria-labelledby=\"tab-bde-tabs-1162-108-3\">\n      <div class=\"bde-tabs__panel-content breakdance-rich-text-styles\"><p>3D(stp) dosyalar\u0131n\u0131 a\u015fa\u011f\u0131daki linklerden indirebilirsiniz\u2026<\/p>\n<table width=\"324\">\n<tbody>\n<tr>\n<td width=\"130\">Inline<\/td>\n<td width=\"64\">\u00a0<\/td>\n<td width=\"130\">Paralel<\/td>\n<\/tr>\n<tr>\n<td><a href=\"https:\/\/drive.google.com\/open?id=1wXkxFIhwpBRCSw4daTzTf6F6zDDsdTiT&amp;usp=drive_fs\" target=\"_blank\" rel=\"noopener\">IMTL.40.50.12.5.L<\/a><\/td>\n<td>\u00a0<\/td>\n<td><a href=\"https:\/\/drive.google.com\/open?id=1PInfRZn2o02mq9-tPBICkMfv1Xj5thcW&amp;usp=drive_fs\" target=\"_blank\" rel=\"noopener\">IMTL.40.100.12.5.G<\/a><\/td>\n<\/tr>\n<tr>\n<td><a href=\"https:\/\/drive.google.com\/open?id=1udgcVDsAp1PiNs3iCjR9YsHBbStkFt36&amp;usp=drive_fs\" target=\"_blank\" rel=\"noopener\">IMTL.40.100.12.5.L<\/a><\/td>\n<td>\u00a0<\/td>\n<td><a href=\"https:\/\/drive.google.com\/open?id=1PKbzQCysYAO-IjuobdVffztFzGPA5RBA&amp;usp=drive_fs\" target=\"_blank\" rel=\"noopener\">IMTL.40.150.12.5.G<\/a><\/td>\n<\/tr>\n<tr>\n<td><a href=\"https:\/\/drive.google.com\/open?id=1x7a5CaTYpNRGOjVh3XUlCgbefRqIIZkg&amp;usp=drive_fs\" target=\"_blank\" rel=\"noopener\">IMTL.40.160.12.5.L<\/a><\/td>\n<td>\u00a0<\/td>\n<td>\u00a0<\/td>\n<\/tr>\n<tr>\n<td><a href=\"https:\/\/drive.google.com\/open?id=1uu6BIK9h6oJZgFUUoeVlARSSpVCQdVHO&amp;usp=drive_fs\" target=\"_blank\" rel=\"noopener\">IMTL.40.200.12.5.L<\/a><\/td>\n<td>\u00a0<\/td>\n<td>\u00a0<\/td>\n<\/tr>\n<tr>\n<td><a href=\"https:\/\/drive.google.com\/open?id=1ullS0qkXt0LTSMOBkZJRW5phkb_5Enta&amp;usp=drive_fs\" target=\"_blank\" rel=\"noopener\">IMTL.40.250.12.5.L<\/a><\/td>\n<td>\u00a0<\/td>\n<td>\u00a0<\/td>\n<\/tr>\n<tr>\n<td><a href=\"https:\/\/drive.google.com\/open?id=1ueI6VZgC2CAKhpEUIzGbS6FCe7SUW0hU&amp;usp=drive_fs\" target=\"_blank\" rel=\"noopener\">IMTL.40.300.12.5.L<\/a><\/td>\n<td>\u00a0<\/td>\n<td>\u00a0<\/td>\n<\/tr>\n<tr>\n<td><a href=\"https:\/\/drive.google.com\/open?id=1uqetDFjuUSaYtVvIdl07wtAUvS8YJ4QK&amp;usp=drive_fs\" target=\"_blank\" rel=\"noopener\">IMTL.40.400.12.5.L<\/a><\/td>\n<td>\u00a0<\/td>\n<td>\u00a0<\/td>\n<\/tr>\n<tr>\n<td><a href=\"https:\/\/drive.google.com\/open?id=1uq5OLEjRMhufhDUcY_rjCDkNL5Bu6ahc&amp;usp=drive_fs\" target=\"_blank\" rel=\"noopener\">IMTL.40.500.12.5.L<\/a><\/td>\n<\/tr>\n<\/tbody>\n<\/table><\/div>\n    <\/div>\n        <div tabindex=\"0\" role=\"tabpanel\" class=\"bde-tabs__panel js-panel\" id=\"tab-panel-bde-tabs-1162-108-4\" hidden=\"\" aria-labelledby=\"tab-bde-tabs-1162-108-4\">\n      <div class=\"bde-tabs__panel-content breakdance-rich-text-styles\"><p><img loading=\"lazy\" decoding=\"async\" class=\"aligncenter size-full wp-image-1171\" src=\"https:\/\/ensude.com\/wp-content\/uploads\/2024\/07\/IMTL40-montaj.png\" alt=\"\" width=\"946\" height=\"785\" srcset=\"https:\/\/ensude.com\/wp-content\/uploads\/2024\/07\/IMTL40-montaj.png 946w, https:\/\/ensude.com\/wp-content\/uploads\/2024\/07\/IMTL40-montaj-640x531.png 640w, https:\/\/ensude.com\/wp-content\/uploads\/2024\/07\/IMTL40-montaj-768x637.png 768w, https:\/\/ensude.com\/wp-content\/uploads\/2024\/07\/IMTL40-montaj-600x498.png 600w\" sizes=\"auto, (max-width: 946px) 100vw, 946px\" \/><\/p><\/div>\n    <\/div>\n      <\/div>\n\n<\/div><\/div>\n<\/section><\/div>","protected":false},"excerpt":{"rendered":"<p>IMTL 40 Kompakt Elektrikli Silindir Makinelerinizi bir \u00fcst seviyeye ta\u015f\u0131mak i\u00e7in tasarlanan IMTL Serisi Kompakt Elektrikli Silindirlerimiz ile tan\u0131\u015f\u0131n. !! Pn\u00f6matik Silindirlerden Elektrikli Silindirlere D\u00f6n\u00fc\u015f\u00fcm\u00fc ekonomik fiyatlarla yapabilmeniz ve end\u00fcstriyel otomasyonun gereksinimlerini kar\u015f\u0131lamak i\u00e7in \u00f6zel olarak geli\u015ftirildi. Standart olarak ISO1552 pn\u00f6matik Silindir \u00f6l\u00e7\u00fclerinde \u00fcretilmekte olup, istenen h\u0131z ve kuvvete g\u00f6re, \u00e7ok say\u0131da farkl\u0131 step veya [&hellip;]<\/p>\n","protected":false},"author":1,"featured_media":0,"parent":0,"menu_order":0,"comment_status":"closed","ping_status":"closed","template":"","meta":{"_acf_changed":false,"_breakdance_hide_in_design_set":false,"_breakdance_tags":"","footnotes":""},"class_list":["post-1162","page","type-page","status-publish","hentry"],"acf":[],"_links":{"self":[{"href":"https:\/\/ensude.com\/index.php\/wp-json\/wp\/v2\/pages\/1162","targetHints":{"allow":["GET"]}}],"collection":[{"href":"https:\/\/ensude.com\/index.php\/wp-json\/wp\/v2\/pages"}],"about":[{"href":"https:\/\/ensude.com\/index.php\/wp-json\/wp\/v2\/types\/page"}],"author":[{"embeddable":true,"href":"https:\/\/ensude.com\/index.php\/wp-json\/wp\/v2\/users\/1"}],"replies":[{"embeddable":true,"href":"https:\/\/ensude.com\/index.php\/wp-json\/wp\/v2\/comments?post=1162"}],"version-history":[{"count":6,"href":"https:\/\/ensude.com\/index.php\/wp-json\/wp\/v2\/pages\/1162\/revisions"}],"predecessor-version":[{"id":3247,"href":"https:\/\/ensude.com\/index.php\/wp-json\/wp\/v2\/pages\/1162\/revisions\/3247"}],"wp:attachment":[{"href":"https:\/\/ensude.com\/index.php\/wp-json\/wp\/v2\/media?parent=1162"}],"curies":[{"name":"wp","href":"https:\/\/api.w.org\/{rel}","templated":true}]}}